{"id":776,"date":"2021-05-18T16:40:48","date_gmt":"2021-05-18T19:40:48","guid":{"rendered":"http:\/\/164.73.2.180\/?page_id=776"},"modified":"2024-10-25T11:41:13","modified_gmt":"2024-10-25T14:41:13","slug":"comite-academico","status":"publish","type":"page","link":"https:\/\/grupomontevideo.org\/site\/cooperacion-academica\/comite-academico\/","title":{"rendered":"Comit\u00e9s Acad\u00e9micos"},"content":{"rendered":"\n<p class=\"has-cyan-bluish-gray-color has-text-color has-medium-font-size\"><mark style=\"background-color:rgba(0, 0, 0, 0)\" class=\"has-inline-color has-black-color\">Son agrupamientos acad\u00e9mico t\u00e9cnicos concebidos para abordar, con enfoque multi e interdisciplinario, grandes configuraciones tem\u00e1ticas calificadas como estrat\u00e9gicas, por ser transversales y de car\u00e1cter regional m\u00e1s que nacional y que se componen mediante la oferta acad\u00e9mica cient\u00edfico t\u00e9cnica integrada de las Universidades del Grupo.<\/mark><\/p>\n\n\n\n<div class=\"wp-block-buttons is-content-justification-left is-layout-flex wp-container-core-buttons-is-layout-497c4cc1 wp-block-buttons-is-layout-flex\">\n<div class=\"wp-block-button has-custom-font-size is-style-outline has-medium-font-size is-style-outline--1\"><a class=\"wp-block-button__link has-vivid-red-color has-text-color wp-element-button\" href=\"http:\/\/grupomontevideo.org\/ndca\/caaccesibilidad\/\" style=\"border-radius:0px\" target=\"_blank\" rel=\"noreferrer noopener\">Accesibilidad y Discapacidad <\/a><\/div>\n\n\n\n<div class=\"wp-block-button has-custom-font-size is-style-outline has-medium-font-size is-style-outline--2\"><a class=\"wp-block-button__link has-vivid-red-color has-text-color wp-element-button\" href=\"http:\/\/grupomontevideo.org\/ndca\/caagroalimentario\/\" style=\"border-radius:0px\" target=\"_blank\" rel=\"noreferrer noopener\">Agroalimentario<\/a><\/div>\n\n\n\n<div class=\"wp-block-button has-custom-font-size is-style-outline has-medium-font-size is-style-outline--3\"><a class=\"wp-block-button__link has-vivid-red-color has-text-color wp-element-button\" href=\"http:\/\/grupomontevideo.org\/ndca\/caaguas\/\" style=\"border-radius:0px\" target=\"_blank\" rel=\"noreferrer noopener\">Aguas<\/a><\/div>\n\n\n\n<div class=\"wp-block-button has-custom-font-size is-style-outline has-medium-font-size is-style-outline--4\"><a class=\"wp-block-button__link has-vivid-red-color has-text-color wp-element-button\" href=\"http:\/\/grupomontevideo.org\/ndca\/caatencionprimaria\/\" style=\"border-radius:0px\" target=\"_blank\" rel=\"noreferrer noopener\">Atenci\u00f3n Primaria de la Salud<\/a><\/div>\n\n\n\n<div class=\"wp-block-button has-custom-font-size is-style-outline has-medium-font-size is-style-outline--5\"><a class=\"wp-block-button__link has-vivid-red-color has-text-color wp-element-button\" href=\"http:\/\/grupomontevideo.org\/ndca\/cacienciaspoliticasysociales\/\" style=\"border-radius:0px\" target=\"_blank\" rel=\"noreferrer noopener\">Ciencias Pol\u00edticas y Sociales<\/a><\/div>\n\n\n\n<div class=\"wp-block-button has-custom-font-size is-style-outline has-medium-font-size is-style-outline--6\"><a class=\"wp-block-button__link has-vivid-red-color has-text-color wp-element-button\" href=\"http:\/\/grupomontevideo.org\/ndca\/cadesarrollo\/\" style=\"border-radius:0px\" target=\"_blank\" rel=\"noreferrer noopener\">Desarrollo Regional<\/a><\/div>\n\n\n\n<div class=\"wp-block-button has-custom-font-size is-style-outline has-medium-font-size is-style-outline--7\"><a class=\"wp-block-button__link has-vivid-red-color has-text-color wp-element-button\" href=\"http:\/\/grupomontevideo.org\/ndca\/caenergia\/\" style=\"border-radius:0px\" target=\"_blank\" rel=\"noreferrer noopener\">Energ\u00eda<\/a><\/div>\n\n\n\n<div class=\"wp-block-button has-custom-font-size is-style-outline has-medium-font-size is-style-outline--8\"><a class=\"wp-block-button__link has-vivid-red-color has-text-color wp-element-button\" href=\"http:\/\/grupomontevideo.org\/ndca\/cagenero\/\" style=\"border-radius:0px\" target=\"_blank\" rel=\"noreferrer noopener\">G\u00e9nero<\/a><\/div>\n\n\n\n<div class=\"wp-block-button has-custom-font-size is-style-outline has-medium-font-size is-style-outline--9\"><a class=\"wp-block-button__link has-vivid-red-color has-text-color wp-element-button\" href=\"http:\/\/grupomontevideo.org\/ndca\/cahistoriaregionesyfronteras\/\" style=\"border-radius:0px\" target=\"_blank\" rel=\"noreferrer noopener\">Historia, Regiones y Fronteras<\/a><\/div>\n\n\n\n<div class=\"wp-block-button has-custom-font-size is-style-outline has-medium-font-size is-style-outline--10\"><a class=\"wp-block-button__link has-vivid-red-color has-text-color wp-element-button\" href=\"http:\/\/grupomontevideo.org\/ndca\/camedioambiente\/\" style=\"border-radius:0px\" target=\"_blank\" rel=\"noreferrer noopener\">Medio Ambiente<\/a><\/div>\n\n\n\n<div class=\"wp-block-button has-custom-font-size is-style-outline has-medium-font-size is-style-outline--11\"><a class=\"wp-block-button__link has-vivid-red-color has-text-color wp-element-button\" href=\"http:\/\/grupomontevideo.org\/ndca\/caprocesoscooperativos\/\" style=\"border-radius:0px\" target=\"_blank\" rel=\"noreferrer noopener\">Procesos Cooperativos y Asociativos<\/a><\/div>\n\n\n\n<div class=\"wp-block-button has-custom-font-size is-style-outline has-medium-font-size is-style-outline--12\"><a class=\"wp-block-button__link has-vivid-red-color has-white-background-color has-text-color has-background wp-element-button\" href=\"http:\/\/grupomontevideo.org\/ndca\/casaludanimal\/\" style=\"border-radius:0px\" target=\"_blank\" rel=\"noreferrer noopener\">Salud Animal<\/a><\/div>\n\n\n\n<div class=\"wp-block-button has-custom-font-size is-style-outline has-medium-font-size is-style-outline--13\"><a class=\"wp-block-button__link has-vivid-red-color has-white-background-color has-text-color has-background wp-element-button\" href=\"http:\/\/grupomontevideo.org\/ndca\/casaludhumana\/\" style=\"border-radius:0px\" target=\"_blank\" rel=\"noreferrer noopener\">Salud Humana<\/a><\/div>\n\n\n\n<div class=\"wp-block-button has-custom-font-size is-style-outline has-medium-font-size is-style-outline--14\"><a class=\"wp-block-button__link has-vivid-red-color has-white-background-color has-text-color has-background wp-element-button\" href=\"http:\/\/grupomontevideo.org\/ndca\/caturismo\/\" style=\"border-radius:0px\" target=\"_blank\" rel=\"noreferrer noopener\">Turismo<\/a><\/div>\n<\/div>\n\n\n\n<p><\/p>\n","protected":false},"excerpt":{"rendered":"<p>Son agrupamientos acad\u00e9mico t\u00e9cnicos concebidos para abordar, con enfoque multi e interdisciplinario, grandes configuraciones tem\u00e1ticas calificadas como estrat\u00e9gicas, por ser transversales y de car\u00e1cter regional m\u00e1s que nacional y que se componen mediante la oferta acad\u00e9mica cient\u00edfico t\u00e9cnica integrada de las Universidades del Grupo.<\/p>\n","protected":false},"author":1,"featured_media":0,"parent":601,"menu_order":0,"comment_status":"closed","ping_status":"closed","template":"","meta":{"footnotes":""},"class_list":["post-776","page","type-page","status-publish","hentry"],"wpmagazine_modules_lite_featured_media_urls":{"thumbnail":"","cvmm-medium":"","cvmm-medium-plus":"","cvmm-portrait":"","cvmm-medium-square":"","cvmm-large":"","cvmm-small":"","full":""},"categories_names":null,"comments_number":"0","_links":{"self":[{"href":"https:\/\/grupomontevideo.org\/site\/wp-json\/wp\/v2\/pages\/776","targetHints":{"allow":["GET"]}}],"collection":[{"href":"https:\/\/grupomontevideo.org\/site\/wp-json\/wp\/v2\/pages"}],"about":[{"href":"https:\/\/grupomontevideo.org\/site\/wp-json\/wp\/v2\/types\/page"}],"author":[{"embeddable":true,"href":"https:\/\/grupomontevideo.org\/site\/wp-json\/wp\/v2\/users\/1"}],"replies":[{"embeddable":true,"href":"https:\/\/grupomontevideo.org\/site\/wp-json\/wp\/v2\/comments?post=776"}],"version-history":[{"count":8,"href":"https:\/\/grupomontevideo.org\/site\/wp-json\/wp\/v2\/pages\/776\/revisions"}],"predecessor-version":[{"id":20169,"href":"https:\/\/grupomontevideo.org\/site\/wp-json\/wp\/v2\/pages\/776\/revisions\/20169"}],"up":[{"embeddable":true,"href":"https:\/\/grupomontevideo.org\/site\/wp-json\/wp\/v2\/pages\/601"}],"wp:attachment":[{"href":"https:\/\/grupomontevideo.org\/site\/wp-json\/wp\/v2\/media?parent=776"}],"curies":[{"name":"wp","href":"https:\/\/api.w.org\/{rel}","templated":true}]}}