{"id":17132,"date":"2023-03-29T11:00:12","date_gmt":"2023-03-29T14:00:12","guid":{"rendered":"http:\/\/grupomontevideo.org\/site\/?page_id=17132"},"modified":"2023-04-24T13:23:33","modified_gmt":"2023-04-24T16:23:33","slug":"catedras-augm","status":"publish","type":"page","link":"https:\/\/grupomontevideo.org\/site\/catedras-augm\/","title":{"rendered":"C\u00e1tedras AUGM"},"content":{"rendered":"\n<p><strong>Las C\u00e1tedras AUGM son:<\/strong><\/p>\n\n\n\n<p>\u2013 \u00c1mbitos de convergencia del saber de una materia o asunto, que re\u00fane miembros que en conjunto representan el m\u00e1s alto grado de dominio y conocimiento al respecto; y a la vez espacios de reflexi\u00f3n y de conexi\u00f3n entre acad\u00e9micos, investigadores, la sociedad civil, las comunidades locales y los responsables de formular pol\u00edticas p\u00fablicas.<\/p>\n\n\n\n<p>\u2013 Instrumentos para el desarrollo de las competencias de las universidades Miembro a trav\u00e9s del intercambio y el saber compartido, de conformidad con los principios de la cooperaci\u00f3n solidaria a fin de fortalecer la formaci\u00f3n, la investigaci\u00f3n y el intercambio universitario, brindando un marco para generar y compartir informaci\u00f3n en tem\u00e1ticas de car\u00e1cter estrat\u00e9gico y transversal, en las \u00e1reas y competencias que el Consejo de Rectores defina.<\/p>\n\n\n\n<hr class=\"wp-block-separator has-alpha-channel-opacity\"\/>\n\n\n\n<div class=\"wp-block-buttons is-layout-flex wp-block-buttons-is-layout-flex\">\n<div class=\"wp-block-button is-style-fill\"><a class=\"wp-block-button__link wp-element-button\" href=\"http:\/\/grupomontevideo.org\/cp\/cpcatedraderechoshumanos\/\" style=\"border-radius:0px\">C\u00e1tedra Derechos Humanos <\/a><\/div>\n<\/div>\n\n\n\n<hr class=\"wp-block-separator has-alpha-channel-opacity\"\/>\n\n\n\n<div class=\"wp-block-buttons is-layout-flex wp-block-buttons-is-layout-flex\">\n<div class=\"wp-block-button is-style-fill\"><a class=\"wp-block-button__link wp-element-button\" href=\"http:\/\/grupomontevideo.org\/cp\/cpcatedraguarani\/\" style=\"border-radius:0px\">C\u00e1tedra Guaran\u00ed <\/a><\/div>\n<\/div>\n\n\n\n<hr class=\"wp-block-separator has-alpha-channel-opacity\"\/>\n\n\n\n<div class=\"wp-block-buttons is-layout-flex wp-block-buttons-is-layout-flex\">\n<div class=\"wp-block-button is-style-fill\"><a class=\"wp-block-button__link wp-element-button\" style=\"border-radius:0px\">C\u00e1tedra Jorge Bovetto <\/a><\/div>\n<\/div>\n\n\n\n<hr class=\"wp-block-separator has-alpha-channel-opacity\"\/>\n\n\n\n<div class=\"wp-block-buttons is-layout-flex wp-block-buttons-is-layout-flex\"><\/div>\n","protected":false},"excerpt":{"rendered":"<p>Las C\u00e1tedras AUGM son: \u2013 \u00c1mbitos de convergencia del saber de una materia o asunto, que re\u00fane miembros que en conjunto representan el m\u00e1s alto grado de dominio y conocimiento al respecto; y a la vez espacios de reflexi\u00f3n y de conexi\u00f3n entre acad\u00e9micos, investigadores, la sociedad civil, las comunidades locales y los responsables de [&hellip;]<\/p>\n","protected":false},"author":3,"featured_media":0,"parent":0,"menu_order":0,"comment_status":"closed","ping_status":"closed","template":"","meta":{"footnotes":""},"class_list":["post-17132","page","type-page","status-publish","hentry"],"wpmagazine_modules_lite_featured_media_urls":{"thumbnail":"","cvmm-medium":"","cvmm-medium-plus":"","cvmm-portrait":"","cvmm-medium-square":"","cvmm-large":"","cvmm-small":"","full":""},"categories_names":null,"comments_number":"0","_links":{"self":[{"href":"https:\/\/grupomontevideo.org\/site\/wp-json\/wp\/v2\/pages\/17132","targetHints":{"allow":["GET"]}}],"collection":[{"href":"https:\/\/grupomontevideo.org\/site\/wp-json\/wp\/v2\/pages"}],"about":[{"href":"https:\/\/grupomontevideo.org\/site\/wp-json\/wp\/v2\/types\/page"}],"author":[{"embeddable":true,"href":"https:\/\/grupomontevideo.org\/site\/wp-json\/wp\/v2\/users\/3"}],"replies":[{"embeddable":true,"href":"https:\/\/grupomontevideo.org\/site\/wp-json\/wp\/v2\/comments?post=17132"}],"version-history":[{"count":4,"href":"https:\/\/grupomontevideo.org\/site\/wp-json\/wp\/v2\/pages\/17132\/revisions"}],"predecessor-version":[{"id":17332,"href":"https:\/\/grupomontevideo.org\/site\/wp-json\/wp\/v2\/pages\/17132\/revisions\/17332"}],"wp:attachment":[{"href":"https:\/\/grupomontevideo.org\/site\/wp-json\/wp\/v2\/media?parent=17132"}],"curies":[{"name":"wp","href":"https:\/\/api.w.org\/{rel}","templated":true}]}}

Cátedras AUGM

<p><strong>Las Cátedras AUGM son:</strong></p>



<p>– Ámbitos de convergencia del saber de una materia o asunto, que reúne miembros que en conjunto representan el más alto grado de dominio y conocimiento al respecto; y a la vez espacios de reflexión y de conexión entre académicos, investigadores, la sociedad civil, las comunidades locales y los responsables de formular políticas públicas.</p>



<p>– Instrumentos para el desarrollo de las competencias de las universidades Miembro a través del intercambio y el saber compartido, de conformidad con los principios de la cooperación solidaria a fin de fortalecer la formación, la investigación y el intercambio universitario, brindando un marco para generar y compartir información en temáticas de carácter estratégico y transversal, en las áreas y competencias que el Consejo de Rectores defina.</p>



<hr class="wp-block-separator has-alpha-channel-opacity"/>



<div class="wp-block-buttons is-layout-flex wp-block-buttons-is-layout-flex">
<div class="wp-block-button is-style-fill"><a class="wp-block-button__link wp-element-button" href="http://grupomontevideo.org/cp/cpcatedraderechoshumanos/" style="border-radius:0px">Cátedra Derechos Humanos </a></div>
</div>



<hr class="wp-block-separator has-alpha-channel-opacity"/>



<div class="wp-block-buttons is-layout-flex wp-block-buttons-is-layout-flex">
<div class="wp-block-button is-style-fill"><a class="wp-block-button__link wp-element-button" href="http://grupomontevideo.org/cp/cpcatedraguarani/" style="border-radius:0px">Cátedra Guaraní </a></div>
</div>



<hr class="wp-block-separator has-alpha-channel-opacity"/>



<div class="wp-block-buttons is-layout-flex wp-block-buttons-is-layout-flex">
<div class="wp-block-button is-style-fill"><a class="wp-block-button__link wp-element-button" style="border-radius:0px">Cátedra Jorge Bovetto </a></div>
</div>



<hr class="wp-block-separator has-alpha-channel-opacity"/>



<div class="wp-block-buttons is-layout-flex wp-block-buttons-is-layout-flex"></div>

<p>Las Cátedras AUGM son: – Ámbitos de convergencia del saber de una materia o asunto, que reúne miembros que en conjunto representan el más alto grado de dominio y conocimiento al respecto; y a la vez espacios de reflexión y de conexión entre académicos, investigadores, la sociedad civil, las comunidades locales y los responsables de [&hellip;]</p>
