{"id":15147,"date":"2015-11-26T15:27:28","date_gmt":"2015-11-26T15:27:28","guid":{"rendered":"http:\/\/192.168.0.100\/sitio\/?page_id=70"},"modified":"2015-11-26T15:27:28","modified_gmt":"2015-11-26T15:27:28","slug":"que-es-un-comite-academico","status":"publish","type":"page","link":"https:\/\/grupomontevideo.org\/site\/que-es-un-comite-academico\/","title":{"rendered":"\u00bfQu\u00e9 es un Comit\u00e9 Acad\u00e9mico?"},"content":{"rendered":"<p><strong>\u00bfQu\u00e9 es un Comit\u00e9 Acad\u00e9mico?<img decoding=\"async\" class=\"alignright wp-image-304\" src=\"https:\/\/grupomontevideo.org\/site\/wp-content\/uploads\/2015\/11\/FCTyA-147.jpg\" alt=\"FCTyA-147\" width=\"220\" height=\"165\" \/><\/strong><\/p>\n<p style=\"text-align: justify;\">Son agrupamientos acad\u00e9mico t\u00e9cnicos concebidos para abordar, con enfoque multi e interdisciplinario, grandes configuraciones tem\u00e1ticas calificadas como estrat\u00e9gicas, por ser transversales y de car\u00e1cter regional m\u00e1s que nacional y que se componen mediante la oferta acad\u00e9mica cient\u00edfico t\u00e9cnica integrada de las Universidades del Grupo.<\/p>\n<p style=\"text-align: justify;\">La Asociaci\u00f3n cuenta con los siguientes Comit\u00e9s Acad\u00e9micos:<\/p>\n<p><a href=\"http:\/\/grupomontevideo.org\/ndca\/caaccesibilidad\">Accesibilidad y Discapacidad<\/a><br \/>\n<a href=\"http:\/\/grupomontevideo.org\/ndca\/caagroalimentario\/\">Agroalimentario<\/a><br \/>\n<a href=\"http:\/\/grupomontevideo.org\/ndca\/caaguas\">Aguas<\/a><br \/>\n<a href=\"http:\/\/grupomontevideo.org\/ndca\/caatencionprimaria\">Atenci\u00f3n Primaria de la Salud<\/a><br \/>\n<a href=\"http:\/\/grupomontevideo.org\/ndca\/cacienciaspoliticasysociales\">Ciencias Pol\u00edticas y Sociales<\/a><br \/>\n<a href=\"http:\/\/grupomontevideo.org\/ndca\/cadesarrollo\">Desarrollo Regional<\/a><br \/>\n<a href=\"http:\/\/grupomontevideo.org\/ndca\/caenergia\">Energ\u00eda<\/a><br \/>\n<a href=\"http:\/\/grupomontevideo.org\/ndca\/cagenero\">G\u00e9nero<\/a><br \/>\n<a href=\"http:\/\/grupomontevideo.org\/ndca\/cahistoriaregionesyfronteras\">Historia, Regiones y Fronteras<\/a><br \/>\n<a href=\"http:\/\/grupomontevideo.org\/ndca\/camedioambiente\">Medio Ambiente<\/a><br \/>\n<a href=\"http:\/\/grupomontevideo.org\/ndca\/caprocesoscooperativos\">Procesos Cooperativos y Asociativos<\/a><br \/>\n<a href=\"http:\/\/grupomontevideo.org\/ndca\/casaludanimal\">Salud Animal<\/a><br \/>\n<a href=\"http:\/\/grupomontevideo.org\/ndca\/casaludhumana\">Salud Humana<\/a><br \/>\n&nbsp;<br \/>\n&nbsp;<br \/>\n&nbsp;<\/p>\n","protected":false},"excerpt":{"rendered":"<p>\u00bfQu\u00e9 es un Comit\u00e9 Acad\u00e9mico? Son agrupamientos acad\u00e9mico t\u00e9cnicos concebidos para abordar, con enfoque multi e interdisciplinario, grandes configuraciones tem\u00e1ticas calificadas como estrat\u00e9gicas, por ser transversales y de car\u00e1cter regional m\u00e1s que nacional y que se componen mediante la oferta acad\u00e9mica cient\u00edfico t\u00e9cnica integrada de las Universidades del Grupo. La Asociaci\u00f3n cuenta con los siguientes [&hellip;]<\/p>\n","protected":false},"author":1,"featured_media":304,"parent":0,"menu_order":0,"comment_status":"closed","ping_status":"closed","template":"plantilla_1.php","meta":{"footnotes":""},"class_list":["post-15147","page","type-page","status-publish","has-post-thumbnail","hentry"],"wpmagazine_modules_lite_featured_media_urls":{"thumbnail":["https:\/\/grupomontevideo.org\/site\/wp-content\/uploads\/2015\/11\/FCTyA-147.jpg",150,113,false],"cvmm-medium":["https:\/\/grupomontevideo.org\/site\/wp-content\/uploads\/2015\/11\/FCTyA-147.jpg",300,225,false],"cvmm-medium-plus":["https:\/\/grupomontevideo.org\/site\/wp-content\/uploads\/2015\/11\/FCTyA-147.jpg",276,207,false],"cvmm-portrait":["https:\/\/grupomontevideo.org\/site\/wp-content\/uploads\/2015\/11\/FCTyA-147.jpg",400,300,false],"cvmm-medium-square":["https:\/\/grupomontevideo.org\/site\/wp-content\/uploads\/2015\/11\/FCTyA-147.jpg",600,450,false],"cvmm-large":["https:\/\/grupomontevideo.org\/site\/wp-content\/uploads\/2015\/11\/FCTyA-147.jpg",1024,768,false],"cvmm-small":["https:\/\/grupomontevideo.org\/site\/wp-content\/uploads\/2015\/11\/FCTyA-147.jpg",127,95,false],"full":["https:\/\/grupomontevideo.org\/site\/wp-content\/uploads\/2015\/11\/FCTyA-147.jpg",1600,1200,false]},"categories_names":null,"comments_number":"0","_links":{"self":[{"href":"https:\/\/grupomontevideo.org\/site\/wp-json\/wp\/v2\/pages\/15147","targetHints":{"allow":["GET"]}}],"collection":[{"href":"https:\/\/grupomontevideo.org\/site\/wp-json\/wp\/v2\/pages"}],"about":[{"href":"https:\/\/grupomontevideo.org\/site\/wp-json\/wp\/v2\/types\/page"}],"author":[{"embeddable":true,"href":"https:\/\/grupomontevideo.org\/site\/wp-json\/wp\/v2\/users\/1"}],"replies":[{"embeddable":true,"href":"https:\/\/grupomontevideo.org\/site\/wp-json\/wp\/v2\/comments?post=15147"}],"version-history":[{"count":0,"href":"https:\/\/grupomontevideo.org\/site\/wp-json\/wp\/v2\/pages\/15147\/revisions"}],"wp:featuredmedia":[{"embeddable":true,"href":"https:\/\/grupomontevideo.org\/site\/wp-json\/wp\/v2\/media\/304"}],"wp:attachment":[{"href":"https:\/\/grupomontevideo.org\/site\/wp-json\/wp\/v2\/media?parent=15147"}],"curies":[{"name":"wp","href":"https:\/\/api.w.org\/{rel}","templated":true}]}}

¿Qué es un Comité Académico?

<p><strong>¿Qué es un Comité Académico?<img decoding="async" class="alignright wp-image-304" src="https://grupomontevideo.org/site/wp-content/uploads/2015/11/FCTyA-147.jpg" alt="FCTyA-147" width="220" height="165" /></strong></p>
<p style="text-align: justify;">Son agrupamientos académico técnicos concebidos para abordar, con enfoque multi e interdisciplinario, grandes configuraciones temáticas calificadas como estratégicas, por ser transversales y de carácter regional más que nacional y que se componen mediante la oferta académica científico técnica integrada de las Universidades del Grupo.</p>
<p style="text-align: justify;">La Asociación cuenta con los siguientes Comités Académicos:</p>
<p><a href="http://grupomontevideo.org/ndca/caaccesibilidad">Accesibilidad y Discapacidad</a><br />
<a href="http://grupomontevideo.org/ndca/caagroalimentario/">Agroalimentario</a><br />
<a href="http://grupomontevideo.org/ndca/caaguas">Aguas</a><br />
<a href="http://grupomontevideo.org/ndca/caatencionprimaria">Atención Primaria de la Salud</a><br />
<a href="http://grupomontevideo.org/ndca/cacienciaspoliticasysociales">Ciencias Políticas y Sociales</a><br />
<a href="http://grupomontevideo.org/ndca/cadesarrollo">Desarrollo Regional</a><br />
<a href="http://grupomontevideo.org/ndca/caenergia">Energía</a><br />
<a href="http://grupomontevideo.org/ndca/cagenero">Género</a><br />
<a href="http://grupomontevideo.org/ndca/cahistoriaregionesyfronteras">Historia, Regiones y Fronteras</a><br />
<a href="http://grupomontevideo.org/ndca/camedioambiente">Medio Ambiente</a><br />
<a href="http://grupomontevideo.org/ndca/caprocesoscooperativos">Procesos Cooperativos y Asociativos</a><br />
<a href="http://grupomontevideo.org/ndca/casaludanimal">Salud Animal</a><br />
<a href="http://grupomontevideo.org/ndca/casaludhumana">Salud Humana</a><br />
&nbsp;<br />
&nbsp;<br />
&nbsp;</p>

<p>¿Qué es un Comité Académico? Son agrupamientos académico técnicos concebidos para abordar, con enfoque multi e interdisciplinario, grandes configuraciones temáticas calificadas como estratégicas, por ser transversales y de carácter regional más que nacional y que se componen mediante la oferta académica científico técnica integrada de las Universidades del Grupo. La Asociación cuenta con los siguientes [&hellip;]</p>
