{"id":8277,"date":"2022-02-10T21:34:50","date_gmt":"2022-02-10T21:34:50","guid":{"rendered":"http:\/\/grupomontevideo.org\/reuniones\/?page_id=8277"},"modified":"2022-02-21T19:44:09","modified_gmt":"2022-02-21T19:44:09","slug":"programas-escala-22-de-febrero-de-2022","status":"publish","type":"page","link":"https:\/\/grupomontevideo.org\/reuniones\/?page_id=8277","title":{"rendered":"Programas ESCALA 22 de febrero  de 2022"},"content":{"rendered":"<p style=\"text-align: center;\"><span style=\"color: #000080;\"><strong>COMISI\u00d3N DE SEGUIMIENTO DE LOS PROGRAMAS ESCALA (CSE)<\/strong><\/span><\/p>\n<p style=\"text-align: center;\"><span style=\"color: #000000;\"><strong>Martes 22 de febrero \u2013 15.00hs (UY)\u00a0<\/strong><\/span><\/p>\n<p style=\"text-align: center;\"><strong><span style=\"color: #000000;\"><br \/>\nTEMARIO<\/span><\/strong><\/p>\n<p><span style=\"color: #000000;\"><br \/>\n<strong><span style=\"color: #000080;\">I. Bienvenida a los Participantes. Presentaci\u00f3n del Secretario Ejecutivo de AUGM,<br \/>\nProf. \u00c1lvaro Rico.<\/span><\/strong><\/span><\/p>\n<p><strong><span style=\"color: #000080;\">II. Orden del d\u00eda de la Reuni\u00f3n presencial de la CSE (8 de marzo de 10.00 a 12.00hs, Montevideo)<\/span><\/strong><\/p>\n<p><strong><span style=\"color: #000000;\"><br \/>\n<span style=\"color: #000080;\">1. Movilidad Virtual<\/span><\/span><\/strong><br \/>\n<span style=\"color: #000000;\"><span style=\"color: #000080;\"><strong>1.1.<\/strong>\u00a0<\/span> Resultados de la encuesta de seguimiento a los estudiantes seleccionados en las convocatorias 2021 de los Pilotos de movilidad virtual de estudiantes de grado y de estudiantes posgrado.<\/span><br \/>\n<span style=\"color: #000000;\"><span style=\"color: #000080;\"><strong>1.2.<\/strong>\u00a0<\/span> Resultados de la consulta a los responsables de la gesti\u00f3n de los Pilotos de movilidad virtual de AUGM durante las convocatorias 2021. <a href=\"https:\/\/grupomontevideo.org\/reuniones\/wp-content\/uploads\/2022\/02\/Informe-sobre-la-consulta-a-los-gestores-de-los-Pilotos-de-movilidad-virtual-2021.pdf\" target=\"_blank\" rel=\"noopener\">Distribuido 1.2<\/a><\/span><br \/>\n<span style=\"color: #000000;\"><span style=\"color: #000080;\"><strong>1.3.<\/strong>\u00a0<\/span> Normativa para la consolidaci\u00f3n del Programa ESCALA virtual de estudiantes de Grado (<a href=\"https:\/\/grupomontevideo.org\/reuniones\/wp-content\/uploads\/2022\/02\/Propuesta-borrador-pra-reglamento-ESCALA-Virtual-de-Grado.docx\" target=\"_blank\" rel=\"noopener\">Distribuido 1.3.a<\/a>) y del Programa ESCALA virtual de estudiantes de Posgrado (<a href=\"https:\/\/grupomontevideo.org\/reuniones\/wp-content\/uploads\/2022\/02\/Propuesta-borrador-pra-reglamento-ESCALA-Virtual-de-estudiantes-de-Posgrado.docx\" target=\"_blank\" rel=\"noopener\">Distribuido 1.3.b<\/a>).<\/span><br \/>\n<span style=\"color: #000000;\"><strong><span style=\"color: #000080;\">1.4.<\/span><\/strong>\u00a0 Informe de las convocatorias 2022-1 de los Pilotos de Movilidad Virtual de estudiantes de grado y de estudiantes de posgrado.<\/span><br \/>\n<span style=\"color: #000000;\"><strong><span style=\"color: #000080;\">1.5.\u00a0<\/span><\/strong> Cronograma de las convocatorias 2022-2 de los Programas ESCALA de movilidad virtual de grado (<a href=\"https:\/\/grupomontevideo.org\/reuniones\/wp-content\/uploads\/2022\/02\/Propuesta-de-cronograma-para-el-Piloto-de-movilidad-virtual-de-grado-2022-2.pdf\" target=\"_blank\" rel=\"noopener\">Distribuido 1.5.a<\/a>) y de posgrado (<a href=\"https:\/\/grupomontevideo.org\/reuniones\/wp-content\/uploads\/2022\/02\/Propuesta-de-Cronograma-para-el-Piloto-de-Movilidad-Virtual-2do-Llamado-2022.pdf\" target=\"_blank\" rel=\"noopener\">Distribuido 1.5.b<\/a>).<\/span><\/p>\n<p><span style=\"color: #000080;\"><strong><br \/>\n2. Movilidad Presencial <\/strong><\/span><br \/>\n<span style=\"color: #000000;\"><strong><span style=\"color: #000080;\">2.1.<\/span><\/strong>\u00a0 Oferta de plazas para las convocatorias 2022 de los Programas ESCALA informada por las Universidades. <a href=\"https:\/\/grupomontevideo.org\/reuniones\/wp-content\/uploads\/2022\/02\/Oferta-de-plazas-para-ESCALAS-2022-1.pdf\" target=\"_blank\" rel=\"noopener\">Distribuido 2.1<\/a><\/span><br \/>\n<span style=\"color: #000000;\"><strong><span style=\"color: #000080;\">2.2.\u00a0<\/span><\/strong> Cronogramas para las convocatorias 2022 de los Programas ESCALA de estudiante de grado (<a href=\"https:\/\/grupomontevideo.org\/reuniones\/wp-content\/uploads\/2022\/02\/PEEG-Propuesta-de-cronograma-2022-2.pdf\" target=\"_blank\" rel=\"noopener\">Distribuido 2.2.a<\/a>) ESCALA Docente (<a href=\"https:\/\/grupomontevideo.org\/reuniones\/wp-content\/uploads\/2022\/02\/PED-Propuesta-de-Cronograma-2022.pdf\" target=\"_blank\" rel=\"noopener\">Distribuido 2.2.b<\/a>), ESCALA de estudiantes de posgrado (<a href=\"https:\/\/grupomontevideo.org\/reuniones\/wp-content\/uploads\/2022\/02\/PEEPg-Propuesta-de-Cronograma-2022.pdf\" target=\"_blank\" rel=\"noopener\">Distribuido 2.2.c<\/a>) y ESCALA de Gestores y Administradores (<a href=\"https:\/\/grupomontevideo.org\/reuniones\/wp-content\/uploads\/2022\/02\/PEGyA-Propuesta-de-Cronograma-2022.pdf\" target=\"_blank\" rel=\"noopener\">Distribuido 2.2.d<\/a>).<\/span><br \/>\n<span style=\"color: #000000;\"><span style=\"color: #000080;\"><strong>2.3.<\/strong><\/span>\u00a0 Acuerdo de Plazas para el Programa ESCALA de estudiantes de Grado y ESCALA Docente.<\/span><\/p>\n<p><span style=\"color: #000000;\"><strong><br \/>\n<span style=\"color: #000080;\">3. Plataforma Inform\u00e1tica para los Programas ESCALA.\u00a0<\/span><\/strong><br \/>\nAvances en la presentaci\u00f3n del Proyecto.<br \/>\n<u>Nota<\/u>: Se adjunta Ayuda memoria de la II Reuni\u00f3n GT para la Plataforma Inform\u00e1tica de los ESCALA, 1 de diciembre de 2021 (<a href=\"https:\/\/grupomontevideo.org\/reuniones\/wp-content\/uploads\/2022\/02\/Ayuda-memoria-de-reunion-del-GT-para-la-plataforma-informatica-ESCALA-01.12.21.pdf\" target=\"_blank\" rel=\"noopener\">Distribuido 3a<\/a>) y Formulario para la presentaci\u00f3n de proyectos &#8211; Implementaci\u00f3n del Plan Estrat\u00e9gico 2020 &#8211; 2030 (<a href=\"https:\/\/grupomontevideo.org\/reuniones\/wp-content\/uploads\/2022\/02\/Plataforma-ESCALAS-Formulario-de-presentacion-de-Proyecto.pdf\" target=\"_blank\" rel=\"noopener\">Distribuido 3b<\/a>).<\/span><\/p>\n<p><span style=\"color: #000080;\"><strong><br \/>\n4. Tercer Encuentro del ciclo \u201cExperiencias Virtuales \u2013 Gestores y Gestoras 2021\u201d<\/strong>.<br \/>\n<span style=\"color: #000000;\">Definir fecha. <a href=\"https:\/\/grupomontevideo.org\/reuniones\/wp-content\/uploads\/2022\/02\/GT-de-Gestoras-Propuesta-para-3er-Taller.pdf\" target=\"_blank\" rel=\"noopener\">Distribuido 4<\/a><\/span><\/span><\/p>\n<hr \/>\n<p><strong><br \/>\n<span style=\"color: #000000;\">Documentos de la Reuni\u00f3n:<\/span><\/strong><\/p>\n<p><a href=\"https:\/\/grupomontevideo.org\/reuniones\/wp-content\/uploads\/2022\/02\/Ayuda-memoria-de-reunion-del-GT-para-la-plataforma-informatica-ESCALA-01.12.21.pdf\" target=\"_blank\" rel=\"noopener\">Ayuda memoria de la II Reuni\u00f3n GT para la Plataforma Inform\u00e1tica de los ESCALA &#8211; 1 de diciembre de 2021<\/a><\/p>\n<p><a href=\"https:\/\/grupomontevideo.org\/reuniones\/wp-content\/uploads\/2022\/02\/Oferta-de-plazas-para-ESCALAS-2022-1.pdf\" target=\"_blank\" rel=\"noopener\">Informe de Plazas para 2022<\/a><\/p>\n<p><a href=\"https:\/\/grupomontevideo.org\/reuniones\/wp-content\/uploads\/2022\/02\/Informe-sobre-la-consulta-a-los-gestores-de-los-Pilotos-de-movilidad-virtual-2021.pdf\" target=\"_blank\" rel=\"noopener\">Informe sobre la consulta a lo(a)s Responsables de la Gesti\u00f3n de los Pilotos de Movilidad Virtual de AUGM<\/a><\/p>\n<p><a href=\"https:\/\/grupomontevideo.org\/reuniones\/wp-content\/uploads\/2022\/02\/Propuesta-de-cronograma-para-el-Piloto-de-movilidad-virtual-de-grado-2022-2.pdf\" target=\"_blank\" rel=\"noopener\">Piloto de Movilidad Virtual para Estudiantes de Grado &#8211; Propuesta de Cronograma 2022-2 (para cursos que comienzan a partir de Julio de 2022)<\/a><\/p>\n<p><a href=\"https:\/\/grupomontevideo.org\/reuniones\/wp-content\/uploads\/2022\/02\/Propuesta-de-Cronograma-para-el-Piloto-de-Movilidad-Virtual-2do-Llamado-2022.pdf\" target=\"_blank\" rel=\"noopener\">Piloto de Movilidad Virtual para Estudiantes de Posgrado &#8211; Propuesta de Cronograma 2022 \u2013 Segundo Llamado (para cursos que comienzan a partir de Julio de 2022)<\/a><\/p>\n<p><a href=\"https:\/\/grupomontevideo.org\/reuniones\/wp-content\/uploads\/2022\/02\/Plataforma-ESCALAS-Formulario-de-presentacion-de-Proyecto.pdf\" target=\"_blank\" rel=\"noopener\">Plataforma ESCALAS &#8211; Formulario para la presentaci\u00f3n de proyectos &#8211; Implementaci\u00f3n del Plan Estrat\u00e9gico 2020 &#8211; 2030<\/a><\/p>\n<p><a href=\"https:\/\/grupomontevideo.org\/reuniones\/wp-content\/uploads\/2022\/02\/PED-Propuesta-de-Cronograma-2022.pdf\" target=\"_blank\" rel=\"noopener\">Programa ESCALA Docente (PED) &#8211; Propuesta de Cronograma 2022<\/a><\/p>\n<p><a href=\"https:\/\/grupomontevideo.org\/reuniones\/wp-content\/uploads\/2022\/02\/PEEG-Propuesta-de-cronograma-2022-2.pdf\" target=\"_blank\" rel=\"noopener\">Programa ESCALA de Estudiantes de Grado (PEEG) &#8211; Propuesta de Cronograma 2022-2<\/a><\/p>\n<p><a href=\"https:\/\/grupomontevideo.org\/reuniones\/wp-content\/uploads\/2022\/02\/PEEPg-Propuesta-de-Cronograma-2022.pdf\" target=\"_blank\" rel=\"noopener\">Programa ESCALA de Estudiantes de Posgrado (PEEPg) &#8211; Propuesta de Cronograma 2022<\/a><\/p>\n<p><a href=\"https:\/\/grupomontevideo.org\/reuniones\/wp-content\/uploads\/2022\/02\/PEGyA-Propuesta-de-Cronograma-2022.pdf\" target=\"_blank\" rel=\"noopener\">Programa ESCALA de Gestores y Administradores (PEGyA) &#8211; Propuesta de Cronograma 2022<\/a><\/p>\n<p><a href=\"https:\/\/grupomontevideo.org\/reuniones\/wp-content\/uploads\/2022\/02\/GT-de-Gestoras-Propuesta-para-3er-Taller.pdf\" target=\"_blank\" rel=\"noopener\">Propuesta para Tercer encuentro del Ciclo \u201cExperiencias Virtuales &#8211; Gestores y Gestoras 2021\u201d<\/a><\/p>\n<p>&nbsp;<\/p>\n","protected":false},"excerpt":{"rendered":"<p>COMISI\u00d3N DE SEGUIMIENTO DE LOS PROGRAMAS ESCALA (CSE) Martes 22 de febrero \u2013 15.00hs (UY)\u00a0 TEMARIO I. Bienvenida a los Participantes. Presentaci\u00f3n del Secretario Ejecutivo de AUGM, Prof. \u00c1lvaro Rico. II. Orden del d\u00eda de la Reuni\u00f3n presencial de la CSE (8 de marzo de 10.00 a 12.00hs, Montevideo) 1. Movilidad Virtual 1.1.\u00a0 Resultados de [&hellip;]<\/p>\n","protected":false},"author":1,"featured_media":0,"parent":6028,"menu_order":0,"comment_status":"closed","ping_status":"closed","template":"","meta":{"_crdt_document":"","_uag_custom_page_level_css":"","footnotes":""},"class_list":["post-8277","page","type-page","status-publish","hentry"],"uagb_featured_image_src":{"full":false,"thumbnail":false,"medium":false,"medium_large":false,"large":false,"1536x1536":false,"2048x2048":false},"uagb_author_info":{"display_name":"admin","author_link":"https:\/\/grupomontevideo.org\/reuniones\/?author=1"},"uagb_comment_info":0,"uagb_excerpt":"COMISI\u00d3N DE SEGUIMIENTO DE LOS PROGRAMAS ESCALA (CSE) Martes 22 de febrero \u2013 15.00hs (UY)\u00a0 TEMARIO I. Bienvenida a los Participantes. Presentaci\u00f3n del Secretario Ejecutivo de AUGM, Prof. \u00c1lvaro Rico. II. Orden del d\u00eda de la Reuni\u00f3n presencial de la CSE (8 de marzo de 10.00 a 12.00hs, Montevideo) 1. Movilidad Virtual 1.1.\u00a0 Resultados de&hellip;","_links":{"self":[{"href":"https:\/\/grupomontevideo.org\/reuniones\/index.php?rest_route=\/wp\/v2\/pages\/8277","targetHints":{"allow":["GET"]}}],"collection":[{"href":"https:\/\/grupomontevideo.org\/reuniones\/index.php?rest_route=\/wp\/v2\/pages"}],"about":[{"href":"https:\/\/grupomontevideo.org\/reuniones\/index.php?rest_route=\/wp\/v2\/types\/page"}],"author":[{"embeddable":true,"href":"https:\/\/grupomontevideo.org\/reuniones\/index.php?rest_route=\/wp\/v2\/users\/1"}],"replies":[{"embeddable":true,"href":"https:\/\/grupomontevideo.org\/reuniones\/index.php?rest_route=%2Fwp%2Fv2%2Fcomments&post=8277"}],"version-history":[{"count":45,"href":"https:\/\/grupomontevideo.org\/reuniones\/index.php?rest_route=\/wp\/v2\/pages\/8277\/revisions"}],"predecessor-version":[{"id":8352,"href":"https:\/\/grupomontevideo.org\/reuniones\/index.php?rest_route=\/wp\/v2\/pages\/8277\/revisions\/8352"}],"up":[{"embeddable":true,"href":"https:\/\/grupomontevideo.org\/reuniones\/index.php?rest_route=\/wp\/v2\/pages\/6028"}],"wp:attachment":[{"href":"https:\/\/grupomontevideo.org\/reuniones\/index.php?rest_route=%2Fwp%2Fv2%2Fmedia&parent=8277"}],"curies":[{"name":"wp","href":"https:\/\/api.w.org\/{rel}","templated":true}]}}

<p style="text-align: center;"><span style="color: #000080;"><strong>COMISIÓN DE SEGUIMIENTO DE LOS PROGRAMAS ESCALA (CSE)</strong></span></p>
<p style="text-align: center;"><span style="color: #000000;"><strong>Martes 22 de febrero – 15.00hs (UY) </strong></span></p>
<p style="text-align: center;"><strong><span style="color: #000000;"><br />
TEMARIO</span></strong></p>
<p><span style="color: #000000;"><br />
<strong><span style="color: #000080;">I. Bienvenida a los Participantes. Presentación del Secretario Ejecutivo de AUGM,<br />
Prof. Álvaro Rico.</span></strong></span></p>
<p><strong><span style="color: #000080;">II. Orden del día de la Reunión presencial de la CSE (8 de marzo de 10.00 a 12.00hs, Montevideo)</span></strong></p>
<p><strong><span style="color: #000000;"><br />
<span style="color: #000080;">1. Movilidad Virtual</span></span></strong><br />
<span style="color: #000000;"><span style="color: #000080;"><strong>1.1.</strong> </span> Resultados de la encuesta de seguimiento a los estudiantes seleccionados en las convocatorias 2021 de los Pilotos de movilidad virtual de estudiantes de grado y de estudiantes posgrado.</span><br />
<span style="color: #000000;"><span style="color: #000080;"><strong>1.2.</strong> </span> Resultados de la consulta a los responsables de la gestión de los Pilotos de movilidad virtual de AUGM durante las convocatorias 2021. <a href="https://grupomontevideo.org/reuniones/wp-content/uploads/2022/02/Informe-sobre-la-consulta-a-los-gestores-de-los-Pilotos-de-movilidad-virtual-2021.pdf" target="_blank" rel="noopener">Distribuido 1.2</a></span><br />
<span style="color: #000000;"><span style="color: #000080;"><strong>1.3.</strong> </span> Normativa para la consolidación del Programa ESCALA virtual de estudiantes de Grado (<a href="https://grupomontevideo.org/reuniones/wp-content/uploads/2022/02/Propuesta-borrador-pra-reglamento-ESCALA-Virtual-de-Grado.docx" target="_blank" rel="noopener">Distribuido 1.3.a</a>) y del Programa ESCALA virtual de estudiantes de Posgrado (<a href="https://grupomontevideo.org/reuniones/wp-content/uploads/2022/02/Propuesta-borrador-pra-reglamento-ESCALA-Virtual-de-estudiantes-de-Posgrado.docx" target="_blank" rel="noopener">Distribuido 1.3.b</a>).</span><br />
<span style="color: #000000;"><strong><span style="color: #000080;">1.4.</span></strong>  Informe de las convocatorias 2022-1 de los Pilotos de Movilidad Virtual de estudiantes de grado y de estudiantes de posgrado.</span><br />
<span style="color: #000000;"><strong><span style="color: #000080;">1.5. </span></strong> Cronograma de las convocatorias 2022-2 de los Programas ESCALA de movilidad virtual de grado (<a href="https://grupomontevideo.org/reuniones/wp-content/uploads/2022/02/Propuesta-de-cronograma-para-el-Piloto-de-movilidad-virtual-de-grado-2022-2.pdf" target="_blank" rel="noopener">Distribuido 1.5.a</a>) y de posgrado (<a href="https://grupomontevideo.org/reuniones/wp-content/uploads/2022/02/Propuesta-de-Cronograma-para-el-Piloto-de-Movilidad-Virtual-2do-Llamado-2022.pdf" target="_blank" rel="noopener">Distribuido 1.5.b</a>).</span></p>
<p><span style="color: #000080;"><strong><br />
2. Movilidad Presencial </strong></span><br />
<span style="color: #000000;"><strong><span style="color: #000080;">2.1.</span></strong>  Oferta de plazas para las convocatorias 2022 de los Programas ESCALA informada por las Universidades. <a href="https://grupomontevideo.org/reuniones/wp-content/uploads/2022/02/Oferta-de-plazas-para-ESCALAS-2022-1.pdf" target="_blank" rel="noopener">Distribuido 2.1</a></span><br />
<span style="color: #000000;"><strong><span style="color: #000080;">2.2. </span></strong> Cronogramas para las convocatorias 2022 de los Programas ESCALA de estudiante de grado (<a href="https://grupomontevideo.org/reuniones/wp-content/uploads/2022/02/PEEG-Propuesta-de-cronograma-2022-2.pdf" target="_blank" rel="noopener">Distribuido 2.2.a</a>) ESCALA Docente (<a href="https://grupomontevideo.org/reuniones/wp-content/uploads/2022/02/PED-Propuesta-de-Cronograma-2022.pdf" target="_blank" rel="noopener">Distribuido 2.2.b</a>), ESCALA de estudiantes de posgrado (<a href="https://grupomontevideo.org/reuniones/wp-content/uploads/2022/02/PEEPg-Propuesta-de-Cronograma-2022.pdf" target="_blank" rel="noopener">Distribuido 2.2.c</a>) y ESCALA de Gestores y Administradores (<a href="https://grupomontevideo.org/reuniones/wp-content/uploads/2022/02/PEGyA-Propuesta-de-Cronograma-2022.pdf" target="_blank" rel="noopener">Distribuido 2.2.d</a>).</span><br />
<span style="color: #000000;"><span style="color: #000080;"><strong>2.3.</strong></span>  Acuerdo de Plazas para el Programa ESCALA de estudiantes de Grado y ESCALA Docente.</span></p>
<p><span style="color: #000000;"><strong><br />
<span style="color: #000080;">3. Plataforma Informática para los Programas ESCALA. </span></strong><br />
Avances en la presentación del Proyecto.<br />
<u>Nota</u>: Se adjunta Ayuda memoria de la II Reunión GT para la Plataforma Informática de los ESCALA, 1 de diciembre de 2021 (<a href="https://grupomontevideo.org/reuniones/wp-content/uploads/2022/02/Ayuda-memoria-de-reunion-del-GT-para-la-plataforma-informatica-ESCALA-01.12.21.pdf" target="_blank" rel="noopener">Distribuido 3a</a>) y Formulario para la presentación de proyectos &#8211; Implementación del Plan Estratégico 2020 &#8211; 2030 (<a href="https://grupomontevideo.org/reuniones/wp-content/uploads/2022/02/Plataforma-ESCALAS-Formulario-de-presentacion-de-Proyecto.pdf" target="_blank" rel="noopener">Distribuido 3b</a>).</span></p>
<p><span style="color: #000080;"><strong><br />
4. Tercer Encuentro del ciclo “Experiencias Virtuales – Gestores y Gestoras 2021”</strong>.<br />
<span style="color: #000000;">Definir fecha. <a href="https://grupomontevideo.org/reuniones/wp-content/uploads/2022/02/GT-de-Gestoras-Propuesta-para-3er-Taller.pdf" target="_blank" rel="noopener">Distribuido 4</a></span></span></p>
<hr />
<p><strong><br />
<span style="color: #000000;">Documentos de la Reunión:</span></strong></p>
<p><a href="https://grupomontevideo.org/reuniones/wp-content/uploads/2022/02/Ayuda-memoria-de-reunion-del-GT-para-la-plataforma-informatica-ESCALA-01.12.21.pdf" target="_blank" rel="noopener">Ayuda memoria de la II Reunión GT para la Plataforma Informática de los ESCALA &#8211; 1 de diciembre de 2021</a></p>
<p><a href="https://grupomontevideo.org/reuniones/wp-content/uploads/2022/02/Oferta-de-plazas-para-ESCALAS-2022-1.pdf" target="_blank" rel="noopener">Informe de Plazas para 2022</a></p>
<p><a href="https://grupomontevideo.org/reuniones/wp-content/uploads/2022/02/Informe-sobre-la-consulta-a-los-gestores-de-los-Pilotos-de-movilidad-virtual-2021.pdf" target="_blank" rel="noopener">Informe sobre la consulta a lo(a)s Responsables de la Gestión de los Pilotos de Movilidad Virtual de AUGM</a></p>
<p><a href="https://grupomontevideo.org/reuniones/wp-content/uploads/2022/02/Propuesta-de-cronograma-para-el-Piloto-de-movilidad-virtual-de-grado-2022-2.pdf" target="_blank" rel="noopener">Piloto de Movilidad Virtual para Estudiantes de Grado &#8211; Propuesta de Cronograma 2022-2 (para cursos que comienzan a partir de Julio de 2022)</a></p>
<p><a href="https://grupomontevideo.org/reuniones/wp-content/uploads/2022/02/Propuesta-de-Cronograma-para-el-Piloto-de-Movilidad-Virtual-2do-Llamado-2022.pdf" target="_blank" rel="noopener">Piloto de Movilidad Virtual para Estudiantes de Posgrado &#8211; Propuesta de Cronograma 2022 – Segundo Llamado (para cursos que comienzan a partir de Julio de 2022)</a></p>
<p><a href="https://grupomontevideo.org/reuniones/wp-content/uploads/2022/02/Plataforma-ESCALAS-Formulario-de-presentacion-de-Proyecto.pdf" target="_blank" rel="noopener">Plataforma ESCALAS &#8211; Formulario para la presentación de proyectos &#8211; Implementación del Plan Estratégico 2020 &#8211; 2030</a></p>
<p><a href="https://grupomontevideo.org/reuniones/wp-content/uploads/2022/02/PED-Propuesta-de-Cronograma-2022.pdf" target="_blank" rel="noopener">Programa ESCALA Docente (PED) &#8211; Propuesta de Cronograma 2022</a></p>
<p><a href="https://grupomontevideo.org/reuniones/wp-content/uploads/2022/02/PEEG-Propuesta-de-cronograma-2022-2.pdf" target="_blank" rel="noopener">Programa ESCALA de Estudiantes de Grado (PEEG) &#8211; Propuesta de Cronograma 2022-2</a></p>
<p><a href="https://grupomontevideo.org/reuniones/wp-content/uploads/2022/02/PEEPg-Propuesta-de-Cronograma-2022.pdf" target="_blank" rel="noopener">Programa ESCALA de Estudiantes de Posgrado (PEEPg) &#8211; Propuesta de Cronograma 2022</a></p>
<p><a href="https://grupomontevideo.org/reuniones/wp-content/uploads/2022/02/PEGyA-Propuesta-de-Cronograma-2022.pdf" target="_blank" rel="noopener">Programa ESCALA de Gestores y Administradores (PEGyA) &#8211; Propuesta de Cronograma 2022</a></p>
<p><a href="https://grupomontevideo.org/reuniones/wp-content/uploads/2022/02/GT-de-Gestoras-Propuesta-para-3er-Taller.pdf" target="_blank" rel="noopener">Propuesta para Tercer encuentro del Ciclo “Experiencias Virtuales &#8211; Gestores y Gestoras 2021”</a></p>
<p>&nbsp;</p>

<p>COMISIÓN DE SEGUIMIENTO DE LOS PROGRAMAS ESCALA (CSE) Martes 22 de febrero – 15.00hs (UY)  TEMARIO I. Bienvenida a los Participantes. Presentación del Secretario Ejecutivo de AUGM, Prof. Álvaro Rico. II. Orden del día de la Reunión presencial de la CSE (8 de marzo de 10.00 a 12.00hs, Montevideo) 1. Movilidad Virtual 1.1.  Resultados de [&hellip;]</p>

COMISIÓN DE SEGUIMIENTO DE LOS PROGRAMAS ESCALA (CSE) Martes 22 de febrero – 15.00hs (UY)  TEMARIO I. Bienvenida a los Participantes. Presentación del Secretario Ejecutivo de AUGM, Prof. Álvaro Rico. II. Orden del día de la Reunión presencial de la CSE (8 de marzo de 10.00 a 12.00hs, Montevideo) 1. Movilidad Virtual 1.1.  Resultados de&hellip;
