{"id":7730,"date":"2021-08-02T12:21:17","date_gmt":"2021-08-02T12:21:17","guid":{"rendered":"http:\/\/grupomontevideo.org\/reuniones\/?page_id=7730"},"modified":"2021-08-03T17:18:37","modified_gmt":"2021-08-03T17:18:37","slug":"programas-escala-3-de-agosto-de-2021","status":"publish","type":"page","link":"https:\/\/grupomontevideo.org\/reuniones\/?page_id=7730","title":{"rendered":"Programas ESCALA 3 de agosto de 2021"},"content":{"rendered":"<p><strong><span style=\"color: #000000;\">COMISI\u00d3N DE SEGUIMIENTO DE LOS PROGRAMAS ESCALA<\/span><\/strong><\/p>\n<p><span style=\"color: #000000;\">Reuni\u00f3n Virtual Plataforma Zoom<\/span><\/p>\n<p><span style=\"color: #000080;\"><strong>Martes 3 de agosto de 2021<\/strong><br \/>\nHora 16.00 a 17.30 de Argentina, Brasil, Chile y Uruguay <\/span><br \/>\n<span style=\"color: #000080;\">Hora 15.00 a 16.30 de Bolivia y Paraguay<\/span><\/p>\n<p><strong><span style=\"color: #000000;\"><br \/>\nORDEN DEL D\u00cdA<\/span><\/strong><\/p>\n<p><strong><span style=\"color: #000000;\">1. Apertura de la Reuni\u00f3n virtual de la Comisi\u00f3n de seguimiento de los Programas ESCALA, a cargo de Secretaria Ejecutiva.<\/span><\/strong><\/p>\n<p><strong><span style=\"color: #000000;\">2. Piloto de movilidad virtual de estudiantes de posgrado.<\/span><\/strong><br \/>\n<span style=\"color: #000000;\">Informe sobre la conformaci\u00f3n de la oferta acad\u00e9mica para el segundo llamado 2021<\/span><br \/>\n<em><span style=\"color: #000000;\">&#8211; Secretar\u00eda Ejecutiva informar\u00e1 en Sala.<\/span><\/em><\/p>\n<p><strong><span style=\"color: #000000;\">3. Convocatorias para movilidad virtual de grado y de posgrado 2022.<\/span><\/strong><br \/>\n<em><span style=\"color: #000000;\">Ver <a href=\"https:\/\/grupomontevideo.org\/reuniones\/wp-content\/uploads\/2021\/08\/Cronogramas-para-Pilotos-de-movilidad-virtual-de-estudiantes-de-grado-y-de-estudiantes-de-posgrado.pdf\" target=\"_blank\" rel=\"noopener\">Cronogramas<\/a><\/span><\/em><br \/>\n<em><span style=\"color: #000000;\">Conformaci\u00f3n de la oferta acad\u00e9mica.<\/span><\/em><\/p>\n<p><strong><span style=\"color: #000000;\">4. Desarrollo de plataforma inform\u00e1tica para los Programas ESCALA. <\/span><\/strong><br \/>\n<em><span style=\"color: #000000;\">&#8211; Secretar\u00eda Ejecutiva informar\u00e1 en Sala. Ver <a href=\"https:\/\/grupomontevideo.org\/reuniones\/wp-content\/uploads\/2021\/08\/Propuesta-de-informatizacion-de-la-gestion-de-los-ESCALA.pdf\" target=\"_blank\" rel=\"noopener\">propuesta<\/a><\/span><\/em><br \/>\n<span style=\"color: #000000;\">4.1. Propuesta de UCHILE de plataforma inform\u00e1tica para acuerdo de plazas.<\/span><\/p>\n<p><strong><span style=\"color: #000000;\">5.<\/span> <a href=\"https:\/\/grupomontevideo.org\/reuniones\/wp-content\/uploads\/2021\/08\/PROPUESTA-DE-CONSOLIDACION-DE-LOS-PILOTOS-DE-MOVILIDAD-VIRTUAL-DE-AUGM.pdf\">Propuesta de consolidaci\u00f3n de los pilotos de movilidad virtual de AUGM<\/a><\/strong><\/p>\n","protected":false},"excerpt":{"rendered":"<p>COMISI\u00d3N DE SEGUIMIENTO DE LOS PROGRAMAS ESCALA Reuni\u00f3n Virtual Plataforma Zoom Martes 3 de agosto de 2021 Hora 16.00 a 17.30 de Argentina, Brasil, Chile y Uruguay Hora 15.00 a 16.30 de Bolivia y Paraguay ORDEN DEL D\u00cdA 1. Apertura de la Reuni\u00f3n virtual de la Comisi\u00f3n de seguimiento de los Programas ESCALA, a cargo [&hellip;]<\/p>\n","protected":false},"author":1,"featured_media":0,"parent":6028,"menu_order":0,"comment_status":"closed","ping_status":"closed","template":"","meta":{"_crdt_document":"","_uag_custom_page_level_css":"","footnotes":""},"class_list":["post-7730","page","type-page","status-publish","hentry"],"uagb_featured_image_src":{"full":false,"thumbnail":false,"medium":false,"medium_large":false,"large":false,"1536x1536":false,"2048x2048":false},"uagb_author_info":{"display_name":"admin","author_link":"https:\/\/grupomontevideo.org\/reuniones\/?author=1"},"uagb_comment_info":0,"uagb_excerpt":"COMISI\u00d3N DE SEGUIMIENTO DE LOS PROGRAMAS ESCALA Reuni\u00f3n Virtual Plataforma Zoom Martes 3 de agosto de 2021 Hora 16.00 a 17.30 de Argentina, Brasil, Chile y Uruguay Hora 15.00 a 16.30 de Bolivia y Paraguay ORDEN DEL D\u00cdA 1. Apertura de la Reuni\u00f3n virtual de la Comisi\u00f3n de seguimiento de los Programas ESCALA, a cargo&hellip;","_links":{"self":[{"href":"https:\/\/grupomontevideo.org\/reuniones\/index.php?rest_route=\/wp\/v2\/pages\/7730","targetHints":{"allow":["GET"]}}],"collection":[{"href":"https:\/\/grupomontevideo.org\/reuniones\/index.php?rest_route=\/wp\/v2\/pages"}],"about":[{"href":"https:\/\/grupomontevideo.org\/reuniones\/index.php?rest_route=\/wp\/v2\/types\/page"}],"author":[{"embeddable":true,"href":"https:\/\/grupomontevideo.org\/reuniones\/index.php?rest_route=\/wp\/v2\/users\/1"}],"replies":[{"embeddable":true,"href":"https:\/\/grupomontevideo.org\/reuniones\/index.php?rest_route=%2Fwp%2Fv2%2Fcomments&post=7730"}],"version-history":[{"count":9,"href":"https:\/\/grupomontevideo.org\/reuniones\/index.php?rest_route=\/wp\/v2\/pages\/7730\/revisions"}],"predecessor-version":[{"id":7752,"href":"https:\/\/grupomontevideo.org\/reuniones\/index.php?rest_route=\/wp\/v2\/pages\/7730\/revisions\/7752"}],"up":[{"embeddable":true,"href":"https:\/\/grupomontevideo.org\/reuniones\/index.php?rest_route=\/wp\/v2\/pages\/6028"}],"wp:attachment":[{"href":"https:\/\/grupomontevideo.org\/reuniones\/index.php?rest_route=%2Fwp%2Fv2%2Fmedia&parent=7730"}],"curies":[{"name":"wp","href":"https:\/\/api.w.org\/{rel}","templated":true}]}}

<p><strong><span style="color: #000000;">COMISIÓN DE SEGUIMIENTO DE LOS PROGRAMAS ESCALA</span></strong></p>
<p><span style="color: #000000;">Reunión Virtual Plataforma Zoom</span></p>
<p><span style="color: #000080;"><strong>Martes 3 de agosto de 2021</strong><br />
Hora 16.00 a 17.30 de Argentina, Brasil, Chile y Uruguay </span><br />
<span style="color: #000080;">Hora 15.00 a 16.30 de Bolivia y Paraguay</span></p>
<p><strong><span style="color: #000000;"><br />
ORDEN DEL DÍA</span></strong></p>
<p><strong><span style="color: #000000;">1. Apertura de la Reunión virtual de la Comisión de seguimiento de los Programas ESCALA, a cargo de Secretaria Ejecutiva.</span></strong></p>
<p><strong><span style="color: #000000;">2. Piloto de movilidad virtual de estudiantes de posgrado.</span></strong><br />
<span style="color: #000000;">Informe sobre la conformación de la oferta académica para el segundo llamado 2021</span><br />
<em><span style="color: #000000;">&#8211; Secretaría Ejecutiva informará en Sala.</span></em></p>
<p><strong><span style="color: #000000;">3. Convocatorias para movilidad virtual de grado y de posgrado 2022.</span></strong><br />
<em><span style="color: #000000;">Ver <a href="https://grupomontevideo.org/reuniones/wp-content/uploads/2021/08/Cronogramas-para-Pilotos-de-movilidad-virtual-de-estudiantes-de-grado-y-de-estudiantes-de-posgrado.pdf" target="_blank" rel="noopener">Cronogramas</a></span></em><br />
<em><span style="color: #000000;">Conformación de la oferta académica.</span></em></p>
<p><strong><span style="color: #000000;">4. Desarrollo de plataforma informática para los Programas ESCALA. </span></strong><br />
<em><span style="color: #000000;">&#8211; Secretaría Ejecutiva informará en Sala. Ver <a href="https://grupomontevideo.org/reuniones/wp-content/uploads/2021/08/Propuesta-de-informatizacion-de-la-gestion-de-los-ESCALA.pdf" target="_blank" rel="noopener">propuesta</a></span></em><br />
<span style="color: #000000;">4.1. Propuesta de UCHILE de plataforma informática para acuerdo de plazas.</span></p>
<p><strong><span style="color: #000000;">5.</span> <a href="https://grupomontevideo.org/reuniones/wp-content/uploads/2021/08/PROPUESTA-DE-CONSOLIDACION-DE-LOS-PILOTOS-DE-MOVILIDAD-VIRTUAL-DE-AUGM.pdf">Propuesta de consolidación de los pilotos de movilidad virtual de AUGM</a></strong></p>

<p>COMISIÓN DE SEGUIMIENTO DE LOS PROGRAMAS ESCALA Reunión Virtual Plataforma Zoom Martes 3 de agosto de 2021 Hora 16.00 a 17.30 de Argentina, Brasil, Chile y Uruguay Hora 15.00 a 16.30 de Bolivia y Paraguay ORDEN DEL DÍA 1. Apertura de la Reunión virtual de la Comisión de seguimiento de los Programas ESCALA, a cargo [&hellip;]</p>

COMISIÓN DE SEGUIMIENTO DE LOS PROGRAMAS ESCALA Reunión Virtual Plataforma Zoom Martes 3 de agosto de 2021 Hora 16.00 a 17.30 de Argentina, Brasil, Chile y Uruguay Hora 15.00 a 16.30 de Bolivia y Paraguay ORDEN DEL DÍA 1. Apertura de la Reunión virtual de la Comisión de seguimiento de los Programas ESCALA, a cargo&hellip;
