{"id":6441,"date":"2020-07-30T15:13:39","date_gmt":"2020-07-30T15:13:39","guid":{"rendered":"http:\/\/grupomontevideo.org\/reuniones\/?page_id=6441"},"modified":"2020-07-30T15:26:21","modified_gmt":"2020-07-30T15:26:21","slug":"programas-escala-30-de-julio-de-2020","status":"publish","type":"page","link":"https:\/\/grupomontevideo.org\/reuniones\/?page_id=6441","title":{"rendered":"Programas ESCALA 30 de julio de 2020"},"content":{"rendered":"<p><strong><span style=\"color: #000000;\">COMISI\u00d3N DE SEGUIMIENTO DE LOS PROGRAMAS ESCALA<\/span><\/strong><br \/>\n<span style=\"color: #ff0000;\">30 de JULIO de 2020<br \/>\n16.15 horas de Argentina, Brasil y Uruguay \u2013 15.15 horas de Bolivia, Chile y Paraguay<\/span><\/p>\n<p><span style=\"color: #000000;\">Reuni\u00f3n Virtual Plataforma Zoom<\/span><\/p>\n<p><strong><span style=\"color: #000000;\"><br \/>\nTEMARIO<\/span><\/strong><\/p>\n<p><span style=\"color: #000080;\"><strong>1. Acta\u2013Memoria de la reuni\u00f3n de la Comisi\u00f3n Seguimiento ESCALA del 11.06.2020.<\/strong><\/span><\/p>\n<p><span style=\"color: #000000;\"><u>Nota<\/u>: Se distribuye Acta Memoria (<a href=\"https:\/\/grupomontevideo.org\/reuniones\/wp-content\/uploads\/2020\/07\/DISTRIBUIDO-1.pdf\" target=\"_blank\" rel=\"noopener noreferrer\"><strong>DIST. 1<\/strong><\/a>)<\/span><\/p>\n<p><strong><span style=\"color: #000000;\">Tomar conocimiento.<\/span><\/strong><\/p>\n<p><strong><span style=\"color: #000080;\"><br \/>\n2. Grupo de Trabajo para implementaci\u00f3n del Plan Estrat\u00e9gico en Eje I: Integraci\u00f3n Acad\u00e9mica Regional.<\/span><\/strong><\/p>\n<p><span style=\"color: #000000;\"><u>Nota<\/u>: Se distribuye cuadro EXCEL con Ejes, Objetivos, Metas e Indicadores. (<strong><a href=\"https:\/\/grupomontevideo.org\/reuniones\/wp-content\/uploads\/2020\/07\/DISTRIBUIDO-2.xlsx\" target=\"_blank\" rel=\"noopener noreferrer\">DIST. 2<\/a><\/strong>)<\/span><\/p>\n<p><span style=\"color: #000000;\"><span style=\"color: #ff0000;\">Secretario Ejecutivo informar\u00e1 en Sala.<\/span><\/span><\/p>\n<p><strong><span style=\"color: #000000;\">A consideraci\u00f3n de la Comisi\u00f3n.<\/span><\/strong><\/p>\n<p><span style=\"color: #000080;\"><strong><br \/>\n3. Propuesta al plenario del Grupo de Delegados Asesores sobre movilidades pendientes de los Programas ESCALA: de Estudiantes de Posgrado, de Docentes y de Gestores y Administradores.<\/strong><\/span><\/p>\n<p><em><span style=\"color: #000000;\">Antecedentes. <a href=\"https:\/\/grupomontevideo.org\/reuniones\/wp-content\/uploads\/2020\/07\/ACUERDO-4-DA-3.2020.pdf\" target=\"_blank\" rel=\"noopener noreferrer\">Acuerdo n\u00b0 4 de la reuni\u00f3n virtual 4\/2020 de 18.06.20<\/a><\/span><\/em><\/p>\n<p style=\"padding-left: 40px;\"><em><span style=\"color: #000000;\">En los PEEPG, PED y PEGyA.<\/span><\/em><br \/>\n<em><span style=\"color: #000000;\">Mantener la suspensi\u00f3n de las movilidades (prevista en el Comunicado del 20 de marzo) hasta finales de julio, fecha en la que la Comisi\u00f3n de Seguimiento de los Programas ESCALA que funciona en la \u00f3rbita del GDA, considerar\u00e1 la posibilidad de ejecutar las movilidades acordadas durante el segundo semestre 2020 y las condiciones para hacerlas efectivas, formalizando una propuesta al GDA al respecto.<\/span><\/em><\/p>\n<p><strong><span style=\"color: #000000;\">A consideraci\u00f3n de la Comisi\u00f3n.<\/span><\/strong><\/p>\n<p><span style=\"color: #000080;\"><strong><br \/>\n4. Programas ESCALA convocatoria 2021. Propuesta para el plenario del Grupo de Delegados Asesores.<\/strong><\/span><\/p>\n<p><strong><span style=\"color: #000000;\">A consideraci\u00f3n de la Comisi\u00f3n.<\/span><\/strong><\/p>\n<p><span style=\"color: #000000;\"><br \/>\n<span style=\"color: #000080;\"><strong>5. Propuesta de intercambio virtual para el Programa ESCALA de Gestores y Administradores.<\/strong><\/span><\/span><\/p>\n<p><em><span style=\"color: #000000;\">Antecedentes. Acuerdo n\u00b0 4 c. III) de Reuni\u00f3n virtual 3\/2020 Grupo de Delegados Asesores de 18\/06\/20.<\/span><\/em><\/p>\n<p style=\"padding-left: 40px;\"><em><span style=\"color: #000000;\">Adoptar la propuesta de realizar una actividad virtual en el marco del PEGyA, cuyo producto final sea un Manual de Buenas Pr\u00e1cticas, que recopile las experiencias en la gesti\u00f3n de los Programas ESCALA durante la crisis sanitaria, para lo cual se dise\u00f1ar\u00e1 un plan de trabajo que permita avanzar en la experiencia.<\/span><\/em><\/p>\n<p><span style=\"color: #000000;\"><u>Nota<\/u>: Se presentar\u00e1 propuesta en Sala. <\/span><\/p>\n<p><strong><span style=\"color: #000000;\">A consideraci\u00f3n de la Comisi\u00f3n.<\/span><\/strong><\/p>\n<p><span style=\"color: #000080;\"><strong><br \/>\n6. Planteamientos de los integrantes de la Comisi\u00f3n.<\/strong><\/span><\/p>\n<p><span style=\"color: #000080;\"><strong>7. Pr\u00f3xima reuni\u00f3n virtual y cierre.<\/strong><\/span><\/p>\n","protected":false},"excerpt":{"rendered":"<p>COMISI\u00d3N DE SEGUIMIENTO DE LOS PROGRAMAS ESCALA 30 de JULIO de 2020 16.15 horas de Argentina, Brasil y Uruguay \u2013 15.15 horas de Bolivia, Chile y Paraguay Reuni\u00f3n Virtual Plataforma Zoom TEMARIO 1. Acta\u2013Memoria de la reuni\u00f3n de la Comisi\u00f3n Seguimiento ESCALA del 11.06.2020. Nota: Se distribuye Acta Memoria (DIST. 1) Tomar conocimiento. 2. Grupo [&hellip;]<\/p>\n","protected":false},"author":1,"featured_media":0,"parent":6028,"menu_order":0,"comment_status":"closed","ping_status":"closed","template":"","meta":{"_crdt_document":"","_uag_custom_page_level_css":"","footnotes":""},"class_list":["post-6441","page","type-page","status-publish","hentry"],"uagb_featured_image_src":{"full":false,"thumbnail":false,"medium":false,"medium_large":false,"large":false,"1536x1536":false,"2048x2048":false},"uagb_author_info":{"display_name":"admin","author_link":"https:\/\/grupomontevideo.org\/reuniones\/?author=1"},"uagb_comment_info":0,"uagb_excerpt":"COMISI\u00d3N DE SEGUIMIENTO DE LOS PROGRAMAS ESCALA 30 de JULIO de 2020 16.15 horas de Argentina, Brasil y Uruguay \u2013 15.15 horas de Bolivia, Chile y Paraguay Reuni\u00f3n Virtual Plataforma Zoom TEMARIO 1. Acta\u2013Memoria de la reuni\u00f3n de la Comisi\u00f3n Seguimiento ESCALA del 11.06.2020. Nota: Se distribuye Acta Memoria (DIST. 1) Tomar conocimiento. 2. Grupo&hellip;","_links":{"self":[{"href":"https:\/\/grupomontevideo.org\/reuniones\/index.php?rest_route=\/wp\/v2\/pages\/6441","targetHints":{"allow":["GET"]}}],"collection":[{"href":"https:\/\/grupomontevideo.org\/reuniones\/index.php?rest_route=\/wp\/v2\/pages"}],"about":[{"href":"https:\/\/grupomontevideo.org\/reuniones\/index.php?rest_route=\/wp\/v2\/types\/page"}],"author":[{"embeddable":true,"href":"https:\/\/grupomontevideo.org\/reuniones\/index.php?rest_route=\/wp\/v2\/users\/1"}],"replies":[{"embeddable":true,"href":"https:\/\/grupomontevideo.org\/reuniones\/index.php?rest_route=%2Fwp%2Fv2%2Fcomments&post=6441"}],"version-history":[{"count":7,"href":"https:\/\/grupomontevideo.org\/reuniones\/index.php?rest_route=\/wp\/v2\/pages\/6441\/revisions"}],"predecessor-version":[{"id":6453,"href":"https:\/\/grupomontevideo.org\/reuniones\/index.php?rest_route=\/wp\/v2\/pages\/6441\/revisions\/6453"}],"up":[{"embeddable":true,"href":"https:\/\/grupomontevideo.org\/reuniones\/index.php?rest_route=\/wp\/v2\/pages\/6028"}],"wp:attachment":[{"href":"https:\/\/grupomontevideo.org\/reuniones\/index.php?rest_route=%2Fwp%2Fv2%2Fmedia&parent=6441"}],"curies":[{"name":"wp","href":"https:\/\/api.w.org\/{rel}","templated":true}]}}

<p><strong><span style="color: #000000;">COMISIÓN DE SEGUIMIENTO DE LOS PROGRAMAS ESCALA</span></strong><br />
<span style="color: #ff0000;">30 de JULIO de 2020<br />
16.15 horas de Argentina, Brasil y Uruguay – 15.15 horas de Bolivia, Chile y Paraguay</span></p>
<p><span style="color: #000000;">Reunión Virtual Plataforma Zoom</span></p>
<p><strong><span style="color: #000000;"><br />
TEMARIO</span></strong></p>
<p><span style="color: #000080;"><strong>1. Acta–Memoria de la reunión de la Comisión Seguimiento ESCALA del 11.06.2020.</strong></span></p>
<p><span style="color: #000000;"><u>Nota</u>: Se distribuye Acta Memoria (<a href="https://grupomontevideo.org/reuniones/wp-content/uploads/2020/07/DISTRIBUIDO-1.pdf" target="_blank" rel="noopener noreferrer"><strong>DIST. 1</strong></a>)</span></p>
<p><strong><span style="color: #000000;">Tomar conocimiento.</span></strong></p>
<p><strong><span style="color: #000080;"><br />
2. Grupo de Trabajo para implementación del Plan Estratégico en Eje I: Integración Académica Regional.</span></strong></p>
<p><span style="color: #000000;"><u>Nota</u>: Se distribuye cuadro EXCEL con Ejes, Objetivos, Metas e Indicadores. (<strong><a href="https://grupomontevideo.org/reuniones/wp-content/uploads/2020/07/DISTRIBUIDO-2.xlsx" target="_blank" rel="noopener noreferrer">DIST. 2</a></strong>)</span></p>
<p><span style="color: #000000;"><span style="color: #ff0000;">Secretario Ejecutivo informará en Sala.</span></span></p>
<p><strong><span style="color: #000000;">A consideración de la Comisión.</span></strong></p>
<p><span style="color: #000080;"><strong><br />
3. Propuesta al plenario del Grupo de Delegados Asesores sobre movilidades pendientes de los Programas ESCALA: de Estudiantes de Posgrado, de Docentes y de Gestores y Administradores.</strong></span></p>
<p><em><span style="color: #000000;">Antecedentes. <a href="https://grupomontevideo.org/reuniones/wp-content/uploads/2020/07/ACUERDO-4-DA-3.2020.pdf" target="_blank" rel="noopener noreferrer">Acuerdo n° 4 de la reunión virtual 4/2020 de 18.06.20</a></span></em></p>
<p style="padding-left: 40px;"><em><span style="color: #000000;">En los PEEPG, PED y PEGyA.</span></em><br />
<em><span style="color: #000000;">Mantener la suspensión de las movilidades (prevista en el Comunicado del 20 de marzo) hasta finales de julio, fecha en la que la Comisión de Seguimiento de los Programas ESCALA que funciona en la órbita del GDA, considerará la posibilidad de ejecutar las movilidades acordadas durante el segundo semestre 2020 y las condiciones para hacerlas efectivas, formalizando una propuesta al GDA al respecto.</span></em></p>
<p><strong><span style="color: #000000;">A consideración de la Comisión.</span></strong></p>
<p><span style="color: #000080;"><strong><br />
4. Programas ESCALA convocatoria 2021. Propuesta para el plenario del Grupo de Delegados Asesores.</strong></span></p>
<p><strong><span style="color: #000000;">A consideración de la Comisión.</span></strong></p>
<p><span style="color: #000000;"><br />
<span style="color: #000080;"><strong>5. Propuesta de intercambio virtual para el Programa ESCALA de Gestores y Administradores.</strong></span></span></p>
<p><em><span style="color: #000000;">Antecedentes. Acuerdo n° 4 c. III) de Reunión virtual 3/2020 Grupo de Delegados Asesores de 18/06/20.</span></em></p>
<p style="padding-left: 40px;"><em><span style="color: #000000;">Adoptar la propuesta de realizar una actividad virtual en el marco del PEGyA, cuyo producto final sea un Manual de Buenas Prácticas, que recopile las experiencias en la gestión de los Programas ESCALA durante la crisis sanitaria, para lo cual se diseñará un plan de trabajo que permita avanzar en la experiencia.</span></em></p>
<p><span style="color: #000000;"><u>Nota</u>: Se presentará propuesta en Sala. </span></p>
<p><strong><span style="color: #000000;">A consideración de la Comisión.</span></strong></p>
<p><span style="color: #000080;"><strong><br />
6. Planteamientos de los integrantes de la Comisión.</strong></span></p>
<p><span style="color: #000080;"><strong>7. Próxima reunión virtual y cierre.</strong></span></p>

<p>COMISIÓN DE SEGUIMIENTO DE LOS PROGRAMAS ESCALA 30 de JULIO de 2020 16.15 horas de Argentina, Brasil y Uruguay – 15.15 horas de Bolivia, Chile y Paraguay Reunión Virtual Plataforma Zoom TEMARIO 1. Acta–Memoria de la reunión de la Comisión Seguimiento ESCALA del 11.06.2020. Nota: Se distribuye Acta Memoria (DIST. 1) Tomar conocimiento. 2. Grupo [&hellip;]</p>

COMISIÓN DE SEGUIMIENTO DE LOS PROGRAMAS ESCALA 30 de JULIO de 2020 16.15 horas de Argentina, Brasil y Uruguay – 15.15 horas de Bolivia, Chile y Paraguay Reunión Virtual Plataforma Zoom TEMARIO 1. Acta–Memoria de la reunión de la Comisión Seguimiento ESCALA del 11.06.2020. Nota: Se distribuye Acta Memoria (DIST. 1) Tomar conocimiento. 2. Grupo&hellip;
