{"id":6215,"date":"2020-06-10T17:13:09","date_gmt":"2020-06-10T17:13:09","guid":{"rendered":"http:\/\/grupomontevideo.org\/reuniones\/?page_id=6215"},"modified":"2020-06-10T17:54:53","modified_gmt":"2020-06-10T17:54:53","slug":"programas-escala-11-de-junio-de-2020","status":"publish","type":"page","link":"https:\/\/grupomontevideo.org\/reuniones\/?page_id=6215","title":{"rendered":"Programas ESCALA 11 de junio de 2020"},"content":{"rendered":"<p><strong><span style=\"color: #000000;\">COMISI\u00d3N DE SEGUIMIENTO DE LOS PROGRAMAS ESCALA<\/span><\/strong><br \/>\n<span style=\"color: #ff0000;\">11 de JUNIO de 2020 &#8211; Hora de Uruguay 17.00 de UY<\/span><br \/>\n<span style=\"color: #ff0000;\">17.00 horas de Argentina, Brasil y Uruguay \u2013 16.00 horas de Bolivia, Chile y Paraguay<\/span><\/p>\n<p><span style=\"color: #000000;\">Reuni\u00f3n Virtual Plataforma Zoom<\/span><\/p>\n<p><strong><span style=\"color: #000000;\"><br \/>\nTEMARIO<\/span><\/strong><\/p>\n<p><span style=\"color: #000080;\"><strong>1. Revisi\u00f3n del Acta\u2013Memoria de la reuni\u00f3n de la Comisi\u00f3n Seguimiento ESCALA del 02.06.2020.<\/strong><\/span><\/p>\n<p><span style=\"color: #000000;\"><u>Nota<\/u>: Se distribuye Acta Memoria (<strong><a href=\"https:\/\/grupomontevideo.org\/reuniones\/wp-content\/uploads\/2020\/06\/DIST-1.pdf\" target=\"_blank\" rel=\"noopener noreferrer\">DIST. 1<\/a><\/strong>)<\/span><\/p>\n<p><strong><span style=\"color: #000000;\">A consideraci\u00f3n de la Comisi\u00f3n.<\/span><\/strong><\/p>\n<p><span style=\"color: #000000;\"><br \/>\n<strong><span style=\"color: #000080;\">2. Convocatoria 2021. Solicitud de propuesta a la Comisi\u00f3n de Seguimiento ESCALA.<\/span><\/strong><\/span><\/p>\n<p><span style=\"color: #000000;\"><u>ACUERDO DE LA REUNI\u00d3N DE LA COMISI\u00d3N DE SEGUIMIENTO ESCALA DEL 02.06.20<\/u><\/span><br \/>\n<span style=\"color: #000000;\">\u201cSe consideran diferentes escenarios en los que implementar las convocatorias ESCALA 2021, y en consecuencia esta Comisi\u00f3n <strong>propone al Grupo de Delegados Asesores<\/strong>: <strong>a)<\/strong> Implementar un cronograma tentativo de convocatorias ESCALA 2021 para movilidades presenciales durante el segundo semestre del 2021 y considerarlo en la pr\u00f3xima reuni\u00f3n; <strong>b)<\/strong> Implementar durante el segundo semestre 2020 una convocatoria a actividades virtuales a realizar durante el primer semestre 2021; y<strong> c)<\/strong> Conformar un grupo de trabajo para el dise\u00f1o del marco normativo en el que desarrollar la convocatoria a actividades virtuales.\u201d<\/span><\/p>\n<p><span style=\"color: #000000;\"><u>Nota<\/u>: Se remite un cronograma para an\u00e1lisis (<strong><a href=\"https:\/\/grupomontevideo.org\/reuniones\/wp-content\/uploads\/2020\/06\/DIST-2.pdf\" target=\"_blank\" rel=\"noopener noreferrer\">DIST. 2<\/a><\/strong>). Se remite CUADRO (incompleto a\u00fan) de estudiantes que permanecen en destino (<strong><a href=\"https:\/\/grupomontevideo.org\/reuniones\/wp-content\/uploads\/2020\/06\/DIST-2.a.pdf\" target=\"_blank\" rel=\"noopener noreferrer\">DIST. 2.a<\/a><\/strong>)<\/span><\/p>\n<p><span style=\"color: #000000;\">El siguiente link contiene una encuesta para relevar datos necesarios que revisaremos en la Comisi\u00f3n: <a href=\"https:\/\/forms.gle\/JPZXwMYUNFgJS5VS9\" target=\"_blank\" rel=\"noopener noreferrer\">https:\/\/forms.gle\/JPZXwMYUNFgJS5VS9<\/a><\/span><\/p>\n<p><strong><span style=\"color: #000000;\">A consideraci\u00f3n de la Comisi\u00f3n.<\/span><\/strong><\/p>\n<p><span style=\"color: #000000;\"><br \/>\n<span style=\"color: #000080;\"><strong>3. Encomiendas del GDA a la Comisi\u00f3n de Seguimiento de los Programas ESCALA.<\/strong><\/span><\/span><\/p>\n<p><em><span style=\"color: #000000;\">Antecedentes. Reuni\u00f3n virtual 1.2020 del GDA del 23.04.20, Acuerdo n\u00b0 6 par\u00e1grafo g:<\/span><\/em><\/p>\n<p style=\"padding-left: 40px;\"><em><span style=\"color: #000000;\">Encomendar a la Comisi\u00f3n de Seguimiento de los Programas ESCALA:<\/span><\/em><\/p>\n<p style=\"padding-left: 80px;\"><em><span style=\"color: #000000;\">i) Con el objeto de lograr el mayor aprovechamiento de los intercambios efectuados en 2020, se solicita a la comisi\u00f3n analizar y proponer las acciones necesarias para la consecuci\u00f3n a dichos efectos.<\/span><\/em><br \/>\n<em><span style=\"color: #000000;\">ii) Avanzar en una propuesta de intercambio acad\u00e9mico a distancia entre las universidades de AUGM. La propuesta debe contemplar a estudiantes de grado y de posgrado.<\/span><\/em><br \/>\n<em><span style=\"color: #000000;\">iii) Conformar dos grupos de trabajo con el fin de desarrollar por un lado, un Manual de buenas pr\u00e1cticas que re\u00fana las experiencias en la gesti\u00f3n de los Programas Escala durante las contingencias provocadas por COVID-19, y otro que avance en las potencialidades del trabajo a distancia en la Asociaci\u00f3n (internacionalizaci\u00f3n de curr\u00edculos, ejes prioritarios de pol\u00edtica educativa para los distintos agrupamientos acad\u00e9micos, facilitaci\u00f3n de clases espejo, entre otras).<\/span><\/em><\/p>\n<p><span style=\"color: #000000;\"><u>Nota<\/u>: Secretaria Ejecutiva informar\u00e1 y har\u00e1 propuestas en Sala.<\/span><\/p>\n<p><strong><span style=\"color: #000000;\">A consideraci\u00f3n de la Comisi\u00f3n.<\/span><\/strong><\/p>\n<p><span style=\"color: #000080;\"><strong><br \/>\n4. Planteamientos de los integrantes de la Comisi\u00f3n.<\/strong><\/span><\/p>\n<p><span style=\"color: #000080;\"><strong><br \/>\n5. Pr\u00f3xima reuni\u00f3n virtual y cierre.<\/strong><\/span><\/p>\n","protected":false},"excerpt":{"rendered":"<p>COMISI\u00d3N DE SEGUIMIENTO DE LOS PROGRAMAS ESCALA 11 de JUNIO de 2020 &#8211; Hora de Uruguay 17.00 de UY 17.00 horas de Argentina, Brasil y Uruguay \u2013 16.00 horas de Bolivia, Chile y Paraguay Reuni\u00f3n Virtual Plataforma Zoom TEMARIO 1. Revisi\u00f3n del Acta\u2013Memoria de la reuni\u00f3n de la Comisi\u00f3n Seguimiento ESCALA del 02.06.2020. Nota: Se [&hellip;]<\/p>\n","protected":false},"author":1,"featured_media":0,"parent":6028,"menu_order":0,"comment_status":"closed","ping_status":"closed","template":"","meta":{"_crdt_document":"","_uag_custom_page_level_css":"","footnotes":""},"class_list":["post-6215","page","type-page","status-publish","hentry"],"uagb_featured_image_src":{"full":false,"thumbnail":false,"medium":false,"medium_large":false,"large":false,"1536x1536":false,"2048x2048":false},"uagb_author_info":{"display_name":"admin","author_link":"https:\/\/grupomontevideo.org\/reuniones\/?author=1"},"uagb_comment_info":0,"uagb_excerpt":"COMISI\u00d3N DE SEGUIMIENTO DE LOS PROGRAMAS ESCALA 11 de JUNIO de 2020 &#8211; Hora de Uruguay 17.00 de UY 17.00 horas de Argentina, Brasil y Uruguay \u2013 16.00 horas de Bolivia, Chile y Paraguay Reuni\u00f3n Virtual Plataforma Zoom TEMARIO 1. Revisi\u00f3n del Acta\u2013Memoria de la reuni\u00f3n de la Comisi\u00f3n Seguimiento ESCALA del 02.06.2020. Nota: Se&hellip;","_links":{"self":[{"href":"https:\/\/grupomontevideo.org\/reuniones\/index.php?rest_route=\/wp\/v2\/pages\/6215","targetHints":{"allow":["GET"]}}],"collection":[{"href":"https:\/\/grupomontevideo.org\/reuniones\/index.php?rest_route=\/wp\/v2\/pages"}],"about":[{"href":"https:\/\/grupomontevideo.org\/reuniones\/index.php?rest_route=\/wp\/v2\/types\/page"}],"author":[{"embeddable":true,"href":"https:\/\/grupomontevideo.org\/reuniones\/index.php?rest_route=\/wp\/v2\/users\/1"}],"replies":[{"embeddable":true,"href":"https:\/\/grupomontevideo.org\/reuniones\/index.php?rest_route=%2Fwp%2Fv2%2Fcomments&post=6215"}],"version-history":[{"count":7,"href":"https:\/\/grupomontevideo.org\/reuniones\/index.php?rest_route=\/wp\/v2\/pages\/6215\/revisions"}],"predecessor-version":[{"id":6226,"href":"https:\/\/grupomontevideo.org\/reuniones\/index.php?rest_route=\/wp\/v2\/pages\/6215\/revisions\/6226"}],"up":[{"embeddable":true,"href":"https:\/\/grupomontevideo.org\/reuniones\/index.php?rest_route=\/wp\/v2\/pages\/6028"}],"wp:attachment":[{"href":"https:\/\/grupomontevideo.org\/reuniones\/index.php?rest_route=%2Fwp%2Fv2%2Fmedia&parent=6215"}],"curies":[{"name":"wp","href":"https:\/\/api.w.org\/{rel}","templated":true}]}}

<p><strong><span style="color: #000000;">COMISIÓN DE SEGUIMIENTO DE LOS PROGRAMAS ESCALA</span></strong><br />
<span style="color: #ff0000;">11 de JUNIO de 2020 &#8211; Hora de Uruguay 17.00 de UY</span><br />
<span style="color: #ff0000;">17.00 horas de Argentina, Brasil y Uruguay – 16.00 horas de Bolivia, Chile y Paraguay</span></p>
<p><span style="color: #000000;">Reunión Virtual Plataforma Zoom</span></p>
<p><strong><span style="color: #000000;"><br />
TEMARIO</span></strong></p>
<p><span style="color: #000080;"><strong>1. Revisión del Acta–Memoria de la reunión de la Comisión Seguimiento ESCALA del 02.06.2020.</strong></span></p>
<p><span style="color: #000000;"><u>Nota</u>: Se distribuye Acta Memoria (<strong><a href="https://grupomontevideo.org/reuniones/wp-content/uploads/2020/06/DIST-1.pdf" target="_blank" rel="noopener noreferrer">DIST. 1</a></strong>)</span></p>
<p><strong><span style="color: #000000;">A consideración de la Comisión.</span></strong></p>
<p><span style="color: #000000;"><br />
<strong><span style="color: #000080;">2. Convocatoria 2021. Solicitud de propuesta a la Comisión de Seguimiento ESCALA.</span></strong></span></p>
<p><span style="color: #000000;"><u>ACUERDO DE LA REUNIÓN DE LA COMISIÓN DE SEGUIMIENTO ESCALA DEL 02.06.20</u></span><br />
<span style="color: #000000;">“Se consideran diferentes escenarios en los que implementar las convocatorias ESCALA 2021, y en consecuencia esta Comisión <strong>propone al Grupo de Delegados Asesores</strong>: <strong>a)</strong> Implementar un cronograma tentativo de convocatorias ESCALA 2021 para movilidades presenciales durante el segundo semestre del 2021 y considerarlo en la próxima reunión; <strong>b)</strong> Implementar durante el segundo semestre 2020 una convocatoria a actividades virtuales a realizar durante el primer semestre 2021; y<strong> c)</strong> Conformar un grupo de trabajo para el diseño del marco normativo en el que desarrollar la convocatoria a actividades virtuales.”</span></p>
<p><span style="color: #000000;"><u>Nota</u>: Se remite un cronograma para análisis (<strong><a href="https://grupomontevideo.org/reuniones/wp-content/uploads/2020/06/DIST-2.pdf" target="_blank" rel="noopener noreferrer">DIST. 2</a></strong>). Se remite CUADRO (incompleto aún) de estudiantes que permanecen en destino (<strong><a href="https://grupomontevideo.org/reuniones/wp-content/uploads/2020/06/DIST-2.a.pdf" target="_blank" rel="noopener noreferrer">DIST. 2.a</a></strong>)</span></p>
<p><span style="color: #000000;">El siguiente link contiene una encuesta para relevar datos necesarios que revisaremos en la Comisión: <a href="https://forms.gle/JPZXwMYUNFgJS5VS9" target="_blank" rel="noopener noreferrer">https://forms.gle/JPZXwMYUNFgJS5VS9</a></span></p>
<p><strong><span style="color: #000000;">A consideración de la Comisión.</span></strong></p>
<p><span style="color: #000000;"><br />
<span style="color: #000080;"><strong>3. Encomiendas del GDA a la Comisión de Seguimiento de los Programas ESCALA.</strong></span></span></p>
<p><em><span style="color: #000000;">Antecedentes. Reunión virtual 1.2020 del GDA del 23.04.20, Acuerdo n° 6 parágrafo g:</span></em></p>
<p style="padding-left: 40px;"><em><span style="color: #000000;">Encomendar a la Comisión de Seguimiento de los Programas ESCALA:</span></em></p>
<p style="padding-left: 80px;"><em><span style="color: #000000;">i) Con el objeto de lograr el mayor aprovechamiento de los intercambios efectuados en 2020, se solicita a la comisión analizar y proponer las acciones necesarias para la consecución a dichos efectos.</span></em><br />
<em><span style="color: #000000;">ii) Avanzar en una propuesta de intercambio académico a distancia entre las universidades de AUGM. La propuesta debe contemplar a estudiantes de grado y de posgrado.</span></em><br />
<em><span style="color: #000000;">iii) Conformar dos grupos de trabajo con el fin de desarrollar por un lado, un Manual de buenas prácticas que reúna las experiencias en la gestión de los Programas Escala durante las contingencias provocadas por COVID-19, y otro que avance en las potencialidades del trabajo a distancia en la Asociación (internacionalización de currículos, ejes prioritarios de política educativa para los distintos agrupamientos académicos, facilitación de clases espejo, entre otras).</span></em></p>
<p><span style="color: #000000;"><u>Nota</u>: Secretaria Ejecutiva informará y hará propuestas en Sala.</span></p>
<p><strong><span style="color: #000000;">A consideración de la Comisión.</span></strong></p>
<p><span style="color: #000080;"><strong><br />
4. Planteamientos de los integrantes de la Comisión.</strong></span></p>
<p><span style="color: #000080;"><strong><br />
5. Próxima reunión virtual y cierre.</strong></span></p>

<p>COMISIÓN DE SEGUIMIENTO DE LOS PROGRAMAS ESCALA 11 de JUNIO de 2020 &#8211; Hora de Uruguay 17.00 de UY 17.00 horas de Argentina, Brasil y Uruguay – 16.00 horas de Bolivia, Chile y Paraguay Reunión Virtual Plataforma Zoom TEMARIO 1. Revisión del Acta–Memoria de la reunión de la Comisión Seguimiento ESCALA del 02.06.2020. Nota: Se [&hellip;]</p>

COMISIÓN DE SEGUIMIENTO DE LOS PROGRAMAS ESCALA 11 de JUNIO de 2020 &#8211; Hora de Uruguay 17.00 de UY 17.00 horas de Argentina, Brasil y Uruguay – 16.00 horas de Bolivia, Chile y Paraguay Reunión Virtual Plataforma Zoom TEMARIO 1. Revisión del Acta–Memoria de la reunión de la Comisión Seguimiento ESCALA del 02.06.2020. Nota: Se&hellip;
