{"id":5891,"date":"2019-11-14T16:53:50","date_gmt":"2019-11-14T16:53:50","guid":{"rendered":"http:\/\/grupomontevideo.org\/reuniones\/?page_id=5891"},"modified":"2025-05-26T18:29:42","modified_gmt":"2025-05-26T18:29:42","slug":"comision-de-seguimiento-de-los-agrupamientos-academicos","status":"publish","type":"page","link":"https:\/\/grupomontevideo.org\/reuniones\/?page_id=5891","title":{"rendered":"Agrupamientos acad\u00e9micos"},"content":{"rendered":"<p><span style=\"color: #000000;\">La Comisi\u00f3n de Seguimiento de los Agrupamientos Acad\u00e9micos est\u00e1 integrada por los Delegados Asesores de las siguientes Universidades:<\/span><\/p>\n<p><strong><span style=\"color: #000000;\">Argentina:<\/span><\/strong><br \/>\n<span style=\"color: #000000;\">TITULARES<br \/>\n&#8211; Universidad Nacional de San Luis (UNSL), <a href=\"mailto:fnieto@unsl.edu.ar\">F\u00e9lix Nieto<\/a><br \/>\n&#8211; Universidad Nacional de C\u00f3rdoba (UNC), <a href=\"mailto:brenda.schauvinhold@unc.edu.ar;augm@internacionales.unc.edu.ar\">Brenda Schauvinhold<\/a><br \/>\nALTERNOS \/ SUPLENTES<br \/>\n&#8211; Universidad Nacional de Mar del Plata (UNMdP)\u00a0<a href=\"mailto:gtirrelli@gmail.com\"> Guillermo Tirrelli\u00a0<\/a><br \/>\n&#8211; Universidad Nacional de del Sur (UNS) <a href=\"internacionales@uns.edu.ar\">Lucas Costabel\u00a0<\/a><\/p>\n<p><\/span><\/p>\n<p><strong><span style=\"color: #000000;\">Bolivia:<\/span><\/strong><br \/>\n<span style=\"color: #000000;\">&#8211; Universidad San Francisco Xavier de Chuquisaca (USFX), <a href=\"mailto:relaciones.internacionales@usfx.bo\">Norma Rosario M\u00e1rquez Cavero<\/a><\/span><\/p>\n<p><strong><span style=\"color: #000000;\">Brasil:<\/span><\/strong><br \/>\n<span style=\"color: #000000;\">TITULARES<br \/>\n&#8211; Universidade Federal de S\u00e3o Paulo (UNIFESP), <a href=\"mailto:karen.spadari@unifesp.br\">Karen Spadari<\/a><br \/>\n&#8211; Universidade Federal do Rio Grande (FURG), <a href=\"mailto:reinter.assessor@furg.br\">Milton L. Asmus<\/a><br \/>\nALTERNOS \/ SUPLENTES <a href=\"https:\/\/replicarichardmille.io\" target=\"_blank\" rel=\"noopener\">fake richard mille<\/a><br \/>\n&#8211; Universidade Federal de Santa Maria (UFSM), <a href=\"mailto:bayard@ufsm.br\">Paulo Bayard Dias Gon\u00e7alves<\/a><\/span><\/p>\n<p><strong><span style=\"color: #000000;\">Chile:<\/span><\/strong><br \/>\n<span style=\"color: #000000;\">TITULAR<br \/>\n&#8211; Universidad de Playa Ancha (UPLA), <a href=\"mailto:arriagad@upla.cl\">Cecilia Arriagada<\/a><br \/>\nALTERNO \/ SUPLENTE<br \/>\n<\/span><span style=\"color: #000000;\">&#8211; Universidad de Valpara\u00edso (UV), <a href=\"mailto:jose.meza@uv.cl\">Jos\u00e9 Luis Meza<\/a><\/span><\/p>\n<p><strong><span style=\"color: #000000;\">Paraguay:<\/span><\/strong><br \/>\n<span style=\"color: #000000;\">TITULAR<br \/>\n&#8211; Universidad Nacional de Itap\u00faa (UNI), <a href=\"mailto:susanafedoruk@gmail.com\">Susana Fedoruk<\/a><br \/>\nALTERNO<br \/>\n&#8211; Universidad Nacional de Pilar <a href=\"https:\/\/unp.edu.py\/\" data-type=\"link\" data-id=\"https:\/\/unp.edu.py\/\">(UNP)<\/a> <a href=\"mailto:vicerrectorado@unp.edu.py\">Gladys Br\u00edtez\u00a0<\/a><\/span><\/p>\n<p><strong><span style=\"color: #000000;\">Uruguay:<\/span><\/strong><br \/>\n<span style=\"color: #000000;\">&#8211; Universidad de la Rep\u00fablica (Udelar), <a href=\"mailto:gonzalovicci@gmail.com\">Gonzalo Vicci<\/a><\/span><\/p>\n<hr \/>\n<p><strong><span style=\"color: #000000;\"><br \/>\nPlanes de Trabajo:<\/span><\/strong><\/p>\n<ul>\n<li>CA Accesibilidad y Discapacidad. <a href=\"https:\/\/grupomontevideo.org\/reuniones\/wp-content\/uploads\/2021\/12\/Nueva-Coordinacion-CA-ACCESIBILIDAD-Y-DISCAPACIDAD.pdf\" target=\"_blank\" rel=\"noopener\">Ver<\/a><\/li>\n<li>CA Agroalimentario. <a href=\"https:\/\/grupomontevideo.org\/reuniones\/wp-content\/uploads\/2019\/12\/Plan-de-trabajo-2019-2020-Agroalimentario-.pdf\" target=\"_blank\" rel=\"noopener noreferrer\">Ver<\/a><\/li>\n<li>CA Aguas. <a href=\"https:\/\/grupomontevideo.org\/reuniones\/wp-content\/uploads\/2019\/12\/PDFsam_merge.pdf\" target=\"_blank\" rel=\"noopener noreferrer\">Ver<\/a><\/li>\n<li>CA APS. <a href=\"https:\/\/grupomontevideo.org\/reuniones\/wp-content\/uploads\/2019\/12\/PLAN-DE-ACCI\u00d3N-Comit\u00e9-Acad\u00e9mico-Atenci\u00f3n-Primaria-de-la-Salud.pdf\">Ver<\/a>\u00a0(en proceso de armado del PDT)<\/li>\n<li>CA Ciencias Pol\u00edticas y Sociales. <a href=\"https:\/\/grupomontevideo.org\/reuniones\/wp-content\/uploads\/2019\/12\/Plan-de-Trabajo-Comit\u00e9-de-Ciencias-Pol\u00edticas-y-Sociales-de-la-AUGM-2018-9-1.pdf\" target=\"_blank\" rel=\"noopener noreferrer\">Ver<\/a> (en proceso de cambio de coordinaci\u00f3n)<\/li>\n<li>CA Desarrollo Regional. <a href=\"https:\/\/grupomontevideo.org\/reuniones\/wp-content\/uploads\/2019\/12\/Plan-18-20-4-1.pdf\" target=\"_blank\" rel=\"noopener noreferrer\">Ver<\/a><\/li>\n<li>CA Energ\u00eda. <a href=\"https:\/\/grupomontevideo.org\/reuniones\/wp-content\/uploads\/2021\/12\/Planificacion-CAE-2022-2023.-1.pdf\" target=\"_blank\" rel=\"noopener\">Ver<\/a><\/li>\n<li>CA Salud Animal. <a href=\"https:\/\/grupomontevideo.org\/reuniones\/wp-content\/uploads\/2019\/12\/PDFsam_merge-1.pdf\" target=\"_blank\" rel=\"noopener noreferrer\">Ver<\/a><\/li>\n<li>CA Salud Humana. <a href=\"http:\/\/grupomontevideo.org\/ndca\/casaludhumana\/wp-content\/uploads\/2018\/11\/Acta-CA-de-SALUD-HUMANA-2018-.pdf\" target=\"_blank\" rel=\"noopener noreferrer\">Ver<\/a><\/li>\n<li>CA Historia Regiones y Fronteras. <a href=\"https:\/\/grupomontevideo.org\/reuniones\/wp-content\/uploads\/2021\/12\/Formulario-plan-trienal-2021-a-2023-CAHRF-1.pdf\" target=\"_blank\" rel=\"noopener\">Ver<\/a><\/li>\n<li>CA PROCOAS. <a href=\"https:\/\/grupomontevideo.org\/reuniones\/wp-content\/uploads\/2019\/12\/Plan-Bienal-PROCOAS-2018-2019.pdf\" target=\"_blank\" rel=\"noopener noreferrer\">Ver<\/a><\/li>\n<li>CA Medio Ambiente. <a href=\"https:\/\/grupomontevideo.org\/reuniones\/wp-content\/uploads\/2019\/12\/CMA-PDT-CAND-2018-2019-1.pdf\" target=\"_blank\" rel=\"noopener noreferrer\">Ver<\/a>\u00a0 (en proceso de cambio de coordinaci\u00f3n)<\/li>\n<li>CA Genero. <a href=\"https:\/\/grupomontevideo.org\/reuniones\/wp-content\/uploads\/2021\/12\/Planificacion-CA-Genero-2021-2022-1.pdf\">Ver<\/a><\/li>\n<li>ND Educaci\u00f3n para la Integraci\u00f3n. <a href=\"https:\/\/grupomontevideo.org\/reuniones\/wp-content\/uploads\/2021\/12\/Informe-y-plan-NEPI-2020-2021.pdf\" target=\"_blank\" rel=\"noopener\">Ver<\/a><\/li>\n<li>ND PELSE <a href=\"https:\/\/grupomontevideo.org\/reuniones\/wp-content\/uploads\/2021\/12\/Formulario-plan-trienal-21-23-PELSE-1.pdf\" target=\"_blank\" rel=\"noopener\">Ver<\/a><\/li>\n<li>ND Ciencia e Ingenier\u00eda de los Materiales. <a href=\"https:\/\/grupomontevideo.org\/reuniones\/wp-content\/uploads\/2019\/12\/N\u00facleo-Disciplinario-Ciencia-e-Ingenier\u00eda-de-los-Materiale1.pdf\" target=\"_blank\" rel=\"noopener noreferrer\">Ver<\/a><\/li>\n<li>ND Biof\u00edsica <a href=\"https:\/\/grupomontevideo.org\/reuniones\/wp-content\/uploads\/2021\/12\/plan-de-trabajo-NB-2021-2022.pdf\">Ver<\/a><\/li>\n<li>ND Literatura, Est\u00e9tica Imaginarios y Cultura (en proceso de cambio de coordinaci\u00f3n)<\/li>\n<li>ND Evaluaci\u00f3n Institucional, Planeamiento Estrat\u00e9gico y Gesti\u00f3n Universitaria (en proceso de cambio de coordinaci\u00f3n)<\/li>\n<li>ND TICS <a href=\"https:\/\/grupomontevideo.org\/reuniones\/wp-content\/uploads\/2021\/12\/PDT-CAND_v1.pdf\">Ver<\/a><\/li>\n<\/ul>\n<hr \/>\n<p><strong><br \/>\n<span style=\"color: #000000;\">Documentos<\/span><\/strong><\/p>\n<p><a href=\"https:\/\/grupomontevideo.org\/reuniones\/?page_id=6415\"><span style=\"color: #000000;\"><strong>\u00d3rdenes del D\u00eda<\/strong><\/span><\/a><\/p>\n<p>&nbsp;<\/p>\n","protected":false},"excerpt":{"rendered":"<p>La Comisi\u00f3n de Seguimiento de los Agrupamientos Acad\u00e9micos est\u00e1 integrada por los Delegados Asesores de las siguientes Universidades: Argentina: TITULARES &#8211; Universidad Nacional de San Luis (UNSL), F\u00e9lix Nieto &#8211; Universidad Nacional de C\u00f3rdoba (UNC), Brenda Schauvinhold ALTERNOS \/ SUPLENTES &#8211; Universidad Nacional de Mar del Plata (UNMdP)\u00a0 Guillermo Tirrelli\u00a0 &#8211; Universidad Nacional de del [&hellip;]<\/p>\n","protected":false},"author":1,"featured_media":0,"parent":0,"menu_order":0,"comment_status":"closed","ping_status":"closed","template":"","meta":{"_crdt_document":"","_uag_custom_page_level_css":"","footnotes":""},"class_list":["post-5891","page","type-page","status-publish","hentry"],"uagb_featured_image_src":{"full":false,"thumbnail":false,"medium":false,"medium_large":false,"large":false,"1536x1536":false,"2048x2048":false},"uagb_author_info":{"display_name":"admin","author_link":"https:\/\/grupomontevideo.org\/reuniones\/?author=1"},"uagb_comment_info":0,"uagb_excerpt":"La Comisi\u00f3n de Seguimiento de los Agrupamientos Acad\u00e9micos est\u00e1 integrada por los Delegados Asesores de las siguientes Universidades: Argentina: TITULARES &#8211; Universidad Nacional de San Luis (UNSL), F\u00e9lix Nieto &#8211; Universidad Nacional de C\u00f3rdoba (UNC), Brenda Schauvinhold ALTERNOS \/ SUPLENTES &#8211; Universidad Nacional de Mar del Plata (UNMdP)\u00a0 Guillermo Tirrelli\u00a0 &#8211; Universidad Nacional de del&hellip;","_links":{"self":[{"href":"https:\/\/grupomontevideo.org\/reuniones\/index.php?rest_route=\/wp\/v2\/pages\/5891","targetHints":{"allow":["GET"]}}],"collection":[{"href":"https:\/\/grupomontevideo.org\/reuniones\/index.php?rest_route=\/wp\/v2\/pages"}],"about":[{"href":"https:\/\/grupomontevideo.org\/reuniones\/index.php?rest_route=\/wp\/v2\/types\/page"}],"author":[{"embeddable":true,"href":"https:\/\/grupomontevideo.org\/reuniones\/index.php?rest_route=\/wp\/v2\/users\/1"}],"replies":[{"embeddable":true,"href":"https:\/\/grupomontevideo.org\/reuniones\/index.php?rest_route=%2Fwp%2Fv2%2Fcomments&post=5891"}],"version-history":[{"count":35,"href":"https:\/\/grupomontevideo.org\/reuniones\/index.php?rest_route=\/wp\/v2\/pages\/5891\/revisions"}],"predecessor-version":[{"id":11617,"href":"https:\/\/grupomontevideo.org\/reuniones\/index.php?rest_route=\/wp\/v2\/pages\/5891\/revisions\/11617"}],"wp:attachment":[{"href":"https:\/\/grupomontevideo.org\/reuniones\/index.php?rest_route=%2Fwp%2Fv2%2Fmedia&parent=5891"}],"curies":[{"name":"wp","href":"https:\/\/api.w.org\/{rel}","templated":true}]}}