{"id":2,"date":"2021-12-14T20:58:09","date_gmt":"2021-12-14T20:58:09","guid":{"rendered":"https:\/\/startersites.io\/blocksy\/garderobe\/?page_id=2"},"modified":"2024-10-04T19:18:53","modified_gmt":"2024-10-04T19:18:53","slug":"home-3","status":"publish","type":"page","link":"https:\/\/grupomontevideo.org\/reuniones\/","title":{"rendered":""},"content":{"rendered":"\n<div class=\"wp-block-group alignfull has-global-padding is-layout-constrained wp-container-core-group-is-layout-73128380 wp-block-group-is-layout-constrained has-background\" style=\"margin-top:0;margin-bottom:0;padding-top:var(--wp--preset--spacing--50);padding-right:var(--wp--preset--spacing--50);padding-bottom:var(--wp--preset--spacing--50);padding-left:var(--wp--preset--spacing--50);background-image:url(&apos;https:\/\/grupomontevideo.org\/reuniones\/wp-content\/uploads\/2024\/10\/UNCUYO.jpg&apos;);background-size:cover;\">\n<div class=\"wp-block-uagb-slider uagb-block-0ba8e27d uagb-slider-container\"><div class=\"uagb-slides uagb-swiper\"><div class=\"swiper-wrapper\">\n<div class=\"wp-block-uagb-slider-child uagb-slider-child-wrap swiper-slide uagb-block-3e65a389\"><div class=\"swiper-content\">\n<div class=\"wp-block-uagb-container uagb-block-40f2c3f1 alignfull uagb-is-root-container\"><div class=\"uagb-container-inner-blocks-wrap\">\n<div class=\"wp-block-uagb-info-box uagb-block-9ce8c68b uagb-infobox__content-wrap  uagb-infobox-icon-above-title uagb-infobox-image-valign-top\"><div class=\"uagb-ifb-content\"><div class=\"uagb-ifb-title-wrap\"><h3 class=\"uagb-ifb-title\">CONSEJO DE RECTORES<\/h3><\/div><p class=\"uagb-ifb-desc\">28 y 29  DE NOVIEMBRE<br>UNIVERSIDAD NACIONAL DE CUYO<\/p><div class=\"uagb-ifb-button-wrapper wp-block-button\"><a href=\"#\" class=\"uagb-infobox-cta-link wp-block-button__link\" target=\"_self\" rel=\"noopener noreferrer\" onclick=\"return false;\"><span class=\"uagb-inline-editing\">VER<\/span><\/a><\/div><\/div><\/div>\n<\/div><\/div>\n<\/div><\/div>\n<\/div><\/div><div class=\"swiper-pagination\"><\/div><div class=\"swiper-button-prev\"><\/div><div class=\"swiper-button-next\"><\/div><\/div>\n<\/div>\n\n\n\n<div class=\"wp-block-group alignfull has-base-background-color has-background has-global-padding is-layout-constrained wp-container-core-group-is-layout-73128380 wp-block-group-is-layout-constrained\" style=\"margin-top:0;margin-bottom:0;padding-top:var(--wp--preset--spacing--50);padding-right:var(--wp--preset--spacing--50);padding-bottom:var(--wp--preset--spacing--50);padding-left:var(--wp--preset--spacing--50)\">\n<div class=\"wp-block-columns alignwide is-layout-flex wp-container-core-columns-is-layout-d525a65d wp-block-columns-is-layout-flex\">\n<div class=\"wp-block-column is-layout-flow wp-container-core-column-is-layout-da384c3e wp-block-column-is-layout-flow\">\n<h3 class=\"wp-block-heading has-text-align-left is-style-asterisk has-body-font-family has-medium-font-size\" style=\"font-style:normal;font-weight:600\"><a href=\"https:\/\/grupomontevideo.org\/reuniones\/?page_id=5886\" target=\"_blank\" rel=\"noreferrer noopener\">Programas ESCALA<\/a><\/h3>\n\n\n\n<p class=\"has-text-align-left wp-block-paragraph\">La&nbsp;Comisi\u00f3n de Seguimiento de los Programas ESCALA&nbsp;est\u00e1 integrada por los Delegados Asesores <\/p>\n<\/div>\n\n\n\n<div class=\"wp-block-column is-layout-flow wp-container-core-column-is-layout-da384c3e wp-block-column-is-layout-flow\">\n<h3 class=\"wp-block-heading has-text-align-left is-style-asterisk has-body-font-family has-medium-font-size\" style=\"font-style:normal;font-weight:600\"><a href=\"https:\/\/grupomontevideo.org\/reuniones\/?page_id=5891\" target=\"_blank\" rel=\"noreferrer noopener\">Agrupamientos acad\u00e9micos<\/a><\/h3>\n\n\n\n<p class=\"has-text-align-left wp-block-paragraph\">La Comisi\u00f3n de Seguimiento de los Agrupamientos Acad\u00e9micos est\u00e1 integrada por los Delegados Asesores<\/p>\n<\/div>\n<\/div>\n\n\n\n<div style=\"height:var(--wp--preset--spacing--20)\" aria-hidden=\"true\" class=\"wp-block-spacer\"><\/div>\n\n\n\n<div class=\"wp-block-columns alignwide is-layout-flex wp-container-core-columns-is-layout-d525a65d wp-block-columns-is-layout-flex\">\n<div class=\"wp-block-column is-layout-flow wp-container-core-column-is-layout-da384c3e wp-block-column-is-layout-flow\">\n<h3 class=\"wp-block-heading has-text-align-left is-style-asterisk has-body-font-family has-medium-font-size\" style=\"font-style:normal;font-weight:600\"><a href=\"https:\/\/grupomontevideo.org\/reuniones\/?page_id=4460\" target=\"_blank\" rel=\"noreferrer noopener\">Consejo Consultivo<\/a><\/h3>\n\n\n\n<p class=\"has-text-align-left wp-block-paragraph\">El Consejo Consultivo, creado en la LXXIV Reuni\u00f3n del Consejo de Rectores, el 1 de noviembre de 2018, estuvo en funcionamiento hasta su \u00faltima reuni\u00f3n el 17 de junio de 2022<\/p>\n<\/div>\n\n\n\n<div class=\"wp-block-column is-layout-flow wp-container-core-column-is-layout-da384c3e wp-block-column-is-layout-flow\">\n<h3 class=\"wp-block-heading has-text-align-left is-style-asterisk has-body-font-family has-medium-font-size\" style=\"font-style:normal;font-weight:600\"><a href=\"https:\/\/grupomontevideo.org\/reuniones\/?page_id=6712\">Di\u00e1logos de Relacionamiento Internacional<\/a><\/h3>\n\n\n\n<p class=\"has-text-align-left wp-block-paragraph\">Di\u00e1logo AUGM \u2013 Asociaci\u00f3n de Universidades de la Cuenca del Pac\u00edfico (APRU) \/ Di\u00e1logo Interamericano AUGM \u2013 OUI \u2013 CONAHEC<\/p>\n<\/div>\n<\/div>\n<\/div>\n\n\n\n<p class=\"wp-block-paragraph\"><\/p>\n","protected":false},"excerpt":{"rendered":"<p>Programas ESCALA La&nbsp;Comisi\u00f3n de Seguimiento de los Programas ESCALA&nbsp;est\u00e1 integrada por los Delegados Asesores Agrupamientos acad\u00e9micos La Comisi\u00f3n de Seguimiento de los Agrupamientos Acad\u00e9micos est\u00e1 integrada por los Delegados Asesores Consejo Consultivo El Consejo Consultivo, creado en la LXXIV Reuni\u00f3n del Consejo de Rectores, el 1 de noviembre de 2018, estuvo en funcionamiento hasta su [&hellip;]<\/p>\n","protected":false},"author":1,"featured_media":0,"parent":0,"menu_order":0,"comment_status":"closed","ping_status":"closed","template":"","meta":{"_crdt_document":"","_uag_custom_page_level_css":"","footnotes":""},"class_list":["post-2","page","type-page","status-publish","hentry"],"uagb_featured_image_src":{"full":false,"thumbnail":false,"medium":false,"medium_large":false,"large":false,"1536x1536":false,"2048x2048":false},"uagb_author_info":{"display_name":"admin","author_link":"https:\/\/grupomontevideo.org\/reuniones\/?author=1"},"uagb_comment_info":0,"uagb_excerpt":"Programas ESCALA La&nbsp;Comisi\u00f3n de Seguimiento de los Programas ESCALA&nbsp;est\u00e1 integrada por los Delegados Asesores Agrupamientos acad\u00e9micos La Comisi\u00f3n de Seguimiento de los Agrupamientos Acad\u00e9micos est\u00e1 integrada por los Delegados Asesores Consejo Consultivo El Consejo Consultivo, creado en la LXXIV Reuni\u00f3n del Consejo de Rectores, el 1 de noviembre de 2018, estuvo en funcionamiento hasta su&hellip;","_links":{"self":[{"href":"https:\/\/grupomontevideo.org\/reuniones\/index.php?rest_route=\/wp\/v2\/pages\/2","targetHints":{"allow":["GET"]}}],"collection":[{"href":"https:\/\/grupomontevideo.org\/reuniones\/index.php?rest_route=\/wp\/v2\/pages"}],"about":[{"href":"https:\/\/grupomontevideo.org\/reuniones\/index.php?rest_route=\/wp\/v2\/types\/page"}],"author":[{"embeddable":true,"href":"https:\/\/grupomontevideo.org\/reuniones\/index.php?rest_route=\/wp\/v2\/users\/1"}],"replies":[{"embeddable":true,"href":"https:\/\/grupomontevideo.org\/reuniones\/index.php?rest_route=%2Fwp%2Fv2%2Fcomments&post=2"}],"version-history":[{"count":38,"href":"https:\/\/grupomontevideo.org\/reuniones\/index.php?rest_route=\/wp\/v2\/pages\/2\/revisions"}],"predecessor-version":[{"id":11359,"href":"https:\/\/grupomontevideo.org\/reuniones\/index.php?rest_route=\/wp\/v2\/pages\/2\/revisions\/11359"}],"wp:attachment":[{"href":"https:\/\/grupomontevideo.org\/reuniones\/index.php?rest_route=%2Fwp%2Fv2%2Fmedia&parent=2"}],"curies":[{"name":"wp","href":"https:\/\/api.w.org\/{rel}","templated":true}]}}

<div class="wp-block-group alignfull has-global-padding is-layout-constrained wp-container-core-group-is-layout-73128380 wp-block-group-is-layout-constrained has-background" style="margin-top:0;margin-bottom:0;padding-top:var(--wp--preset--spacing--50);padding-right:var(--wp--preset--spacing--50);padding-bottom:var(--wp--preset--spacing--50);padding-left:var(--wp--preset--spacing--50);background-image:url(&apos;https://grupomontevideo.org/reuniones/wp-content/uploads/2024/10/UNCUYO.jpg&apos;);background-size:cover;">
<div class="wp-block-uagb-slider uagb-block-0ba8e27d uagb-slider-container"><div class="uagb-slides uagb-swiper"><div class="swiper-wrapper">
<div class="wp-block-uagb-slider-child uagb-slider-child-wrap swiper-slide uagb-block-3e65a389"><div class="swiper-content">
<div class="wp-block-uagb-container uagb-block-40f2c3f1 alignfull uagb-is-root-container"><div class="uagb-container-inner-blocks-wrap">
<div class="wp-block-uagb-info-box uagb-block-9ce8c68b uagb-infobox__content-wrap  uagb-infobox-icon-above-title uagb-infobox-image-valign-top"><div class="uagb-ifb-content"><div class="uagb-ifb-title-wrap"><h3 class="uagb-ifb-title">CONSEJO DE RECTORES</h3></div><p class="uagb-ifb-desc">28 y 29  DE NOVIEMBRE<br>UNIVERSIDAD NACIONAL DE CUYO</p><div class="uagb-ifb-button-wrapper wp-block-button"><a href="#" class="uagb-infobox-cta-link wp-block-button__link" target="_self" rel="noopener noreferrer" onclick="return false;"><span class="uagb-inline-editing">VER</span></a></div></div></div>
</div></div>
</div></div>
</div></div><div class="swiper-pagination"></div><div class="swiper-button-prev"></div><div class="swiper-button-next"></div></div>
</div>



<div class="wp-block-group alignfull has-base-background-color has-background has-global-padding is-layout-constrained wp-container-core-group-is-layout-73128380 wp-block-group-is-layout-constrained" style="margin-top:0;margin-bottom:0;padding-top:var(--wp--preset--spacing--50);padding-right:var(--wp--preset--spacing--50);padding-bottom:var(--wp--preset--spacing--50);padding-left:var(--wp--preset--spacing--50)">
<div class="wp-block-columns alignwide is-layout-flex wp-container-core-columns-is-layout-d525a65d wp-block-columns-is-layout-flex">
<div class="wp-block-column is-layout-flow wp-container-core-column-is-layout-da384c3e wp-block-column-is-layout-flow">
<h3 class="wp-block-heading has-text-align-left is-style-asterisk has-body-font-family has-medium-font-size" style="font-style:normal;font-weight:600"><a href="https://grupomontevideo.org/reuniones/?page_id=5886" target="_blank" rel="noreferrer noopener">Programas ESCALA</a></h3>



<p class="has-text-align-left wp-block-paragraph">La&nbsp;Comisión de Seguimiento de los Programas ESCALA&nbsp;está integrada por los Delegados Asesores </p>
</div>



<div class="wp-block-column is-layout-flow wp-container-core-column-is-layout-da384c3e wp-block-column-is-layout-flow">
<h3 class="wp-block-heading has-text-align-left is-style-asterisk has-body-font-family has-medium-font-size" style="font-style:normal;font-weight:600"><a href="https://grupomontevideo.org/reuniones/?page_id=5891" target="_blank" rel="noreferrer noopener">Agrupamientos académicos</a></h3>



<p class="has-text-align-left wp-block-paragraph">La Comisión de Seguimiento de los Agrupamientos Académicos está integrada por los Delegados Asesores</p>
</div>
</div>



<div style="height:var(--wp--preset--spacing--20)" aria-hidden="true" class="wp-block-spacer"></div>



<div class="wp-block-columns alignwide is-layout-flex wp-container-core-columns-is-layout-d525a65d wp-block-columns-is-layout-flex">
<div class="wp-block-column is-layout-flow wp-container-core-column-is-layout-da384c3e wp-block-column-is-layout-flow">
<h3 class="wp-block-heading has-text-align-left is-style-asterisk has-body-font-family has-medium-font-size" style="font-style:normal;font-weight:600"><a href="https://grupomontevideo.org/reuniones/?page_id=4460" target="_blank" rel="noreferrer noopener">Consejo Consultivo</a></h3>



<p class="has-text-align-left wp-block-paragraph">El Consejo Consultivo, creado en la LXXIV Reunión del Consejo de Rectores, el 1 de noviembre de 2018, estuvo en funcionamiento hasta su última reunión el 17 de junio de 2022</p>
</div>



<div class="wp-block-column is-layout-flow wp-container-core-column-is-layout-da384c3e wp-block-column-is-layout-flow">
<h3 class="wp-block-heading has-text-align-left is-style-asterisk has-body-font-family has-medium-font-size" style="font-style:normal;font-weight:600"><a href="https://grupomontevideo.org/reuniones/?page_id=6712">Diálogos de Relacionamiento Internacional</a></h3>



<p class="has-text-align-left wp-block-paragraph">Diálogo AUGM – Asociación de Universidades de la Cuenca del Pacífico (APRU) / Diálogo Interamericano AUGM – OUI – CONAHEC</p>
</div>
</div>
</div>



<p class="wp-block-paragraph"></p>

<p>Programas ESCALA La&nbsp;Comisión de Seguimiento de los Programas ESCALA&nbsp;está integrada por los Delegados Asesores Agrupamientos académicos La Comisión de Seguimiento de los Agrupamientos Académicos está integrada por los Delegados Asesores Consejo Consultivo El Consejo Consultivo, creado en la LXXIV Reunión del Consejo de Rectores, el 1 de noviembre de 2018, estuvo en funcionamiento hasta su [&hellip;]</p>

Programas ESCALA La&nbsp;Comisión de Seguimiento de los Programas ESCALA&nbsp;está integrada por los Delegados Asesores Agrupamientos académicos La Comisión de Seguimiento de los Agrupamientos Académicos está integrada por los Delegados Asesores Consejo Consultivo El Consejo Consultivo, creado en la LXXIV Reunión del Consejo de Rectores, el 1 de noviembre de 2018, estuvo en funcionamiento hasta su&hellip;
