{"id":53,"date":"2019-03-07T18:18:15","date_gmt":"2019-03-07T17:18:15","guid":{"rendered":"http:\/\/grupomontevideo.org\/publicaciones\/?page_id=53"},"modified":"2020-03-24T14:51:48","modified_gmt":"2020-03-24T13:51:48","slug":"otros","status":"publish","type":"page","link":"https:\/\/grupomontevideo.org\/publicaciones\/otros\/","title":{"rendered":"Otros"},"content":{"rendered":"\r\n<p>&#8211;<strong><em>Declaraci\u00f3n III Conferencia Regional de Educaci\u00f3n Superior<\/em><\/strong><br \/><a href=\"http:\/\/www.cres2018.org\/uploads\/Declaracion2018-Esp-CRES.pdf\">Ver documento en espa\u00f1ol<\/a><strong><br \/><\/strong><a href=\"http:\/\/www.cres2018.org\/uploads\/Declaracion2018-Port-CRES.pdf\">Veja o documento em portugu\u00eas<\/a><strong><br \/><\/strong><\/p>\r\n\r\n\r\n\r\n<p>&#8211;<strong><em>Plan de Acci\u00f3n CRES 2018<\/em><\/strong><br \/><a href=\"http:\/\/www.cres2018.org\/uploads\/PlandeAccionCRES20182028Esp.pdf\"><em>V<\/em>er documento\u00a0\u00a0<\/a><\/p>\r\n<p><strong style=\"font-size: 1rem;\">Publicaci\u00f3n final del Proyecto Erasmus + CAMINOS.<\/strong><span style=\"font-size: 1rem;\">\u00a0<\/span><em><br \/><\/em><\/p>\r\n<p><img loading=\"lazy\" decoding=\"async\" class=\"wp-image-226 alignleft\" src=\"https:\/\/grupomontevideo.org\/publicaciones\/wp-content\/uploads\/2020\/03\/0001-1.jpg\" alt=\"\" width=\"147\" height=\"208\" \/><em>Gu\u00eda para la gesti\u00f3n de movilidad en la educaci\u00f3n superior en Am\u00e9rica Latina<\/em> Matriz de procesos institucionales y buenas pr\u00e1cticas. <br \/>Ver. <a href=\"https:\/\/grupomontevideo.org\/publicaciones\/wp-content\/uploads\/2019\/10\/Matriz-de-procesos-institucionales-y-buenas-pr\u00e1cticas-ES.pdf\" target=\"_blank\" rel=\"noopener noreferrer\">(ES)<\/a> <a href=\"https:\/\/grupomontevideo.org\/publicaciones\/wp-content\/uploads\/2019\/10\/Matriz-de-processos-institucionais-e-boas-pr\u00e1ticas.pdf\" target=\"_blank\" rel=\"noopener noreferrer\">(PT)<\/a><\/p>\r\n<p>&nbsp;<\/p>\r\n<p>&nbsp;<\/p>\r\n<p>&nbsp;<\/p>\r\n<p><em>*Nota: AUGM ha sido socio de este proyecto y ha intervenido tanto en la edici\u00f3n como en el aporte de art\u00edculos\u00a0de la publicaci\u00f3n.<\/em><\/p>\r\n<p><strong>-Publicaciones del Proyecto Erasmus + RIESAL.<\/strong><\/p>\r\n<p><img loading=\"lazy\" decoding=\"async\" class=\"alignleft wp-image-222\" src=\"https:\/\/grupomontevideo.org\/publicaciones\/wp-content\/uploads\/2020\/03\/Dimension.jpg\" alt=\"\" width=\"147\" height=\"207\" \/><\/p>\r\n<p><em><a href=\"https:\/\/grupomontevideo.org\/publicaciones\/wp-content\/uploads\/2019\/10\/dimension_internacional_de_la_educacion_superior_en_america_latina_y_el_caribe_publicado.pdf\" target=\"_blank\" rel=\"noopener noreferrer\">La Dimensi\u00f3n Internacional de la Eduaci\u00f3n Superior en Am\u00e9rica Latina y El Caribe<\/a><br \/>Editor: RIESAL, Universidad de Guadarajara, Erasmus+<br \/>Editora: Jocelyne Gacel-\u00c1vila<\/em><\/p>\r\n<p>&nbsp;<\/p>\r\n<p>&nbsp;<\/p>\r\n<p><img loading=\"lazy\" decoding=\"async\" class=\"alignleft wp-image-223\" src=\"https:\/\/grupomontevideo.org\/publicaciones\/wp-content\/uploads\/2020\/03\/0001.jpg\" alt=\"\" width=\"147\" height=\"202\" \/><\/p>\r\n<p><em><a href=\"https:\/\/grupomontevideo.org\/publicaciones\/wp-content\/uploads\/2019\/10\/Buenas-Practicas-de-Internacionalizaci\u00f3n.pdf\" target=\"_blank\" rel=\"noopener noreferrer\">Buenas Pr\u00e1cticas de Internacionalizaci\u00f3n Universitaria en Am\u00e9rica Latina<\/a><br \/>Editor: RIESAL, Universidad de Guadarajara, Erasmus+<br \/>Editora: Jocelyne Gacel-\u00c1vila<\/em><\/p>\r\n<p>&nbsp;<\/p>\r\n<p>&nbsp;<\/p>\r\n<p><em><img loading=\"lazy\" decoding=\"async\" class=\"alignleft wp-image-224\" src=\"https:\/\/grupomontevideo.org\/publicaciones\/wp-content\/uploads\/2020\/03\/0002.jpg\" alt=\"\" width=\"147\" height=\"207\" \/><a href=\"https:\/\/grupomontevideo.org\/publicaciones\/wp-content\/uploads\/2019\/12\/guia_de_fundamentos_riesal_ebook_espanol.pdf\" target=\"_blank\" rel=\"noopener noreferrer\">Gu\u00eda de fundamentos para la gesti\u00f3n de las estrategias de internacionalizaci\u00f3n de la educaci\u00f3n superior en Am\u00e9rica Latina y el Caribe<\/a><br \/>Editor: RIESAL, Universidad de Guadarajara, Erasmus+<br \/>Editora: Jocelyne Gacel-\u00c1vila<br \/><\/em><\/p>\r\n<p>&nbsp;<\/p>\r\n<p>&nbsp;<\/p>\r\n<p><em>*Nota: AUGM ha sido socio de este proyecto y ha intervenido en el aporte de art\u00edculos de la publicaci\u00f3n.<\/em><\/p>\r\n\r\n\r\n\r\n\r\n\r\n<p>&nbsp;<\/p>\r\n","protected":false},"excerpt":{"rendered":"<p>&#8211;Declaraci\u00f3n III Conferencia Regional de Educaci\u00f3n SuperiorVer documento en espa\u00f1olVeja o documento em portugu\u00eas &#8211;Plan de Acci\u00f3n CRES 2018Ver documento\u00a0\u00a0 Publicaci\u00f3n final del Proyecto Erasmus + CAMINOS.\u00a0 Gu\u00eda para la gesti\u00f3n de movilidad en la educaci\u00f3n superior en Am\u00e9rica Latina Matriz de procesos institucionales y buenas pr\u00e1cticas. Ver. (ES) (PT) &nbsp; &nbsp; &nbsp; *Nota: AUGM &hellip; <\/p>\n<p class=\"link-more\"><a href=\"https:\/\/grupomontevideo.org\/publicaciones\/otros\/\" class=\"more-link\">Continue reading<span class=\"screen-reader-text\"> \u00abOtros\u00bb<\/span><\/a><\/p>\n","protected":false},"author":1,"featured_media":0,"parent":0,"menu_order":0,"comment_status":"closed","ping_status":"closed","template":"","meta":{"footnotes":""},"class_list":["post-53","page","type-page","status-publish","hentry"],"_links":{"self":[{"href":"https:\/\/grupomontevideo.org\/publicaciones\/wp-json\/wp\/v2\/pages\/53","targetHints":{"allow":["GET"]}}],"collection":[{"href":"https:\/\/grupomontevideo.org\/publicaciones\/wp-json\/wp\/v2\/pages"}],"about":[{"href":"https:\/\/grupomontevideo.org\/publicaciones\/wp-json\/wp\/v2\/types\/page"}],"author":[{"embeddable":true,"href":"https:\/\/grupomontevideo.org\/publicaciones\/wp-json\/wp\/v2\/users\/1"}],"replies":[{"embeddable":true,"href":"https:\/\/grupomontevideo.org\/publicaciones\/wp-json\/wp\/v2\/comments?post=53"}],"version-history":[{"count":7,"href":"https:\/\/grupomontevideo.org\/publicaciones\/wp-json\/wp\/v2\/pages\/53\/revisions"}],"predecessor-version":[{"id":227,"href":"https:\/\/grupomontevideo.org\/publicaciones\/wp-json\/wp\/v2\/pages\/53\/revisions\/227"}],"wp:attachment":[{"href":"https:\/\/grupomontevideo.org\/publicaciones\/wp-json\/wp\/v2\/media?parent=53"}],"curies":[{"name":"wp","href":"https:\/\/api.w.org\/{rel}","templated":true}]}}