{"id":280,"date":"2021-05-19T14:14:52","date_gmt":"2021-05-19T14:14:52","guid":{"rendered":"http:\/\/grupomontevideo.org\/ndca\/redeu\/?page_id=280"},"modified":"2024-11-21T19:12:11","modified_gmt":"2024-11-21T19:12:11","slug":"que-es-la-redreu","status":"publish","type":"page","link":"https:\/\/grupomontevideo.org\/ndca\/redreu\/","title":{"rendered":"\u00bfQu\u00e9 es la REDREU?"},"content":{"rendered":"<p><a href=\"http:\/\/grupomontevideo.org\/ndca\/redeu\/wp-content\/uploads\/2021\/05\/Repropuesta-REDREU.jpg\"><img loading=\"lazy\" decoding=\"async\" class=\"aligncenter size-full wp-image-298\" src=\"http:\/\/grupomontevideo.org\/ndca\/redreu\/wp-content\/uploads\/2021\/05\/Repropuesta-REDREU.jpg\" alt=\"\" width=\"259\" height=\"194\" \/><\/a><\/p>\n<p style=\"text-align: justify;\">La <strong>Red de Editores de Revistas de Extensi\u00f3n Universitaria es un espacio regional nacido en la Comisi\u00f3n Permanente de Extensi\u00f3n Universitaria de la Asociaci\u00f3n de Universidades Grupo Montevideo<\/strong> (AUGM), que busca involucrar a todas aquellas revistas de este segmento editorial que deseen sumarse a una propuesta de trabajo colaborativo.<\/p>\n<p style=\"text-align: justify;\"><strong>El objetivo central de REDREU es proporcionar un espacio para abordar los horizontes que enfrentan las revistas peri\u00f3dicas<\/strong>, tanto dentro del propio campo de la extensi\u00f3n como en relaci\u00f3n con las problem\u00e1ticas que atraviesan a las revistas acad\u00e9micas a nivel global.<\/p>\n<p style=\"text-align: justify;\">La Red se<strong> propone visibilizar y poner en valor la diversidad de publicaciones peri\u00f3dicas universitarias existentes<\/strong> en extensi\u00f3n universitaria; as\u00ed como <strong>consolidar los equipos editoriales<\/strong> a trav\u00e9s de instancias de capacitaci\u00f3n sobre las distintas aristas que hacen al proceso editorial, a fin de fortalecer las capacidades t\u00e9cnicas y de gesti\u00f3n.<\/p>\n<p style=\"text-align: justify;\">Tambi\u00e9n forman parte de sus objetivos <strong>construir estrategias de cooperaci\u00f3n<\/strong> de las revistas a partir de identificar problem\u00e1ticas comunes y promover Encuentros de Equipos Editoriales de Revistas de Extensi\u00f3n Universitaria en el \u00e1mbito de los Congresos bianuales de AUGM.<\/p>\n<hr \/>\n<p style=\"text-align: center;\"><a href=\"http:\/\/grupomontevideo.org\/ndca\/redreu\/wp-content\/uploads\/2021\/07\/REDREU.-Documento-de-creacion.pdf\">Lea aqu\u00ed el documento de creaci\u00f3n<\/a><\/p>\n<p style=\"text-align: center;\"><a href=\"https:\/\/grupomontevideo.org\/ndca\/redreu\/wp-content\/uploads\/2024\/11\/REDREU.-Lineamientos-generales-de-funcionamiento_ES.pdf\">Lineamientos generales de funcionamiento de la REDREU<\/a><\/p>\n<p style=\"text-align: center;\"><a href=\"https:\/\/grupomontevideo.org\/ndca\/redreu\/wp-content\/uploads\/2024\/11\/REDREU.-Linhas-gerais-de-funcionamento_POR.pdf\">Linhas gerais de funcionamento da REDREU<\/a><\/p>\n<p>&nbsp;<\/p>\n<hr \/>\n<p style=\"text-align: center;\"><strong>Contacto:<\/strong> redreu@grupomontevideo.org<\/p>\n<hr \/>\n<p style=\"text-align: center;\">\n","protected":false},"excerpt":{"rendered":"<p>La Red de Editores de Revistas de Extensi\u00f3n Universitaria es un espacio regional nacido en la Comisi\u00f3n Permanente de Extensi\u00f3n Universitaria de la Asociaci\u00f3n de&#8230;<\/p>\n","protected":false},"author":1,"featured_media":0,"parent":0,"menu_order":0,"comment_status":"closed","ping_status":"closed","template":"","meta":{"footnotes":""},"class_list":["post-280","page","type-page","status-publish","hentry"],"_links":{"self":[{"href":"https:\/\/grupomontevideo.org\/ndca\/redreu\/index.php?rest_route=\/wp\/v2\/pages\/280","targetHints":{"allow":["GET"]}}],"collection":[{"href":"https:\/\/grupomontevideo.org\/ndca\/redreu\/index.php?rest_route=\/wp\/v2\/pages"}],"about":[{"href":"https:\/\/grupomontevideo.org\/ndca\/redreu\/index.php?rest_route=\/wp\/v2\/types\/page"}],"author":[{"embeddable":true,"href":"https:\/\/grupomontevideo.org\/ndca\/redreu\/index.php?rest_route=\/wp\/v2\/users\/1"}],"replies":[{"embeddable":true,"href":"https:\/\/grupomontevideo.org\/ndca\/redreu\/index.php?rest_route=%2Fwp%2Fv2%2Fcomments&post=280"}],"version-history":[{"count":12,"href":"https:\/\/grupomontevideo.org\/ndca\/redreu\/index.php?rest_route=\/wp\/v2\/pages\/280\/revisions"}],"predecessor-version":[{"id":441,"href":"https:\/\/grupomontevideo.org\/ndca\/redreu\/index.php?rest_route=\/wp\/v2\/pages\/280\/revisions\/441"}],"wp:attachment":[{"href":"https:\/\/grupomontevideo.org\/ndca\/redreu\/index.php?rest_route=%2Fwp%2Fv2%2Fmedia&parent=280"}],"curies":[{"name":"wp","href":"https:\/\/api.w.org\/{rel}","templated":true}]}}

¿Qué es la REDREU?

<p><a href="http://grupomontevideo.org/ndca/redeu/wp-content/uploads/2021/05/Repropuesta-REDREU.jpg"><img loading="lazy" decoding="async" class="aligncenter size-full wp-image-298" src="http://grupomontevideo.org/ndca/redreu/wp-content/uploads/2021/05/Repropuesta-REDREU.jpg" alt="" width="259" height="194" /></a></p>
<p style="text-align: justify;">La <strong>Red de Editores de Revistas de Extensión Universitaria es un espacio regional nacido en la Comisión Permanente de Extensión Universitaria de la Asociación de Universidades Grupo Montevideo</strong> (AUGM), que busca involucrar a todas aquellas revistas de este segmento editorial que deseen sumarse a una propuesta de trabajo colaborativo.</p>
<p style="text-align: justify;"><strong>El objetivo central de REDREU es proporcionar un espacio para abordar los horizontes que enfrentan las revistas periódicas</strong>, tanto dentro del propio campo de la extensión como en relación con las problemáticas que atraviesan a las revistas académicas a nivel global.</p>
<p style="text-align: justify;">La Red se<strong> propone visibilizar y poner en valor la diversidad de publicaciones periódicas universitarias existentes</strong> en extensión universitaria; así como <strong>consolidar los equipos editoriales</strong> a través de instancias de capacitación sobre las distintas aristas que hacen al proceso editorial, a fin de fortalecer las capacidades técnicas y de gestión.</p>
<p style="text-align: justify;">También forman parte de sus objetivos <strong>construir estrategias de cooperación</strong> de las revistas a partir de identificar problemáticas comunes y promover Encuentros de Equipos Editoriales de Revistas de Extensión Universitaria en el ámbito de los Congresos bianuales de AUGM.</p>
<hr />
<p style="text-align: center;"><a href="http://grupomontevideo.org/ndca/redreu/wp-content/uploads/2021/07/REDREU.-Documento-de-creacion.pdf">Lea aquí el documento de creación</a></p>
<p style="text-align: center;"><a href="https://grupomontevideo.org/ndca/redreu/wp-content/uploads/2024/11/REDREU.-Lineamientos-generales-de-funcionamiento_ES.pdf">Lineamientos generales de funcionamiento de la REDREU</a></p>
<p style="text-align: center;"><a href="https://grupomontevideo.org/ndca/redreu/wp-content/uploads/2024/11/REDREU.-Linhas-gerais-de-funcionamento_POR.pdf">Linhas gerais de funcionamento da REDREU</a></p>
<p>&nbsp;</p>
<hr />
<p style="text-align: center;"><strong>Contacto:</strong> redreu@grupomontevideo.org</p>
<hr />
<p style="text-align: center;">

<p>La Red de Editores de Revistas de Extensión Universitaria es un espacio regional nacido en la Comisión Permanente de Extensión Universitaria de la Asociación de&#8230;</p>
