{"id":258,"date":"2021-04-27T16:29:51","date_gmt":"2021-04-27T16:29:51","guid":{"rendered":"http:\/\/grupomontevideo.org\/ndca\/redeu\/?page_id=258"},"modified":"2025-11-27T12:28:18","modified_gmt":"2025-11-27T12:28:18","slug":"eventos","status":"publish","type":"page","link":"https:\/\/grupomontevideo.org\/ndca\/redreu\/?page_id=258","title":{"rendered":"EVENTOS"},"content":{"rendered":"<p>2025<\/p>\n<p>Roda de conversa tem\u00e1tica. Universidade, extens\u00e3o e pol\u00edticas editoriais: escritas, comunidades e diversidade<br \/>\nde vozes na comunica\u00e7\u00e3o da extens\u00e3o universit\u00e1ria<\/p>\n<p>Eugenia Villarmarzo (REDREU\/AUGM), Florencia Faierman (Universidade de Buenos Aires), Geraldo Ceni Coelho<br \/>\n(Universidade Federal da Fronteira Sul), Maria Carolina Fenati (Revista Interfaces UFMG), Milagro Castro<br \/>\n(Universidade Nacional de Costa Rica)<\/p>\n<p><a href=\"https:\/\/grupomontevideo.org\/ndca\/redreu\/wp-content\/uploads\/2025\/11\/Conversatorio-VIII-Congresso-de-Extensao-da-AUGM.png\"><img loading=\"lazy\" decoding=\"async\" class=\"aligncenter size-medium wp-image-472\" src=\"https:\/\/grupomontevideo.org\/ndca\/redreu\/wp-content\/uploads\/2025\/11\/Conversatorio-VIII-Congresso-de-Extensao-da-AUGM-240x300.png\" alt=\"\" width=\"240\" height=\"300\" srcset=\"https:\/\/grupomontevideo.org\/ndca\/redreu\/wp-content\/uploads\/2025\/11\/Conversatorio-VIII-Congresso-de-Extensao-da-AUGM-240x300.png 240w, https:\/\/grupomontevideo.org\/ndca\/redreu\/wp-content\/uploads\/2025\/11\/Conversatorio-VIII-Congresso-de-Extensao-da-AUGM-819x1024.png 819w, https:\/\/grupomontevideo.org\/ndca\/redreu\/wp-content\/uploads\/2025\/11\/Conversatorio-VIII-Congresso-de-Extensao-da-AUGM-768x960.png 768w, https:\/\/grupomontevideo.org\/ndca\/redreu\/wp-content\/uploads\/2025\/11\/Conversatorio-VIII-Congresso-de-Extensao-da-AUGM.png 1080w\" sizes=\"auto, (max-width: 240px) 100vw, 240px\" \/><\/a><\/p>\n<p>&nbsp;<\/p>\n<p>V Encontro de Editores de Revistas de Extensao<\/p>\n<p><a href=\"https:\/\/grupomontevideo.org\/ndca\/redreu\/wp-content\/uploads\/2025\/11\/AUGM_2025.pptx.png\"><img loading=\"lazy\" decoding=\"async\" class=\"aligncenter size-medium wp-image-470\" src=\"https:\/\/grupomontevideo.org\/ndca\/redreu\/wp-content\/uploads\/2025\/11\/AUGM_2025.pptx-300x225.png\" alt=\"\" width=\"300\" height=\"225\" srcset=\"https:\/\/grupomontevideo.org\/ndca\/redreu\/wp-content\/uploads\/2025\/11\/AUGM_2025.pptx-300x225.png 300w, https:\/\/grupomontevideo.org\/ndca\/redreu\/wp-content\/uploads\/2025\/11\/AUGM_2025.pptx-768x576.png 768w, https:\/\/grupomontevideo.org\/ndca\/redreu\/wp-content\/uploads\/2025\/11\/AUGM_2025.pptx.png 960w\" sizes=\"auto, (max-width: 300px) 100vw, 300px\" \/><\/a><\/p>\n<p>27 de noviembre de 2025, 11 hs. (Belo horizonte, Brasilia, Argentina, Uruguay)<\/p>\n<p>&nbsp;<\/p>\n<p>***************************************<\/p>\n<p>2024<\/p>\n<p>&nbsp;<\/p>\n<p>***************************************<\/p>\n<p>2023<\/p>\n<p><a href=\"http:\/\/grupomontevideo.org\/ndca\/redreu\/wp-content\/uploads\/2023\/10\/REDREU-IIIEncuentro-de-Equipos-Editoriales_F-2-scaled.jpg\"><img loading=\"lazy\" decoding=\"async\" class=\"aligncenter size-medium wp-image-410\" src=\"http:\/\/grupomontevideo.org\/ndca\/redreu\/wp-content\/uploads\/2023\/10\/REDREU-IIIEncuentro-de-Equipos-Editoriales_F-2-300x300.jpg\" alt=\"\" width=\"300\" height=\"300\" srcset=\"https:\/\/grupomontevideo.org\/ndca\/redreu\/wp-content\/uploads\/2023\/10\/REDREU-IIIEncuentro-de-Equipos-Editoriales_F-2-300x300.jpg 300w, https:\/\/grupomontevideo.org\/ndca\/redreu\/wp-content\/uploads\/2023\/10\/REDREU-IIIEncuentro-de-Equipos-Editoriales_F-2-1024x1024.jpg 1024w, https:\/\/grupomontevideo.org\/ndca\/redreu\/wp-content\/uploads\/2023\/10\/REDREU-IIIEncuentro-de-Equipos-Editoriales_F-2-150x150.jpg 150w, https:\/\/grupomontevideo.org\/ndca\/redreu\/wp-content\/uploads\/2023\/10\/REDREU-IIIEncuentro-de-Equipos-Editoriales_F-2-768x768.jpg 768w, https:\/\/grupomontevideo.org\/ndca\/redreu\/wp-content\/uploads\/2023\/10\/REDREU-IIIEncuentro-de-Equipos-Editoriales_F-2-1536x1536.jpg 1536w, https:\/\/grupomontevideo.org\/ndca\/redreu\/wp-content\/uploads\/2023\/10\/REDREU-IIIEncuentro-de-Equipos-Editoriales_F-2-2048x2048.jpg 2048w\" sizes=\"auto, (max-width: 300px) 100vw, 300px\" \/><\/a><\/p>\n<p>&nbsp;<\/p>\n<p>Viernes 17 de noviembre 2023, 12 hs (Arg.)<\/p>\n<p>Acceder al <a href=\"http:\/\/grupomontevideo.org\/ndca\/redreu\/wp-content\/uploads\/2023\/10\/Programa-III-Encuentro-Equipos-Editoriales.pdf\">Programa<\/a><\/p>\n<p>Acceso a visualizaci\u00f3n de <a href=\"https:\/\/www.youtube.com\/watch?v=ukGqt0kg064\">YouTube<\/a><\/p>\n<p>Completar la <a href=\"https:\/\/acortar.link\/UWupqB\">encuesta<\/a> :<\/p>\n<p>::::::::::::::::::::::::::::::::::::::::::::::::::::::::<\/p>\n<p>&nbsp;<\/p>\n<p><a href=\"http:\/\/grupomontevideo.org\/ndca\/redreu\/wp-content\/uploads\/2023\/07\/WhatsApp-Image-2023-07-13-at-10.21.59.jpeg\"><img loading=\"lazy\" decoding=\"async\" class=\"aligncenter wp-image-399 size-medium\" src=\"http:\/\/grupomontevideo.org\/ndca\/redreu\/wp-content\/uploads\/2023\/07\/WhatsApp-Image-2023-07-13-at-10.21.59-300x300.jpeg\" alt=\"\" width=\"300\" height=\"300\" srcset=\"https:\/\/grupomontevideo.org\/ndca\/redreu\/wp-content\/uploads\/2023\/07\/WhatsApp-Image-2023-07-13-at-10.21.59-300x300.jpeg 300w, https:\/\/grupomontevideo.org\/ndca\/redreu\/wp-content\/uploads\/2023\/07\/WhatsApp-Image-2023-07-13-at-10.21.59-1024x1024.jpeg 1024w, https:\/\/grupomontevideo.org\/ndca\/redreu\/wp-content\/uploads\/2023\/07\/WhatsApp-Image-2023-07-13-at-10.21.59-150x150.jpeg 150w, https:\/\/grupomontevideo.org\/ndca\/redreu\/wp-content\/uploads\/2023\/07\/WhatsApp-Image-2023-07-13-at-10.21.59-768x768.jpeg 768w, https:\/\/grupomontevideo.org\/ndca\/redreu\/wp-content\/uploads\/2023\/07\/WhatsApp-Image-2023-07-13-at-10.21.59-1536x1536.jpeg 1536w, https:\/\/grupomontevideo.org\/ndca\/redreu\/wp-content\/uploads\/2023\/07\/WhatsApp-Image-2023-07-13-at-10.21.59.jpeg 1600w\" sizes=\"auto, (max-width: 300px) 100vw, 300px\" \/><\/a><\/p>\n<p><a href=\"http:\/\/grupomontevideo.org\/ndca\/redreu\/wp-content\/uploads\/2023\/07\/Programa-Espacio-de-trabajo-Accesibildad-REDREU.pdf\"><strong>Acceder al programa Accesibilidad de las Revistas Acad\u00e9micas<\/strong><\/a><\/p>\n<p>Viernes 4 y 18 de agosto 2023, de 12 hs a 14 hs (Arg).<\/p>\n<p>Acceder a la visualizaci\u00f3n del<a href=\"https:\/\/www.youtube.com\/watch?v=PAPpKLWKiqY\"> Canal de YouTube de AUGM Oficial<\/a><\/p>\n<p><a href=\"http:\/\/grupomontevideo.org\/ndca\/redreu\/wp-content\/uploads\/2023\/08\/Resumen-Accesibilidad-Revistas-Academicas_editado-1.pdf\">Acceder al resumen<\/a><\/p>\n<p>&#8230;&#8230;&#8230;&#8230;&#8230;&#8230;&#8230;&#8230;&#8230;&#8230;&#8230;&#8230;&#8230;&#8230;&#8230;&#8230;.<a href=\"http:\/\/grupomontevideo.org\/ndca\/redreu\/wp-content\/uploads\/2023\/05\/WhatsApp-Image-2023-05-11-at-16.06.17.jpeg\"><br \/>\n<img loading=\"lazy\" decoding=\"async\" class=\"aligncenter size-medium wp-image-386\" src=\"http:\/\/grupomontevideo.org\/ndca\/redreu\/wp-content\/uploads\/2023\/05\/WhatsApp-Image-2023-05-11-at-16.06.17-300x300.jpeg\" alt=\"\" width=\"300\" height=\"300\" srcset=\"https:\/\/grupomontevideo.org\/ndca\/redreu\/wp-content\/uploads\/2023\/05\/WhatsApp-Image-2023-05-11-at-16.06.17-300x300.jpeg 300w, https:\/\/grupomontevideo.org\/ndca\/redreu\/wp-content\/uploads\/2023\/05\/WhatsApp-Image-2023-05-11-at-16.06.17-150x150.jpeg 150w, https:\/\/grupomontevideo.org\/ndca\/redreu\/wp-content\/uploads\/2023\/05\/WhatsApp-Image-2023-05-11-at-16.06.17-768x768.jpeg 768w, https:\/\/grupomontevideo.org\/ndca\/redreu\/wp-content\/uploads\/2023\/05\/WhatsApp-Image-2023-05-11-at-16.06.17.jpeg 960w\" sizes=\"auto, (max-width: 300px) 100vw, 300px\" \/><\/a><\/p>\n<p>Puede visualizarlo desde aqui: https:\/\/www.youtube.com\/watch?v=eFnk81ExoM4<\/p>\n<p><a href=\"http:\/\/grupomontevideo.org\/ndca\/redreu\/wp-content\/uploads\/2023\/03\/WhatsApp-Image-2023-03-06-at-11.18.40.jpeg\">&#8230;&#8230;&#8230;&#8230;&#8230;&#8230;&#8230;&#8230;&#8230;&#8230;&#8230;&#8230;&#8230;<\/a><\/p>\n<p><a href=\"http:\/\/grupomontevideo.org\/ndca\/redreu\/wp-content\/uploads\/2023\/03\/WhatsApp-Image-2023-03-06-at-11.18.40.jpeg\"><img loading=\"lazy\" decoding=\"async\" class=\"aligncenter size-medium wp-image-384\" src=\"http:\/\/grupomontevideo.org\/ndca\/redreu\/wp-content\/uploads\/2023\/03\/WhatsApp-Image-2023-03-06-at-11.18.40-300x300.jpeg\" alt=\"\" width=\"300\" height=\"300\" srcset=\"https:\/\/grupomontevideo.org\/ndca\/redreu\/wp-content\/uploads\/2023\/03\/WhatsApp-Image-2023-03-06-at-11.18.40-300x300.jpeg 300w, https:\/\/grupomontevideo.org\/ndca\/redreu\/wp-content\/uploads\/2023\/03\/WhatsApp-Image-2023-03-06-at-11.18.40-1024x1024.jpeg 1024w, https:\/\/grupomontevideo.org\/ndca\/redreu\/wp-content\/uploads\/2023\/03\/WhatsApp-Image-2023-03-06-at-11.18.40-150x150.jpeg 150w, https:\/\/grupomontevideo.org\/ndca\/redreu\/wp-content\/uploads\/2023\/03\/WhatsApp-Image-2023-03-06-at-11.18.40-768x768.jpeg 768w, https:\/\/grupomontevideo.org\/ndca\/redreu\/wp-content\/uploads\/2023\/03\/WhatsApp-Image-2023-03-06-at-11.18.40-1536x1536.jpeg 1536w, https:\/\/grupomontevideo.org\/ndca\/redreu\/wp-content\/uploads\/2023\/03\/WhatsApp-Image-2023-03-06-at-11.18.40.jpeg 1600w\" sizes=\"auto, (max-width: 300px) 100vw, 300px\" \/><\/a><\/p>\n<p>CRediT es una herramienta que permite diferenciar y reconocer la contribuci\u00f3n de cada autor en un art\u00edculo cient\u00edfico a partir de 14 roles. Esta identificaci\u00f3n est\u00e1 siendo exigida por ciertos cat\u00e1logos y bases como condici\u00f3n de ingreso de las revistas cient\u00edficas.<\/p>\n<p>\ud83d\udc49Acceder a Youtube para visualizarlo: https:\/\/www.youtube.com\/watch?v=8K-OS_w7O38<\/p>\n<p>&nbsp;<\/p>\n<p>&#8212;&#8212;&#8212;&#8212;&#8212;&#8212;&#8212;&#8212;&#8212;&#8212;&#8212;&#8212;&#8212;&#8212;&#8212;&#8212;&#8212;&#8212;&#8212;&#8212;&#8212;&#8212;&#8211;<\/p>\n<p>2022<\/p>\n<p><a href=\"http:\/\/grupomontevideo.org\/ndca\/redreu\/wp-content\/uploads\/2022\/08\/Fyer-Escrituras-academicas-2022.jpeg\"><br \/>\n<img loading=\"lazy\" decoding=\"async\" class=\"aligncenter wp-image-353\" src=\"http:\/\/grupomontevideo.org\/ndca\/redreu\/wp-content\/uploads\/2022\/08\/Fyer-Escrituras-academicas-2022.jpeg\" alt=\"\" width=\"324\" height=\"324\" \/><\/a><\/p>\n<p>Para visualizar el ciclo completo, acceder a la <a href=\"https:\/\/www.youtube.com\/playlist?list=PLAfBzlUpABtrqh93inj_Easw-7h1e4tZi\">lista de reproducci\u00f3n<\/a> del Canal de Youtube<\/p>\n","protected":false},"excerpt":{"rendered":"<p>2025 Roda de conversa tem\u00e1tica. Universidade, extens\u00e3o e pol\u00edticas editoriais: escritas, comunidades e diversidade de vozes na comunica\u00e7\u00e3o da extens\u00e3o universit\u00e1ria Eugenia Villarmarzo (REDREU\/AUGM), Florencia&#8230;<\/p>\n","protected":false},"author":1,"featured_media":0,"parent":0,"menu_order":0,"comment_status":"closed","ping_status":"closed","template":"","meta":{"footnotes":""},"class_list":["post-258","page","type-page","status-publish","hentry"],"_links":{"self":[{"href":"https:\/\/grupomontevideo.org\/ndca\/redreu\/index.php?rest_route=\/wp\/v2\/pages\/258","targetHints":{"allow":["GET"]}}],"collection":[{"href":"https:\/\/grupomontevideo.org\/ndca\/redreu\/index.php?rest_route=\/wp\/v2\/pages"}],"about":[{"href":"https:\/\/grupomontevideo.org\/ndca\/redreu\/index.php?rest_route=\/wp\/v2\/types\/page"}],"author":[{"embeddable":true,"href":"https:\/\/grupomontevideo.org\/ndca\/redreu\/index.php?rest_route=\/wp\/v2\/users\/1"}],"replies":[{"embeddable":true,"href":"https:\/\/grupomontevideo.org\/ndca\/redreu\/index.php?rest_route=%2Fwp%2Fv2%2Fcomments&post=258"}],"version-history":[{"count":38,"href":"https:\/\/grupomontevideo.org\/ndca\/redreu\/index.php?rest_route=\/wp\/v2\/pages\/258\/revisions"}],"predecessor-version":[{"id":473,"href":"https:\/\/grupomontevideo.org\/ndca\/redreu\/index.php?rest_route=\/wp\/v2\/pages\/258\/revisions\/473"}],"wp:attachment":[{"href":"https:\/\/grupomontevideo.org\/ndca\/redreu\/index.php?rest_route=%2Fwp%2Fv2%2Fmedia&parent=258"}],"curies":[{"name":"wp","href":"https:\/\/api.w.org\/{rel}","templated":true}]}}

<p>2025</p>
<p>Roda de conversa temática. Universidade, extensão e políticas editoriais: escritas, comunidades e diversidade<br />
de vozes na comunicação da extensão universitária</p>
<p>Eugenia Villarmarzo (REDREU/AUGM), Florencia Faierman (Universidade de Buenos Aires), Geraldo Ceni Coelho<br />
(Universidade Federal da Fronteira Sul), Maria Carolina Fenati (Revista Interfaces UFMG), Milagro Castro<br />
(Universidade Nacional de Costa Rica)</p>
<p><a href="https://grupomontevideo.org/ndca/redreu/wp-content/uploads/2025/11/Conversatorio-VIII-Congresso-de-Extensao-da-AUGM.png"><img loading="lazy" decoding="async" class="aligncenter size-medium wp-image-472" src="https://grupomontevideo.org/ndca/redreu/wp-content/uploads/2025/11/Conversatorio-VIII-Congresso-de-Extensao-da-AUGM-240x300.png" alt="" width="240" height="300" srcset="https://grupomontevideo.org/ndca/redreu/wp-content/uploads/2025/11/Conversatorio-VIII-Congresso-de-Extensao-da-AUGM-240x300.png 240w, https://grupomontevideo.org/ndca/redreu/wp-content/uploads/2025/11/Conversatorio-VIII-Congresso-de-Extensao-da-AUGM-819x1024.png 819w, https://grupomontevideo.org/ndca/redreu/wp-content/uploads/2025/11/Conversatorio-VIII-Congresso-de-Extensao-da-AUGM-768x960.png 768w, https://grupomontevideo.org/ndca/redreu/wp-content/uploads/2025/11/Conversatorio-VIII-Congresso-de-Extensao-da-AUGM.png 1080w" sizes="auto, (max-width: 240px) 100vw, 240px" /></a></p>
<p>&nbsp;</p>
<p>V Encontro de Editores de Revistas de Extensao</p>
<p><a href="https://grupomontevideo.org/ndca/redreu/wp-content/uploads/2025/11/AUGM_2025.pptx.png"><img loading="lazy" decoding="async" class="aligncenter size-medium wp-image-470" src="https://grupomontevideo.org/ndca/redreu/wp-content/uploads/2025/11/AUGM_2025.pptx-300x225.png" alt="" width="300" height="225" srcset="https://grupomontevideo.org/ndca/redreu/wp-content/uploads/2025/11/AUGM_2025.pptx-300x225.png 300w, https://grupomontevideo.org/ndca/redreu/wp-content/uploads/2025/11/AUGM_2025.pptx-768x576.png 768w, https://grupomontevideo.org/ndca/redreu/wp-content/uploads/2025/11/AUGM_2025.pptx.png 960w" sizes="auto, (max-width: 300px) 100vw, 300px" /></a></p>
<p>27 de noviembre de 2025, 11 hs. (Belo horizonte, Brasilia, Argentina, Uruguay)</p>
<p>&nbsp;</p>
<p>***************************************</p>
<p>2024</p>
<p>&nbsp;</p>
<p>***************************************</p>
<p>2023</p>
<p><a href="http://grupomontevideo.org/ndca/redreu/wp-content/uploads/2023/10/REDREU-IIIEncuentro-de-Equipos-Editoriales_F-2-scaled.jpg"><img loading="lazy" decoding="async" class="aligncenter size-medium wp-image-410" src="http://grupomontevideo.org/ndca/redreu/wp-content/uploads/2023/10/REDREU-IIIEncuentro-de-Equipos-Editoriales_F-2-300x300.jpg" alt="" width="300" height="300" srcset="https://grupomontevideo.org/ndca/redreu/wp-content/uploads/2023/10/REDREU-IIIEncuentro-de-Equipos-Editoriales_F-2-300x300.jpg 300w, https://grupomontevideo.org/ndca/redreu/wp-content/uploads/2023/10/REDREU-IIIEncuentro-de-Equipos-Editoriales_F-2-1024x1024.jpg 1024w, https://grupomontevideo.org/ndca/redreu/wp-content/uploads/2023/10/REDREU-IIIEncuentro-de-Equipos-Editoriales_F-2-150x150.jpg 150w, https://grupomontevideo.org/ndca/redreu/wp-content/uploads/2023/10/REDREU-IIIEncuentro-de-Equipos-Editoriales_F-2-768x768.jpg 768w, https://grupomontevideo.org/ndca/redreu/wp-content/uploads/2023/10/REDREU-IIIEncuentro-de-Equipos-Editoriales_F-2-1536x1536.jpg 1536w, https://grupomontevideo.org/ndca/redreu/wp-content/uploads/2023/10/REDREU-IIIEncuentro-de-Equipos-Editoriales_F-2-2048x2048.jpg 2048w" sizes="auto, (max-width: 300px) 100vw, 300px" /></a></p>
<p>&nbsp;</p>
<p>Viernes 17 de noviembre 2023, 12 hs (Arg.)</p>
<p>Acceder al <a href="http://grupomontevideo.org/ndca/redreu/wp-content/uploads/2023/10/Programa-III-Encuentro-Equipos-Editoriales.pdf">Programa</a></p>
<p>Acceso a visualización de <a href="https://www.youtube.com/watch?v=ukGqt0kg064">YouTube</a></p>
<p>Completar la <a href="https://acortar.link/UWupqB">encuesta</a> :</p>
<p>::::::::::::::::::::::::::::::::::::::::::::::::::::::::</p>
<p>&nbsp;</p>
<p><a href="http://grupomontevideo.org/ndca/redreu/wp-content/uploads/2023/07/WhatsApp-Image-2023-07-13-at-10.21.59.jpeg"><img loading="lazy" decoding="async" class="aligncenter wp-image-399 size-medium" src="http://grupomontevideo.org/ndca/redreu/wp-content/uploads/2023/07/WhatsApp-Image-2023-07-13-at-10.21.59-300x300.jpeg" alt="" width="300" height="300" srcset="https://grupomontevideo.org/ndca/redreu/wp-content/uploads/2023/07/WhatsApp-Image-2023-07-13-at-10.21.59-300x300.jpeg 300w, https://grupomontevideo.org/ndca/redreu/wp-content/uploads/2023/07/WhatsApp-Image-2023-07-13-at-10.21.59-1024x1024.jpeg 1024w, https://grupomontevideo.org/ndca/redreu/wp-content/uploads/2023/07/WhatsApp-Image-2023-07-13-at-10.21.59-150x150.jpeg 150w, https://grupomontevideo.org/ndca/redreu/wp-content/uploads/2023/07/WhatsApp-Image-2023-07-13-at-10.21.59-768x768.jpeg 768w, https://grupomontevideo.org/ndca/redreu/wp-content/uploads/2023/07/WhatsApp-Image-2023-07-13-at-10.21.59-1536x1536.jpeg 1536w, https://grupomontevideo.org/ndca/redreu/wp-content/uploads/2023/07/WhatsApp-Image-2023-07-13-at-10.21.59.jpeg 1600w" sizes="auto, (max-width: 300px) 100vw, 300px" /></a></p>
<p><a href="http://grupomontevideo.org/ndca/redreu/wp-content/uploads/2023/07/Programa-Espacio-de-trabajo-Accesibildad-REDREU.pdf"><strong>Acceder al programa Accesibilidad de las Revistas Académicas</strong></a></p>
<p>Viernes 4 y 18 de agosto 2023, de 12 hs a 14 hs (Arg).</p>
<p>Acceder a la visualización del<a href="https://www.youtube.com/watch?v=PAPpKLWKiqY"> Canal de YouTube de AUGM Oficial</a></p>
<p><a href="http://grupomontevideo.org/ndca/redreu/wp-content/uploads/2023/08/Resumen-Accesibilidad-Revistas-Academicas_editado-1.pdf">Acceder al resumen</a></p>
<p>&#8230;&#8230;&#8230;&#8230;&#8230;&#8230;&#8230;&#8230;&#8230;&#8230;&#8230;&#8230;&#8230;&#8230;&#8230;&#8230;.<a href="http://grupomontevideo.org/ndca/redreu/wp-content/uploads/2023/05/WhatsApp-Image-2023-05-11-at-16.06.17.jpeg"><br />
<img loading="lazy" decoding="async" class="aligncenter size-medium wp-image-386" src="http://grupomontevideo.org/ndca/redreu/wp-content/uploads/2023/05/WhatsApp-Image-2023-05-11-at-16.06.17-300x300.jpeg" alt="" width="300" height="300" srcset="https://grupomontevideo.org/ndca/redreu/wp-content/uploads/2023/05/WhatsApp-Image-2023-05-11-at-16.06.17-300x300.jpeg 300w, https://grupomontevideo.org/ndca/redreu/wp-content/uploads/2023/05/WhatsApp-Image-2023-05-11-at-16.06.17-150x150.jpeg 150w, https://grupomontevideo.org/ndca/redreu/wp-content/uploads/2023/05/WhatsApp-Image-2023-05-11-at-16.06.17-768x768.jpeg 768w, https://grupomontevideo.org/ndca/redreu/wp-content/uploads/2023/05/WhatsApp-Image-2023-05-11-at-16.06.17.jpeg 960w" sizes="auto, (max-width: 300px) 100vw, 300px" /></a></p>
<p>Puede visualizarlo desde aqui: https://www.youtube.com/watch?v=eFnk81ExoM4</p>
<p><a href="http://grupomontevideo.org/ndca/redreu/wp-content/uploads/2023/03/WhatsApp-Image-2023-03-06-at-11.18.40.jpeg">&#8230;&#8230;&#8230;&#8230;&#8230;&#8230;&#8230;&#8230;&#8230;&#8230;&#8230;&#8230;&#8230;</a></p>
<p><a href="http://grupomontevideo.org/ndca/redreu/wp-content/uploads/2023/03/WhatsApp-Image-2023-03-06-at-11.18.40.jpeg"><img loading="lazy" decoding="async" class="aligncenter size-medium wp-image-384" src="http://grupomontevideo.org/ndca/redreu/wp-content/uploads/2023/03/WhatsApp-Image-2023-03-06-at-11.18.40-300x300.jpeg" alt="" width="300" height="300" srcset="https://grupomontevideo.org/ndca/redreu/wp-content/uploads/2023/03/WhatsApp-Image-2023-03-06-at-11.18.40-300x300.jpeg 300w, https://grupomontevideo.org/ndca/redreu/wp-content/uploads/2023/03/WhatsApp-Image-2023-03-06-at-11.18.40-1024x1024.jpeg 1024w, https://grupomontevideo.org/ndca/redreu/wp-content/uploads/2023/03/WhatsApp-Image-2023-03-06-at-11.18.40-150x150.jpeg 150w, https://grupomontevideo.org/ndca/redreu/wp-content/uploads/2023/03/WhatsApp-Image-2023-03-06-at-11.18.40-768x768.jpeg 768w, https://grupomontevideo.org/ndca/redreu/wp-content/uploads/2023/03/WhatsApp-Image-2023-03-06-at-11.18.40-1536x1536.jpeg 1536w, https://grupomontevideo.org/ndca/redreu/wp-content/uploads/2023/03/WhatsApp-Image-2023-03-06-at-11.18.40.jpeg 1600w" sizes="auto, (max-width: 300px) 100vw, 300px" /></a></p>
<p>CRediT es una herramienta que permite diferenciar y reconocer la contribución de cada autor en un artículo científico a partir de 14 roles. Esta identificación está siendo exigida por ciertos catálogos y bases como condición de ingreso de las revistas científicas.</p>
<p>👉Acceder a Youtube para visualizarlo: https://www.youtube.com/watch?v=8K-OS_w7O38</p>
<p>&nbsp;</p>
<p>&#8212;&#8212;&#8212;&#8212;&#8212;&#8212;&#8212;&#8212;&#8212;&#8212;&#8212;&#8212;&#8212;&#8212;&#8212;&#8212;&#8212;&#8212;&#8212;&#8212;&#8212;&#8212;&#8211;</p>
<p>2022</p>
<p><a href="http://grupomontevideo.org/ndca/redreu/wp-content/uploads/2022/08/Fyer-Escrituras-academicas-2022.jpeg"><br />
<img loading="lazy" decoding="async" class="aligncenter wp-image-353" src="http://grupomontevideo.org/ndca/redreu/wp-content/uploads/2022/08/Fyer-Escrituras-academicas-2022.jpeg" alt="" width="324" height="324" /></a></p>
<p>Para visualizar el ciclo completo, acceder a la <a href="https://www.youtube.com/playlist?list=PLAfBzlUpABtrqh93inj_Easw-7h1e4tZi">lista de reproducción</a> del Canal de Youtube</p>

<p>2025 Roda de conversa temática. Universidade, extensão e políticas editoriais: escritas, comunidades e diversidade de vozes na comunicação da extensão universitária Eugenia Villarmarzo (REDREU/AUGM), Florencia&#8230;</p>
