{"id":16,"date":"2015-12-04T19:36:59","date_gmt":"2015-12-04T19:36:59","guid":{"rendered":"http:\/\/grupomontevideo.org\/ndca\/caagroalimentario\/?page_id=16"},"modified":"2025-10-30T15:39:49","modified_gmt":"2025-10-30T15:39:49","slug":"integrantes","status":"publish","type":"page","link":"https:\/\/grupomontevideo.org\/ndca\/ndproductosnaturales\/?page_id=16","title":{"rendered":"INTEGRANTES"},"content":{"rendered":"<p><b>Coordinaci\u00f3n: <\/b><a style=\"font-weight: bold;\" href=\"mailto:gortega@fcq.unc.edu.ar\">Gabriela Ortega<\/a><b> &#8211; Universidad Nacional de C\u00f3rdoba, Argentina<\/b><\/p>\n<p><strong>Coordinaci\u00f3n alterna:<\/strong> <strong><a href=\"mailto:javier.echeverriam@usach.cl\">Javier Echeverr\u00eda<\/a> &#8211; Universidad de Santiago de Chile, Chile<\/strong><\/p>\n<hr \/>\n<p><strong><br \/>\nARGENTINA:<\/strong><\/p>\n<p><strong>UNC:<\/strong><br \/>\n<a href=\"mailto:gortega@fcq.unc.edu.ar\">Gabriela Ortega<\/a> &#8211; Ratificada 22.06.23<br \/>\n<a href=\"mailto:pquiroga@agro.unc.edu.ar\">Patricia Raquel Quiroga<\/a> &#8211; Designada 22.06.23<\/p>\n<p><strong>UNCA:\u00a0<\/strong><br \/>\n<a href=\"mailto:patriciagomezkamenopolsky@agrarias.unca.edu.ar\">Patricia G\u00f3mez<\/a> &#8211; Designada 20.05.25<\/p>\n<p><strong>UNCuyo:<br \/>\n<\/strong><a href=\"mailto:silcabeza@yahoo.com\">Mar\u00eda Silvina Cabeza<\/a> &#8211; Designada 23.05.23<br \/>\n<a href=\"mailto:cgamarraluques@gmail.com\">Carlos Gamarra Luquez<\/a> &#8211; Designado 23.05.23<\/p>\n<p><strong>UNL:<\/strong><br \/>\n<a href=\"mailto:anabinetti@fiq.unl.edu.ar\">Ana Binetti<\/a> &#8211; Ratificada 08.11.22<br \/>\n<a href=\"mailto:adrianperezrubin@hotmail.com;aperezr@fiq.unl.edu.ar\">Adri\u00e1n P\u00e9rez<\/a> &#8211; Ratificado 08.11.22<\/p>\n<p><strong>UNLP:<\/strong><br \/>\n<a href=\"mailto:mca@biol.unlp.edu.ar\">Mar\u00eda Cristina A\u00f1\u00f3n<\/a> &#8211; Ratificada 02.05.19<\/p>\n<p><strong>UNNE:<\/strong><br \/>\n<a href=\"mailto:sonia.sgroppo@unne.edu.ar;sonia.sgroppo@hotmail.com\">Sonia Sgroppo<\/a> &#8211; Ratificada 21.06.23<br \/>\n<a href=\"mailto:ssanchez@unne.edu.ar\">Sebasti\u00e1n S\u00e1nchez<\/a> &#8211; Designado 21.06.23<\/p>\n<p><strong>UNR:<\/strong><br \/>\n<a href=\"mailto:mlmartin@fbioyf.unr.edu.ar\">Mar\u00eda Laura Mart\u00ednez<\/a> &#8211; Ratificada 25.08.25<br \/>\n<a href=\"mailto:slopez@fbioyf.unr.edu.ar\">Silvia N. L\u00f3pez<\/a> &#8211; Ratificada 25.08.25<\/p>\n<p><strong>UNS:<\/strong><br \/>\n<a href=\"mailto:vaninaestrada@gmail.com\">Vanina Estrada<\/a> &#8211; Designada 27.02.25<br \/>\n<a href=\"mailto:brunella.biscussi@uns.edu.ar\">Brunella Biscussi<\/a>&#8211; Designada 27.02.25<\/p>\n<p><strong>UNT:<\/strong><br \/>\n<a href=\"maria.alberto@fbqf.unt.edu.ar\">Mar\u00eda Rosa Alberto<\/a> &#8211; Designada 26.03.25<br \/>\n\u200b<a href=\"mailto:susana.genta@fbqf.unt.edu.ar\">Susana Beatriz de Fatima Genta<\/a> &#8211; Designada 04.07.25<\/p>\n<p><strong><br \/>\nBOLIVIA:<\/strong><\/p>\n<p><strong>UMSS:<br \/>\n<\/strong><a href=\"mailto:jd.quiroga@umss.edu.bo\">Jos\u00e9 Duberlin Quiroga V\u00eda<\/a><br \/>\n<a href=\"mailto:jenny_pinto@bio.umss.edu.bo\">Jenny Katya Pinto D\u00e1valos<\/a><br \/>\n<a href=\"mailto:b.lopez@umss.edu.bo\">Javier Bernardo L\u00f3pez Arze<\/a><strong><br \/>\n<\/strong><\/p>\n<p><strong><br \/>\nBRASIL:<\/strong><\/p>\n<p><strong>UFG:<\/strong><br \/>\n<a href=\"mailto:lucilia@ufg.br\">Luc\u00edlia Kato<\/a> &#8211; Designada 23.08.23<br \/>\n<a href=\"mailto:vanessapasqualotto@ufg.br\">Vanessa Pasqualotto Severino<\/a> &#8211; Designada 23.08.23<\/p>\n<p><strong>UFMG:<br \/>\n<\/strong><a href=\"mailto:jat@qui.ufmg.br\">Jacqueline Aparecida Takahashi<\/a> &#8211; Designada 12.05.17<\/p>\n<p><strong>UFPEL:<\/strong><br \/>\n<a href=\"mailto:eng.patricia.bilhalva@gmail.com\">Patr\u00edcia Soares Bilhalva dos Santos<\/a> &#8211; Designada 22.07.25<\/p>\n<p><strong>UFPR:<\/strong><br \/>\n<a href=\"mailto:tomoenakashima@ufpr.br; tomoenak@gmail.com\">Tomoe Nakashima<\/a><br \/>\n<a href=\"mailto:wesleysouza@ufpr.br\">Wesley Mauricio de Souza<\/a><\/p>\n<p><strong>UFRGS:<\/strong><br \/>\n<a href=\"mailto:eduardo.konrath@ufrgs.br\">Eduardo Luis Konrath<\/a> &#8211; Designado 18.08.25<\/p>\n<p><strong>UFRJ:<\/strong><br \/>\n<a href=\"mailto:mfmuzitano@gmail.com\">Michelle Fraz\u00e3o Muzitano<\/a> &#8211; Designada 01.04.21<\/p>\n<p><strong>UFSC:<br \/>\n<\/strong><a href=\"mailto:diogo.robl@ufsc.br\">Diogo Robl<\/a> &#8211; Designado 24.04.19<strong><br \/>\n<\/strong><\/p>\n<p><strong>UFSCar:<br \/>\n<\/strong><a href=\"mailto:agcorrea@ufscar.br\">Arlene Gon\u00e7alves Correa<\/a> &#8211; Designada 25.08.21<\/p>\n<p><strong>UFSM:<\/strong><br \/>\n<a href=\"mailto:milene.barcia@ufsm.br\">Milene Teixeira Barcia<\/a> &#8211; Designada 16.02.24<br \/>\n<a href=\"mailto:cristiano.ballus@ufsm.br\">Cristiano Augusto Ballus<\/a> &#8211; Designado 16.02.24<\/p>\n<p><strong>UNB:<br \/>\n<\/strong><a href=\"mailto:damaris@unb.br\">Damaris Silveira<\/a> &#8211; Designado 29.05.25<strong><br \/>\n<\/strong><\/p>\n<p><strong>UNIFESP:<\/strong><br \/>\n<a href=\"mailto:jchagas1@gmail.com\">Jair Ribeiro Chagas<\/a> &#8211; Designado 29.07.19<\/p>\n<p><strong><br \/>\nCHILE:<\/strong><\/p>\n<p><strong>UCHILE:<br \/>\n<\/strong><a href=\"mailto:raquelbridi@ciq.uchile.cl\">Raquel Bridi<\/a> &#8211; Desinada 24.04.24<\/p>\n<p><strong>USACH:<br \/>\n<\/strong><a href=\"mailto:javier.echeverriam@usach.cl\">Javier Echeverr\u00eda<\/a> &#8211; Ratificado 01.07.25<\/p>\n<p><strong><br \/>\nPARAGUAY:<\/strong><\/p>\n<p><strong>UNA:<\/strong><br \/>\n<a href=\"mailto:gloriayaluff@yahoo.com\">Gloria Yaluff<\/a> &#8211; Designada 10.07.17<br \/>\n<a href=\"mailto:franciscoferreira@facen.una.py\">Francisco Ferreira Ben\u00edtez<\/a> &#8211; Designado 06.04.22<\/p>\n<p><strong>UNE:<\/strong><br \/>\n<a href=\"mailto:natticaceval@gmail.com\">Nathalia Aceval Arriola<\/a> &#8211; Designada 19.04.21<\/p>\n<p><strong><br \/>\nURUGUAY:<\/strong><\/p>\n<p><strong>UdelaR:<\/strong><br \/>\n<a href=\"mailto:heinzen@fq.edu.uy\">Horacio Heinzen<\/a><\/p>\n<p>&nbsp;<\/p>\n","protected":false},"excerpt":{"rendered":"<p>Coordinaci\u00f3n: Gabriela Ortega &#8211; Universidad Nacional de C\u00f3rdoba, Argentina Coordinaci\u00f3n alterna: Javier Echeverr\u00eda &#8211; Universidad de Santiago de Chile, Chile ARGENTINA: UNC: Gabriela Ortega &#8211;&#8230;<\/p>\n","protected":false},"author":1,"featured_media":0,"parent":0,"menu_order":0,"comment_status":"closed","ping_status":"closed","template":"","meta":{"footnotes":""},"class_list":["post-16","page","type-page","status-publish","hentry"],"_links":{"self":[{"href":"https:\/\/grupomontevideo.org\/ndca\/ndproductosnaturales\/index.php?rest_route=\/wp\/v2\/pages\/16","targetHints":{"allow":["GET"]}}],"collection":[{"href":"https:\/\/grupomontevideo.org\/ndca\/ndproductosnaturales\/index.php?rest_route=\/wp\/v2\/pages"}],"about":[{"href":"https:\/\/grupomontevideo.org\/ndca\/ndproductosnaturales\/index.php?rest_route=\/wp\/v2\/types\/page"}],"author":[{"embeddable":true,"href":"https:\/\/grupomontevideo.org\/ndca\/ndproductosnaturales\/index.php?rest_route=\/wp\/v2\/users\/1"}],"replies":[{"embeddable":true,"href":"https:\/\/grupomontevideo.org\/ndca\/ndproductosnaturales\/index.php?rest_route=%2Fwp%2Fv2%2Fcomments&post=16"}],"version-history":[{"count":59,"href":"https:\/\/grupomontevideo.org\/ndca\/ndproductosnaturales\/index.php?rest_route=\/wp\/v2\/pages\/16\/revisions"}],"predecessor-version":[{"id":224,"href":"https:\/\/grupomontevideo.org\/ndca\/ndproductosnaturales\/index.php?rest_route=\/wp\/v2\/pages\/16\/revisions\/224"}],"wp:attachment":[{"href":"https:\/\/grupomontevideo.org\/ndca\/ndproductosnaturales\/index.php?rest_route=%2Fwp%2Fv2%2Fmedia&parent=16"}],"curies":[{"name":"wp","href":"https:\/\/api.w.org\/{rel}","templated":true}]}}

<p><b>Coordinación: </b><a style="font-weight: bold;" href="mailto:gortega@fcq.unc.edu.ar">Gabriela Ortega</a><b> &#8211; Universidad Nacional de Córdoba, Argentina</b></p>
<p><strong>Coordinación alterna:</strong> <strong><a href="mailto:javier.echeverriam@usach.cl">Javier Echeverría</a> &#8211; Universidad de Santiago de Chile, Chile</strong></p>
<hr />
<p><strong><br />
ARGENTINA:</strong></p>
<p><strong>UNC:</strong><br />
<a href="mailto:gortega@fcq.unc.edu.ar">Gabriela Ortega</a> &#8211; Ratificada 22.06.23<br />
<a href="mailto:pquiroga@agro.unc.edu.ar">Patricia Raquel Quiroga</a> &#8211; Designada 22.06.23</p>
<p><strong>UNCA: </strong><br />
<a href="mailto:patriciagomezkamenopolsky@agrarias.unca.edu.ar">Patricia Gómez</a> &#8211; Designada 20.05.25</p>
<p><strong>UNCuyo:<br />
</strong><a href="mailto:silcabeza@yahoo.com">María Silvina Cabeza</a> &#8211; Designada 23.05.23<br />
<a href="mailto:cgamarraluques@gmail.com">Carlos Gamarra Luquez</a> &#8211; Designado 23.05.23</p>
<p><strong>UNL:</strong><br />
<a href="mailto:anabinetti@fiq.unl.edu.ar">Ana Binetti</a> &#8211; Ratificada 08.11.22<br />
<a href="mailto:adrianperezrubin@hotmail.com;aperezr@fiq.unl.edu.ar">Adrián Pérez</a> &#8211; Ratificado 08.11.22</p>
<p><strong>UNLP:</strong><br />
<a href="mailto:mca@biol.unlp.edu.ar">María Cristina Añón</a> &#8211; Ratificada 02.05.19</p>
<p><strong>UNNE:</strong><br />
<a href="mailto:sonia.sgroppo@unne.edu.ar;sonia.sgroppo@hotmail.com">Sonia Sgroppo</a> &#8211; Ratificada 21.06.23<br />
<a href="mailto:ssanchez@unne.edu.ar">Sebastián Sánchez</a> &#8211; Designado 21.06.23</p>
<p><strong>UNR:</strong><br />
<a href="mailto:mlmartin@fbioyf.unr.edu.ar">María Laura Martínez</a> &#8211; Ratificada 25.08.25<br />
<a href="mailto:slopez@fbioyf.unr.edu.ar">Silvia N. López</a> &#8211; Ratificada 25.08.25</p>
<p><strong>UNS:</strong><br />
<a href="mailto:vaninaestrada@gmail.com">Vanina Estrada</a> &#8211; Designada 27.02.25<br />
<a href="mailto:brunella.biscussi@uns.edu.ar">Brunella Biscussi</a>&#8211; Designada 27.02.25</p>
<p><strong>UNT:</strong><br />
<a href="maria.alberto@fbqf.unt.edu.ar">María Rosa Alberto</a> &#8211; Designada 26.03.25<br />
​<a href="mailto:susana.genta@fbqf.unt.edu.ar">Susana Beatriz de Fatima Genta</a> &#8211; Designada 04.07.25</p>
<p><strong><br />
BOLIVIA:</strong></p>
<p><strong>UMSS:<br />
</strong><a href="mailto:jd.quiroga@umss.edu.bo">José Duberlin Quiroga Vía</a><br />
<a href="mailto:jenny_pinto@bio.umss.edu.bo">Jenny Katya Pinto Dávalos</a><br />
<a href="mailto:b.lopez@umss.edu.bo">Javier Bernardo López Arze</a><strong><br />
</strong></p>
<p><strong><br />
BRASIL:</strong></p>
<p><strong>UFG:</strong><br />
<a href="mailto:lucilia@ufg.br">Lucília Kato</a> &#8211; Designada 23.08.23<br />
<a href="mailto:vanessapasqualotto@ufg.br">Vanessa Pasqualotto Severino</a> &#8211; Designada 23.08.23</p>
<p><strong>UFMG:<br />
</strong><a href="mailto:jat@qui.ufmg.br">Jacqueline Aparecida Takahashi</a> &#8211; Designada 12.05.17</p>
<p><strong>UFPEL:</strong><br />
<a href="mailto:eng.patricia.bilhalva@gmail.com">Patrícia Soares Bilhalva dos Santos</a> &#8211; Designada 22.07.25</p>
<p><strong>UFPR:</strong><br />
<a href="mailto:tomoenakashima@ufpr.br; tomoenak@gmail.com">Tomoe Nakashima</a><br />
<a href="mailto:wesleysouza@ufpr.br">Wesley Mauricio de Souza</a></p>
<p><strong>UFRGS:</strong><br />
<a href="mailto:eduardo.konrath@ufrgs.br">Eduardo Luis Konrath</a> &#8211; Designado 18.08.25</p>
<p><strong>UFRJ:</strong><br />
<a href="mailto:mfmuzitano@gmail.com">Michelle Frazão Muzitano</a> &#8211; Designada 01.04.21</p>
<p><strong>UFSC:<br />
</strong><a href="mailto:diogo.robl@ufsc.br">Diogo Robl</a> &#8211; Designado 24.04.19<strong><br />
</strong></p>
<p><strong>UFSCar:<br />
</strong><a href="mailto:agcorrea@ufscar.br">Arlene Gonçalves Correa</a> &#8211; Designada 25.08.21</p>
<p><strong>UFSM:</strong><br />
<a href="mailto:milene.barcia@ufsm.br">Milene Teixeira Barcia</a> &#8211; Designada 16.02.24<br />
<a href="mailto:cristiano.ballus@ufsm.br">Cristiano Augusto Ballus</a> &#8211; Designado 16.02.24</p>
<p><strong>UNB:<br />
</strong><a href="mailto:damaris@unb.br">Damaris Silveira</a> &#8211; Designado 29.05.25<strong><br />
</strong></p>
<p><strong>UNIFESP:</strong><br />
<a href="mailto:jchagas1@gmail.com">Jair Ribeiro Chagas</a> &#8211; Designado 29.07.19</p>
<p><strong><br />
CHILE:</strong></p>
<p><strong>UCHILE:<br />
</strong><a href="mailto:raquelbridi@ciq.uchile.cl">Raquel Bridi</a> &#8211; Desinada 24.04.24</p>
<p><strong>USACH:<br />
</strong><a href="mailto:javier.echeverriam@usach.cl">Javier Echeverría</a> &#8211; Ratificado 01.07.25</p>
<p><strong><br />
PARAGUAY:</strong></p>
<p><strong>UNA:</strong><br />
<a href="mailto:gloriayaluff@yahoo.com">Gloria Yaluff</a> &#8211; Designada 10.07.17<br />
<a href="mailto:franciscoferreira@facen.una.py">Francisco Ferreira Benítez</a> &#8211; Designado 06.04.22</p>
<p><strong>UNE:</strong><br />
<a href="mailto:natticaceval@gmail.com">Nathalia Aceval Arriola</a> &#8211; Designada 19.04.21</p>
<p><strong><br />
URUGUAY:</strong></p>
<p><strong>UdelaR:</strong><br />
<a href="mailto:heinzen@fq.edu.uy">Horacio Heinzen</a></p>
<p>&nbsp;</p>

<p>Coordinación: Gabriela Ortega &#8211; Universidad Nacional de Córdoba, Argentina Coordinación alterna: Javier Echeverría &#8211; Universidad de Santiago de Chile, Chile ARGENTINA: UNC: Gabriela Ortega &#8211;&#8230;</p>
