{"id":18,"date":"2015-12-04T19:37:06","date_gmt":"2015-12-04T19:37:06","guid":{"rendered":"http:\/\/grupomontevideo.org\/ndca\/caagroalimentario\/?page_id=18"},"modified":"2025-02-20T18:55:44","modified_gmt":"2025-02-20T18:55:44","slug":"objetivos","status":"publish","type":"page","link":"https:\/\/grupomontevideo.org\/ndca\/ndpelse\/?page_id=18","title":{"rendered":"OBJETIVOS"},"content":{"rendered":"<p>El N\u00facleo Disciplinario Ense\u00f1anza de Espa\u00f1ol y Portugu\u00e9s como Lenguas Segundas y Extranjeras surgi\u00f3 a ra\u00edz de la necesidad de desarrollar en forma espec\u00edfica en el seno de la AUGM la tem\u00e1tica concerniente al espa\u00f1ol y el portugu\u00e9s como lenguas extranjeras en relaci\u00f3n con las culturas locales y regionales. En su 43\u00aa Reuni\u00f3n del Consejo de Rectores celebrada en la UFSCAR en noviembre de 2005, la AUGM declar\u00f3 esta \u00e1rea de inter\u00e9s institucional y conform\u00f3 una Comisi\u00f3n Especial con representantes de 9 universidades (UDELAR, UFRGS, UNC, UNICAMP, UNLP, UBA, UL, UFSCAR y UNER), cuyo trabajo dio como resultado la creaci\u00f3n en julio de 2006 de este N\u00facleo especialmente dedicado a los temas de ense\u00f1anza de ambas lenguas. Hoy en d\u00eda son 14 las universidades que lo integran.<\/p>\n<p>Su <strong>principal cometido<\/strong> es congregar, articular e incentivar acciones tendientes al desarrollo en el \u00e1mbito universitario de la ense\u00f1anza, investigaci\u00f3n y extensi\u00f3n relacionadas con el espa\u00f1ol y el portugu\u00e9s como lenguas segundas y extranjeras en el marco del respeto a otras lenguas de la regi\u00f3n.<a href=\"http:\/\/164.73.108.3\/docs\/Nucleos_Disciplinarios\/Ensenanza_de_Espanol_y_Portugues\/declaracin%20de%20constitucin%20del%20nd%20pelse.pdf\" target=\"_blank\" rel=\"noopener\"><strong><br \/>\n<\/strong><\/a><\/p>\n<p><a href=\"http:\/\/164.73.108.3\/docs\/Nucleos_Disciplinarios\/Ensenanza_de_Espanol_y_Portugues\/declaracin%20de%20constitucin%20del%20nd%20pelse.pdf\" target=\"_blank\" rel=\"noopener\">Declaraci\u00f3n de Constituci\u00f3n del N\u00facleo<\/a>[:pt]OBJETIVO DEL COMIT\u00c9<br \/>\nCrear un foro de intercambio y gesti\u00f3n de conocimientos vinculados al sector<br \/>\nagroalimentario (desde la producci\u00f3n hasta el consumidor), interdisciplinario,<br \/>\ninterinstitucional e intersectorial, que fortalezca la planificaci\u00f3n y gesti\u00f3n de<br \/>\npol\u00edticas y programas de desarrollo sostenible en Am\u00e9rica Latina.<\/p>\n<p>DESCARGUE PDF:\u00a0<a href=\"http:\/\/grupomontevideo.org\/ndca\/caagroalimentario\/wp-content\/uploads\/2013\/10\/Objetivos-y-Fundamentaci\u00f3n.pdf\">Objetivos y Fundamentaci\u00f3n<\/a><\/p>\n","protected":false},"excerpt":{"rendered":"<p>El N\u00facleo Disciplinario Ense\u00f1anza de Espa\u00f1ol y Portugu\u00e9s como Lenguas Segundas y Extranjeras surgi\u00f3 a ra\u00edz de la necesidad de desarrollar en forma espec\u00edfica en&#8230;<\/p>\n","protected":false},"author":1,"featured_media":0,"parent":0,"menu_order":0,"comment_status":"closed","ping_status":"closed","template":"","meta":{"footnotes":""},"class_list":["post-18","page","type-page","status-publish","hentry"],"_links":{"self":[{"href":"https:\/\/grupomontevideo.org\/ndca\/ndpelse\/index.php?rest_route=\/wp\/v2\/pages\/18","targetHints":{"allow":["GET"]}}],"collection":[{"href":"https:\/\/grupomontevideo.org\/ndca\/ndpelse\/index.php?rest_route=\/wp\/v2\/pages"}],"about":[{"href":"https:\/\/grupomontevideo.org\/ndca\/ndpelse\/index.php?rest_route=\/wp\/v2\/types\/page"}],"author":[{"embeddable":true,"href":"https:\/\/grupomontevideo.org\/ndca\/ndpelse\/index.php?rest_route=\/wp\/v2\/users\/1"}],"replies":[{"embeddable":true,"href":"https:\/\/grupomontevideo.org\/ndca\/ndpelse\/index.php?rest_route=%2Fwp%2Fv2%2Fcomments&post=18"}],"version-history":[{"count":6,"href":"https:\/\/grupomontevideo.org\/ndca\/ndpelse\/index.php?rest_route=\/wp\/v2\/pages\/18\/revisions"}],"predecessor-version":[{"id":328,"href":"https:\/\/grupomontevideo.org\/ndca\/ndpelse\/index.php?rest_route=\/wp\/v2\/pages\/18\/revisions\/328"}],"wp:attachment":[{"href":"https:\/\/grupomontevideo.org\/ndca\/ndpelse\/index.php?rest_route=%2Fwp%2Fv2%2Fmedia&parent=18"}],"curies":[{"name":"wp","href":"https:\/\/api.w.org\/{rel}","templated":true}]}}

<p>El Núcleo Disciplinario Enseñanza de Español y Portugués como Lenguas Segundas y Extranjeras surgió a raíz de la necesidad de desarrollar en forma específica en el seno de la AUGM la temática concerniente al español y el portugués como lenguas extranjeras en relación con las culturas locales y regionales. En su 43ª Reunión del Consejo de Rectores celebrada en la UFSCAR en noviembre de 2005, la AUGM declaró esta área de interés institucional y conformó una Comisión Especial con representantes de 9 universidades (UDELAR, UFRGS, UNC, UNICAMP, UNLP, UBA, UL, UFSCAR y UNER), cuyo trabajo dio como resultado la creación en julio de 2006 de este Núcleo especialmente dedicado a los temas de enseñanza de ambas lenguas. Hoy en día son 14 las universidades que lo integran.</p>
<p>Su <strong>principal cometido</strong> es congregar, articular e incentivar acciones tendientes al desarrollo en el ámbito universitario de la enseñanza, investigación y extensión relacionadas con el español y el portugués como lenguas segundas y extranjeras en el marco del respeto a otras lenguas de la región.<a href="http://164.73.108.3/docs/Nucleos_Disciplinarios/Ensenanza_de_Espanol_y_Portugues/declaracin%20de%20constitucin%20del%20nd%20pelse.pdf" target="_blank" rel="noopener"><strong><br />
</strong></a></p>
<p><a href="http://164.73.108.3/docs/Nucleos_Disciplinarios/Ensenanza_de_Espanol_y_Portugues/declaracin%20de%20constitucin%20del%20nd%20pelse.pdf" target="_blank" rel="noopener">Declaración de Constitución del Núcleo</a>[:pt]OBJETIVO DEL COMITÉ<br />
Crear un foro de intercambio y gestión de conocimientos vinculados al sector<br />
agroalimentario (desde la producción hasta el consumidor), interdisciplinario,<br />
interinstitucional e intersectorial, que fortalezca la planificación y gestión de<br />
políticas y programas de desarrollo sostenible en América Latina.</p>
<p>DESCARGUE PDF: <a href="http://grupomontevideo.org/ndca/caagroalimentario/wp-content/uploads/2013/10/Objetivos-y-Fundamentación.pdf">Objetivos y Fundamentación</a></p>

<p>El Núcleo Disciplinario Enseñanza de Español y Portugués como Lenguas Segundas y Extranjeras surgió a raíz de la necesidad de desarrollar en forma específica en&#8230;</p>
