{"id":16,"date":"2015-12-04T19:36:59","date_gmt":"2015-12-04T19:36:59","guid":{"rendered":"http:\/\/grupomontevideo.org\/ndca\/caagroalimentario\/?page_id=16"},"modified":"2026-04-21T15:51:51","modified_gmt":"2026-04-21T15:51:51","slug":"integrantes","status":"publish","type":"page","link":"https:\/\/grupomontevideo.org\/ndca\/ndpelse\/?page_id=16","title":{"rendered":"INTEGRANTES"},"content":{"rendered":"<p><strong>Coordinado por la Universidad Nacional de San Luis (UNSL), Argentina<\/strong><br \/>\n<a href=\"mailto:mlescalante@email.unsl.edu.ar\">Mar\u00eda Laura Escalante<\/a> <a href=\"mailto:luciazuppa@gmail.com\">&#8211; Lucia Zuppa<\/a> &#8211;<\/p>\n<p>Resoluci\u00f3n N\u00b0 262 de la Presidencia de AUGM<\/p>\n<hr \/>\n<p><strong>ARGENTINA:<\/strong><\/p>\n<p><strong>UBA:<\/strong><br \/>\n<a href=\"mailto:leonor@filo.uba.ar?cc=lenguasyhablantes@gmail.com\">Leonor Acu\u00f1a<\/a><\/p>\n<p><strong>UNC:<br \/>\n<\/strong><a href=\"mailto:raquel.carranza@unc.edu.ar\">Raquel Carranza<\/a> &#8211; Designada 22.06.23<br \/>\n<a href=\"mailto:andrea.gambini@unc.edu.ar\">Andrea Gambini<\/a> &#8211; Designada 22.06.23<\/p>\n<p><strong>UNCA:<\/strong><br \/>\n<a href=\"mailto:tmascarenovaras@unca.edu.ar\">Tamara Mascare\u00f1o Varas<\/a> &#8211; Designada 20.05.25<\/p>\n<p><strong>UNCuyo:<\/strong><br \/>\n<a href=\"mailto:patriacosta@yahoo.com.ar\">Silvia Patricia Acosta<\/a> &#8211; Ratificada 25.04.23<\/p>\n<p><strong>UNER:<\/strong><br \/>\n<a href=\"mailto:garuga@ingenieria.uner.edu.ar\">Gabriela Aruga<\/a>\u00a0&#8211; Designada 07.09.20<br \/>\n<a href=\"mailto:dwaigandt@ingenieria.uner.edu.ar\">Diana Waigandt<\/a>\u00a0&#8211; Designada 07.09.20<\/p>\n<p><strong>UNL:<\/strong><br \/>\n<a href=\"mailto:monaco.fabian@gmail.com\">Fabi\u00e1n M\u00f3naco<\/a> &#8211; Ratificado 08.11.22<br \/>\n<a href=\"mailto:eugeniavignatti@gmail.com\">Eugenia Vignatti<\/a> &#8211; Designada 10.09.24<\/p>\n<p><strong>UNLP:<\/strong><br \/>\n<a href=\"mailto:adrianaboffi@yahoo.com.ar\">Adriana Boffi <\/a>&#8211; Ratificada 02.05.19<\/p>\n<p><strong>UNMdP:<\/strong><br \/>\n<a href=\"mailto:menegot@mdp.edu.ar\">Andrea Menegotto<\/a><\/p>\n<p><strong>UNNE:<\/strong><br \/>\n<a href=\"mailto:hugowingeyer@hotmail.com\">Hugo Wingeyer<\/a> &#8211; Designado 21.06.23<br \/>\n<a href=\"mailto:nestor.peralta@comunidad.unne.edu.ar\">N\u00e9stor Edgardo Peralta<\/a> &#8211; Designado 21.06.23<\/p>\n<p><strong>UNNOBA:<\/strong><br \/>\n<a href=\"mailto:mbmartino@unnoba.edu.ar\">Belisa Martino<\/a> &#8211; Designada 05.09.23<br \/>\n<a href=\"mailto:pilartraverso@unnoba.edu.ar\">Pilar Traverso<\/a>\u00a0&#8211; Designada 05.09.23<\/p>\n<p><strong>UNR:<\/strong><br \/>\n<a href=\"mailto:florenciamiranda71@gmail.com\">Florencia Miranda<\/a> &#8211; Ratificada 15.12.21<br \/>\n<a href=\"mailto:recagnomariasoledad@hotmail.com\">Mar\u00eda Soledad Recagno<\/a>\u00a0&#8211; Designada 25.08.25<\/p>\n<p><strong>UNS:<\/strong><br \/>\n<a href=\"mailto:lubroder@hotmail.com\">Lucas Brodersen<\/a> &#8211; Ratificado 27.02.25<br \/>\n<a href=\"mailto:fainstein.p@gmail.com\">Paula Fainstein<\/a> &#8211; Designada 27.02.25<\/p>\n<p><strong>UNSL:<br \/>\n<\/strong><a href=\"mailto:mlescalante@email.unsl.edu.ar\">Mar\u00eda Laura Escalante<\/a> &#8211; Designada 19.04.23<br \/>\n<a href=\"mailto:luciazuppa@gmail.com\">Lucia Zuppa<\/a> &#8211; Designada 19.04.23<\/p>\n<p><strong><br \/>\nBOLIVIA:<\/strong><\/p>\n<p><strong>UMSS:<\/strong><br \/>\n<a href=\"mailto:fossatixx@hotmail.com\">Giovanni Fossati Lema<\/a> &#8211; Ratificado 09.08.24<\/p>\n<p><strong>USFX:<br \/>\n<\/strong><a href=\"mailto:baldivieso.noemi@usfx.bo\">Noemi Baldivieso<\/a> &#8211; Designada 02.09.20<strong><br \/>\n<\/strong><\/p>\n<p><strong><br \/>\nBRASIL:<\/strong><\/p>\n<p><strong>UFG:<br \/>\n<\/strong><a href=\"mailto:elena@ufg.br\">Elena Ortiz Preuss<\/a> &#8211; Ratificada 23.08.23<br \/>\n<a href=\"mailto:patriciaracm@ufg.br\">Patr\u00edcia Roberta Machado<\/a> &#8211; Designada 23.08.23<\/p>\n<p><strong>UFMG:<\/strong><br \/>\n<a href=\"mailto: eduamaralbh@uol.com.br\">Eduardo Amaral<\/a> &#8211; Designado 10.05.17<br \/>\n<a href=\"mailto:henriqueleroy25@gmail.com\">Henrique Rodrigues Leroy<\/a> &#8211; Designado 11.11.19<\/p>\n<p><strong>UFPR:<br \/>\n<\/strong><a href=\"mailto:glendacaceres@ufpr.br\">Glenda Heller Caceres<\/a> &#8211; Designada 05.09.22<strong><br \/>\n<\/strong><\/p>\n<p><strong>UFRGS:<\/strong><br \/>\n<a href=\"mailto:mnarino@terra.com.br\">M\u00f3nica Nari\u00f1o Rodr\u00edguez<\/a> &#8211; Designada 30.10.25<\/p>\n<p><strong>UFRJ:<\/strong><br \/>\n<a href=\"mailto:miguelmateoruiz@letras.ufrj.br\">Miguel Mateo Ruiz<\/a> &#8211; Designado 01.04.21<br \/>\n<a href=\"mailto:virginiafarias@letras.ufrj.br\">Virginia Sita Farias<\/a> &#8211; Designada 01.04.21<br \/>\n<a href=\"mailto:andreabelfort@letras.ufrj.br\">Andr\u00e9a Lima Belfort Duarte<\/a> &#8211; Designada 01.04.21<br \/>\n<a href=\"mailto:patricia.mca@hotmail.com\">Patricia Maria Campos de Almeida<\/a> &#8211; Designada 01.04.21<\/p>\n<p><strong>UFSC:<br \/>\n<\/strong><a href=\"mailto:gimioliz@gmail.com\">Gilvan M\u00fcller de Oliveira<\/a>\u00a0&#8211; Ratificado 06.06.18<\/p>\n<p><strong>UFSCar:<\/strong><br \/>\n<a href=\"mailto:nlsviana@ufscar.br; nlsviana@gmail.com\">Nelson Viana<\/a><\/p>\n<p><strong>UFSM:<\/strong><br \/>\n<a href=\"mailto:listurza@terra.com.br?cc=listurza@gmail.com\">Eliana Rosa Sturza<\/a> &#8211;\u00a0Ratificada 27.06.14<a href=\"mailto:listurza@terra.com.br?cc=listurza@gmail.com\"><br \/>\n<\/a><a href=\"mailto:tnunes@terra.com.br\">Maria Tereza Nunes Marchesan<\/a>\u00a0&#8211; Designada 27.06.14<\/p>\n<p><strong>UnB:<\/strong><br \/>\n<a href=\"mailto:moniqueleite@unb.br\">Monique Leite Ara\u00fajo<\/a> &#8211; Designada 29.05.25<br \/>\n<a href=\"mailto:tabata.yonaha@unb.br\">T\u00e1bata Quintana Yonaha<\/a> &#8211; Designada 29.05.25<\/p>\n<p><strong>UNESP:<\/strong><br \/>\n<a href=\"mailto:nildirocha@fclar.unesp.br\">Nildic\u00e9ia Aparecida Rocha<\/a><\/p>\n<p><strong>UNICAMP:<\/strong><br \/>\n<a href=\"mailto:abizon@unicamp.br\">Ana Cec\u00edlia Cossi Bizon<\/a> &#8211; Designada 11.06.21<\/p>\n<p><strong>UNIFESP:<br \/>\n<\/strong><a href=\"mailto:rosangela.dantas@unifesp.br\">Ros\u00e2ngela Dantas de Oliveira<\/a> &#8211; Ratificada 12.01.24<br \/>\n<a href=\"mailto:greicenobrega@gmail.com\">Greice Nobrega<\/a> &#8211; Ratificada 12.01.24<strong><br \/>\n<\/strong><\/p>\n<p><strong>USP:<\/strong><br \/>\n<a href=\"mailto:momayrink@usp.br\">M\u00f4nica Ferreira Mayrink O&#8217;Kuinghttons<\/a>\u00a0 &#8211; Designada 07.04.26<\/p>\n<p><strong>CHILE:<\/strong><\/p>\n<p><strong>UChile:<br \/>\n<\/strong><a href=\"mailto:cflores@uchile.cl\">Claudia Flores<\/a> &#8211; Designada 05.08.22<strong><br \/>\n<\/strong><\/p>\n<p><strong>UPLA:<\/strong><br \/>\n<a href=\"mailto:jmolivar@upla.cl\">Jos\u00e9 Manuel Olivares<\/a> &#8211; Ratificado 18.07.22<\/p>\n<p><strong>USACH:<\/strong><br \/>\n<a href=\"mailto:francisca.dossantos@usach.cl\">Francisca Eugenia Dos Santos<\/a> &#8211; Designada 01.07.25<\/p>\n<p><strong><br \/>\nPARAGUAY:<\/strong><\/p>\n<p><strong>UNA:<\/strong><br \/>\n<a href=\"mailto:lewmachado@gmail.com\">Lu\u00eds Eduardo Wexell Machado<\/a> &#8211; Designado 20.08.20<br \/>\n<a href=\"mailto:isl-gpereira@fil.una.py;gabrielmaciel95@hotmail.com\">Gabriel Maciel Pereira<\/a> &#8211; Designado 06.04.22<\/p>\n<p><strong>UNE:<\/strong><br \/>\n<a href=\"mailto:dmmi422@gmail.com\">Dulce Mar\u00eda Monges Ivaldi<\/a> &#8211; Designado 19.04.21<\/p>\n<p><strong><br \/>\nURUGUAY:<\/strong><\/p>\n<p><strong>UdelaR:<\/strong><br \/>\n<a href=\"mailto:laumasello@gmail.com\">Laura Masello<\/a><\/p>\n<p>&nbsp;<\/p>\n","protected":false},"excerpt":{"rendered":"<p>Coordinado por la Universidad Nacional de San Luis (UNSL), Argentina Mar\u00eda Laura Escalante &#8211; Lucia Zuppa &#8211; Resoluci\u00f3n N\u00b0 262 de la Presidencia de AUGM&#8230;<\/p>\n","protected":false},"author":1,"featured_media":0,"parent":0,"menu_order":0,"comment_status":"closed","ping_status":"closed","template":"","meta":{"footnotes":""},"class_list":["post-16","page","type-page","status-publish","hentry"],"_links":{"self":[{"href":"https:\/\/grupomontevideo.org\/ndca\/ndpelse\/index.php?rest_route=\/wp\/v2\/pages\/16","targetHints":{"allow":["GET"]}}],"collection":[{"href":"https:\/\/grupomontevideo.org\/ndca\/ndpelse\/index.php?rest_route=\/wp\/v2\/pages"}],"about":[{"href":"https:\/\/grupomontevideo.org\/ndca\/ndpelse\/index.php?rest_route=\/wp\/v2\/types\/page"}],"author":[{"embeddable":true,"href":"https:\/\/grupomontevideo.org\/ndca\/ndpelse\/index.php?rest_route=\/wp\/v2\/users\/1"}],"replies":[{"embeddable":true,"href":"https:\/\/grupomontevideo.org\/ndca\/ndpelse\/index.php?rest_route=%2Fwp%2Fv2%2Fcomments&post=16"}],"version-history":[{"count":82,"href":"https:\/\/grupomontevideo.org\/ndca\/ndpelse\/index.php?rest_route=\/wp\/v2\/pages\/16\/revisions"}],"predecessor-version":[{"id":381,"href":"https:\/\/grupomontevideo.org\/ndca\/ndpelse\/index.php?rest_route=\/wp\/v2\/pages\/16\/revisions\/381"}],"wp:attachment":[{"href":"https:\/\/grupomontevideo.org\/ndca\/ndpelse\/index.php?rest_route=%2Fwp%2Fv2%2Fmedia&parent=16"}],"curies":[{"name":"wp","href":"https:\/\/api.w.org\/{rel}","templated":true}]}}

<p><strong>Coordinado por la Universidad Nacional de San Luis (UNSL), Argentina</strong><br />
<a href="mailto:mlescalante@email.unsl.edu.ar">María Laura Escalante</a> <a href="mailto:luciazuppa@gmail.com">&#8211; Lucia Zuppa</a> &#8211;</p>
<p>Resolución N° 262 de la Presidencia de AUGM</p>
<hr />
<p><strong>ARGENTINA:</strong></p>
<p><strong>UBA:</strong><br />
<a href="mailto:leonor@filo.uba.ar?cc=lenguasyhablantes@gmail.com">Leonor Acuña</a></p>
<p><strong>UNC:<br />
</strong><a href="mailto:raquel.carranza@unc.edu.ar">Raquel Carranza</a> &#8211; Designada 22.06.23<br />
<a href="mailto:andrea.gambini@unc.edu.ar">Andrea Gambini</a> &#8211; Designada 22.06.23</p>
<p><strong>UNCA:</strong><br />
<a href="mailto:tmascarenovaras@unca.edu.ar">Tamara Mascareño Varas</a> &#8211; Designada 20.05.25</p>
<p><strong>UNCuyo:</strong><br />
<a href="mailto:patriacosta@yahoo.com.ar">Silvia Patricia Acosta</a> &#8211; Ratificada 25.04.23</p>
<p><strong>UNER:</strong><br />
<a href="mailto:garuga@ingenieria.uner.edu.ar">Gabriela Aruga</a> &#8211; Designada 07.09.20<br />
<a href="mailto:dwaigandt@ingenieria.uner.edu.ar">Diana Waigandt</a> &#8211; Designada 07.09.20</p>
<p><strong>UNL:</strong><br />
<a href="mailto:monaco.fabian@gmail.com">Fabián Mónaco</a> &#8211; Ratificado 08.11.22<br />
<a href="mailto:eugeniavignatti@gmail.com">Eugenia Vignatti</a> &#8211; Designada 10.09.24</p>
<p><strong>UNLP:</strong><br />
<a href="mailto:adrianaboffi@yahoo.com.ar">Adriana Boffi </a>&#8211; Ratificada 02.05.19</p>
<p><strong>UNMdP:</strong><br />
<a href="mailto:menegot@mdp.edu.ar">Andrea Menegotto</a></p>
<p><strong>UNNE:</strong><br />
<a href="mailto:hugowingeyer@hotmail.com">Hugo Wingeyer</a> &#8211; Designado 21.06.23<br />
<a href="mailto:nestor.peralta@comunidad.unne.edu.ar">Néstor Edgardo Peralta</a> &#8211; Designado 21.06.23</p>
<p><strong>UNNOBA:</strong><br />
<a href="mailto:mbmartino@unnoba.edu.ar">Belisa Martino</a> &#8211; Designada 05.09.23<br />
<a href="mailto:pilartraverso@unnoba.edu.ar">Pilar Traverso</a> &#8211; Designada 05.09.23</p>
<p><strong>UNR:</strong><br />
<a href="mailto:florenciamiranda71@gmail.com">Florencia Miranda</a> &#8211; Ratificada 15.12.21<br />
<a href="mailto:recagnomariasoledad@hotmail.com">María Soledad Recagno</a> &#8211; Designada 25.08.25</p>
<p><strong>UNS:</strong><br />
<a href="mailto:lubroder@hotmail.com">Lucas Brodersen</a> &#8211; Ratificado 27.02.25<br />
<a href="mailto:fainstein.p@gmail.com">Paula Fainstein</a> &#8211; Designada 27.02.25</p>
<p><strong>UNSL:<br />
</strong><a href="mailto:mlescalante@email.unsl.edu.ar">María Laura Escalante</a> &#8211; Designada 19.04.23<br />
<a href="mailto:luciazuppa@gmail.com">Lucia Zuppa</a> &#8211; Designada 19.04.23</p>
<p><strong><br />
BOLIVIA:</strong></p>
<p><strong>UMSS:</strong><br />
<a href="mailto:fossatixx@hotmail.com">Giovanni Fossati Lema</a> &#8211; Ratificado 09.08.24</p>
<p><strong>USFX:<br />
</strong><a href="mailto:baldivieso.noemi@usfx.bo">Noemi Baldivieso</a> &#8211; Designada 02.09.20<strong><br />
</strong></p>
<p><strong><br />
BRASIL:</strong></p>
<p><strong>UFG:<br />
</strong><a href="mailto:elena@ufg.br">Elena Ortiz Preuss</a> &#8211; Ratificada 23.08.23<br />
<a href="mailto:patriciaracm@ufg.br">Patrícia Roberta Machado</a> &#8211; Designada 23.08.23</p>
<p><strong>UFMG:</strong><br />
<a href="mailto: eduamaralbh@uol.com.br">Eduardo Amaral</a> &#8211; Designado 10.05.17<br />
<a href="mailto:henriqueleroy25@gmail.com">Henrique Rodrigues Leroy</a> &#8211; Designado 11.11.19</p>
<p><strong>UFPR:<br />
</strong><a href="mailto:glendacaceres@ufpr.br">Glenda Heller Caceres</a> &#8211; Designada 05.09.22<strong><br />
</strong></p>
<p><strong>UFRGS:</strong><br />
<a href="mailto:mnarino@terra.com.br">Mónica Nariño Rodríguez</a> &#8211; Designada 30.10.25</p>
<p><strong>UFRJ:</strong><br />
<a href="mailto:miguelmateoruiz@letras.ufrj.br">Miguel Mateo Ruiz</a> &#8211; Designado 01.04.21<br />
<a href="mailto:virginiafarias@letras.ufrj.br">Virginia Sita Farias</a> &#8211; Designada 01.04.21<br />
<a href="mailto:andreabelfort@letras.ufrj.br">Andréa Lima Belfort Duarte</a> &#8211; Designada 01.04.21<br />
<a href="mailto:patricia.mca@hotmail.com">Patricia Maria Campos de Almeida</a> &#8211; Designada 01.04.21</p>
<p><strong>UFSC:<br />
</strong><a href="mailto:gimioliz@gmail.com">Gilvan Müller de Oliveira</a> &#8211; Ratificado 06.06.18</p>
<p><strong>UFSCar:</strong><br />
<a href="mailto:nlsviana@ufscar.br; nlsviana@gmail.com">Nelson Viana</a></p>
<p><strong>UFSM:</strong><br />
<a href="mailto:listurza@terra.com.br?cc=listurza@gmail.com">Eliana Rosa Sturza</a> &#8211; Ratificada 27.06.14<a href="mailto:listurza@terra.com.br?cc=listurza@gmail.com"><br />
</a><a href="mailto:tnunes@terra.com.br">Maria Tereza Nunes Marchesan</a> &#8211; Designada 27.06.14</p>
<p><strong>UnB:</strong><br />
<a href="mailto:moniqueleite@unb.br">Monique Leite Araújo</a> &#8211; Designada 29.05.25<br />
<a href="mailto:tabata.yonaha@unb.br">Tábata Quintana Yonaha</a> &#8211; Designada 29.05.25</p>
<p><strong>UNESP:</strong><br />
<a href="mailto:nildirocha@fclar.unesp.br">Nildicéia Aparecida Rocha</a></p>
<p><strong>UNICAMP:</strong><br />
<a href="mailto:abizon@unicamp.br">Ana Cecília Cossi Bizon</a> &#8211; Designada 11.06.21</p>
<p><strong>UNIFESP:<br />
</strong><a href="mailto:rosangela.dantas@unifesp.br">Rosângela Dantas de Oliveira</a> &#8211; Ratificada 12.01.24<br />
<a href="mailto:greicenobrega@gmail.com">Greice Nobrega</a> &#8211; Ratificada 12.01.24<strong><br />
</strong></p>
<p><strong>USP:</strong><br />
<a href="mailto:momayrink@usp.br">Mônica Ferreira Mayrink O&#8217;Kuinghttons</a>  &#8211; Designada 07.04.26</p>
<p><strong>CHILE:</strong></p>
<p><strong>UChile:<br />
</strong><a href="mailto:cflores@uchile.cl">Claudia Flores</a> &#8211; Designada 05.08.22<strong><br />
</strong></p>
<p><strong>UPLA:</strong><br />
<a href="mailto:jmolivar@upla.cl">José Manuel Olivares</a> &#8211; Ratificado 18.07.22</p>
<p><strong>USACH:</strong><br />
<a href="mailto:francisca.dossantos@usach.cl">Francisca Eugenia Dos Santos</a> &#8211; Designada 01.07.25</p>
<p><strong><br />
PARAGUAY:</strong></p>
<p><strong>UNA:</strong><br />
<a href="mailto:lewmachado@gmail.com">Luís Eduardo Wexell Machado</a> &#8211; Designado 20.08.20<br />
<a href="mailto:isl-gpereira@fil.una.py;gabrielmaciel95@hotmail.com">Gabriel Maciel Pereira</a> &#8211; Designado 06.04.22</p>
<p><strong>UNE:</strong><br />
<a href="mailto:dmmi422@gmail.com">Dulce María Monges Ivaldi</a> &#8211; Designado 19.04.21</p>
<p><strong><br />
URUGUAY:</strong></p>
<p><strong>UdelaR:</strong><br />
<a href="mailto:laumasello@gmail.com">Laura Masello</a></p>
<p>&nbsp;</p>

<p>Coordinado por la Universidad Nacional de San Luis (UNSL), Argentina María Laura Escalante &#8211; Lucia Zuppa &#8211; Resolución N° 262 de la Presidencia de AUGM&#8230;</p>
