{"id":16,"date":"2015-12-04T19:36:59","date_gmt":"2015-12-04T19:36:59","guid":{"rendered":"http:\/\/grupomontevideo.org\/ndca\/caagroalimentario\/?page_id=16"},"modified":"2025-09-29T20:41:03","modified_gmt":"2025-09-29T20:41:03","slug":"integrantes","status":"publish","type":"page","link":"https:\/\/grupomontevideo.org\/ndca\/ndmatematicaaplicada\/?page_id=16","title":{"rendered":"INTEGRANTES"},"content":{"rendered":"<p><strong>Coordinado por la Universidad de Santiago de Chile<\/strong><\/p>\n<p><a href=\"mailto:andres.navas@usach.cl\">Prof. Andr\u00e9s Navas<\/a><\/p>\n<p>&nbsp;<\/p>\n<hr \/>\n<p><strong><br \/>\nARGENTINA:<\/strong><\/p>\n<p><strong>UNC:<\/strong><br \/>\n<a href=\"mailto:dfernandez@unc.edu.ar\">Dami\u00e1n Fern\u00e1ndez Ferreyra<\/a> &#8211; Designado 22.06.23<br \/>\n<a href=\"mailto:gabriel.moyano@unc.edu.ar\">Gabriel Moyano<\/a> &#8211; Designado 22.06.23<\/p>\n<p><strong>UNCA:<\/strong><br \/>\n<a href=\"mailto:ceciliamarchetti@hotmail.com\">Cecilia Marchetti<\/a> &#8211; Designada 20.05.25<\/p>\n<p><strong>UNCuyo:<br \/>\n<\/strong><a href=\"mailto:marcelo.kuperman@ib.edu.ar\">Marcelo Kuperman<\/a> &#8211; Designado 23.05.23<br \/>\n<a href=\"mailto:amirasso@fing.uncu.edu.ar\">An\u00edbal Mirasso<\/a> &#8211; Designado 23.05.23<br \/>\n<a href=\"mailto:ssimondi@uncu.edu.ar\">Sebasti\u00e1n Simondi<\/a> &#8211; Designado 23.05.23<\/p>\n<p><strong>UNL:<br \/>\n<\/strong><a href=\"mailto:mactis@fiq.unl.edu.ar\">Marcelo Actis<\/a> &#8211; Designado 08.11.22<br \/>\n<a href=\"mailto:pauletti@santafe-conicet.gov.ar\">Miguel Pauletti<\/a> &#8211; Ratificado 08.11.22<\/p>\n<p><strong>UNLP:<br \/>\n<\/strong><a href=\"mailto:victoria.vampa@ing.unlp.edu.ar;victoriavampa@gmail.com\">Victoria Vampa<\/a> &#8211; Ratificada 26.07.23<\/p>\n<p><strong>UNNE:<br \/>\n<\/strong><a href=\"mailto:martabvgiraudo@gmail.com\">Marta Giraudo<\/a> &#8211; Designada 21.06.23<br \/>\n<a href=\"mailto:torres.german.ariel1@gmail.com;german.torres@comunidad.unne.edu.ar\">Germ\u00e1n Torres<\/a> &#8211; Designado 21.06.23<\/p>\n<p><strong>UNS:<\/strong><br \/>\n<a href=\"mailto:cad@uns.edu.ar\">Claudio Delrieux<\/a> &#8211; Ratificado 26.02.25<br \/>\n<a href=\"mailto:diego.rossit@uns.edu.ar\">Diego Rossit<\/a> &#8211; Designado 26.02.25<\/p>\n<p><strong>UNSL:<br \/>\n<\/strong><a href=\"mailto:djaumester@gmail.com\">Daniel Alejandro Jaume<\/a> &#8211; Designado 22.06.22<\/p>\n<p><strong><br \/>\nBOLIVIA:<\/strong><\/p>\n<p><strong>UMSS:<br \/>\n<\/strong><a href=\"mailto:as.martinez@umss.edu.bo\">Amilcar Sa\u00fal Mart\u00ednez Maida<\/a> &#8211; Designado 27.06.22<br \/>\n<a href=\"mailto:oscarzabalaga.m@fcyt.umss.edu.bo\">Oscar Zabalaga Monta\u00f1o<\/a> &#8211; Designado 27.06.22<strong><br \/>\n<\/strong><\/p>\n<p><strong><br \/>\nBRASIL:<\/strong><\/p>\n<p><strong>UFG:<\/strong><br \/>\n<a href=\"mailto:lfprudente@ufg.br\">Leandro da Fonseca Prudente<\/a> &#8211; Designado 23.08.23<br \/>\n<a href=\"mailto:thaynaradelima@ufg.br\">Thaynara Arielly de Lima<\/a> &#8211; Designada 23.08.23<\/p>\n<p><strong>UFMG:\u00a0<\/strong><br \/>\n<a href=\"mailto:taka@mat.ufmg.br\">Ricardo Takahashi<\/a> &#8211; Ratificado 06.08.20<\/p>\n<p>UFPEL:<br \/>\n<a href=\"mailto:danielabuske@gmail.com\">Daniela Buske<\/a> &#8211; Designada 22.07.25<\/p>\n<p><strong>UFPR:<\/strong><br \/>\n<a href=\"mailto:agm@ufpr.br\">Ana Gabriela Martinez<\/a><br \/>\n<a href=\"mailto:higidio@mat.ufpr.br\">Higidio Portillo Oquendo<\/a><\/p>\n<p><strong>UFRJ:<strong>:<br \/>\n<\/strong><\/strong><a href=\"mailto:stefanella.boatto@matematica.ufrj.br\">Stefanella Boatto<\/a> &#8211; Ratificada 01.04.21<br \/>\n<a href=\"mailto:marcia@cos.ufrj.br\">M\u00e1rcia Cerioli<\/a> &#8211; Ratificada 01.04.21<br \/>\n<a href=\"mailto:hugocarvalho@im.ufrj.br\">Hugo Tremonte de Carvalho<\/a> &#8211; Ratificado 01.04.21<br \/>\n<a href=\"mailto:alvaro@nacad.ufrj.br\">\u00c1lvaro Coutinho<\/a> &#8211; Designado 01.04.21<br \/>\n<a href=\"mailto:duda@mecanica.coppe.ufrj.br\">Fernando Duda<\/a> &#8211; Designado 01.04.21<\/p>\n<p><strong>UFSCar:<\/strong><br \/>\n<a href=\"mailto:lobos@ufscar.br\">Guillermo Antonio Lobos Villagra<\/a> &#8211; Designado 25.08.21<\/p>\n<p><strong>UFSM:<\/strong><br \/>\n<a href=\"mailto:luizdiaz@smail.ufsm.br?cc=ladiazrodrigues@gmail.com\">Luiz Alberto Diaz Rodrigues<\/a> &#8211; Ratificado 30.07.20<\/p>\n<p><strong><br \/>\nCHILE:<\/strong><\/p>\n<p><strong>UV:<\/strong><br \/>\n<a href=\"mailto:gerardo.honorato@uv.cl\">Gerardo Honorato<\/a> &#8211; Designado 13.07.21<br \/>\n<strong><br \/>\nUSACH:<\/strong><br \/>\n<a href=\"mailto:andres.navas@usach.cl\">Andr\u00e9s Navas<\/a> &#8211; Designado 01.07.25<br \/>\n<a href=\"mailto:pedro.marin@usach.cl\">Pedro Mar\u00edn \u00c1lvarez<\/a> &#8211; Designado 01.07.25<\/p>\n<p><strong><br \/>\nPARAGUAY:<\/strong><\/p>\n<p><strong>UNA:<\/strong><br \/>\n<a href=\"mailto:omicron.aa@gmail.com\">Gustavo Adolfo Gonz\u00e1lez Armoa<\/a> &#8211; Ratificado 30.07.20<br \/>\n<a href=\"mailto:epezoa@facen.una.py\">Edgar L\u00f3pez Pesoa<\/a> &#8211; Designado 06.04.22<\/p>\n<p><strong>UNE:<\/strong><br \/>\n<a href=\"mailto:blas.benitez@filosofiaune.edu.py\">Blas Antonio Ben\u00edtez Cristaldo<\/a> &#8211; Designado 19.04.21<\/p>\n<p><strong><br \/>\nURUGUAY:<\/strong><br \/>\n<strong><br \/>\nUdelaR:<\/strong><br \/>\n<a href=\"mailto:jpborthagaray@unorte.edu.uy\">Juan Pablo Borthagaray<\/a> &#8211; Designado 12.10.21<br \/>\n<a href=\"mailto:gaston.ibarburu@gmail.com\">Gast\u00f3n Ibarburu<\/a> &#8211; Designado 12.10.21<\/p>\n<p>&nbsp;<\/p>\n","protected":false},"excerpt":{"rendered":"<p>Coordinado por la Universidad de Santiago de Chile Prof. Andr\u00e9s Navas &nbsp; ARGENTINA: UNC: Dami\u00e1n Fern\u00e1ndez Ferreyra &#8211; Designado 22.06.23 Gabriel Moyano &#8211; Designado 22.06.23&#8230;<\/p>\n","protected":false},"author":1,"featured_media":0,"parent":0,"menu_order":0,"comment_status":"closed","ping_status":"closed","template":"","meta":{"footnotes":""},"class_list":["post-16","page","type-page","status-publish","hentry"],"_links":{"self":[{"href":"https:\/\/grupomontevideo.org\/ndca\/ndmatematicaaplicada\/index.php?rest_route=\/wp\/v2\/pages\/16","targetHints":{"allow":["GET"]}}],"collection":[{"href":"https:\/\/grupomontevideo.org\/ndca\/ndmatematicaaplicada\/index.php?rest_route=\/wp\/v2\/pages"}],"about":[{"href":"https:\/\/grupomontevideo.org\/ndca\/ndmatematicaaplicada\/index.php?rest_route=\/wp\/v2\/types\/page"}],"author":[{"embeddable":true,"href":"https:\/\/grupomontevideo.org\/ndca\/ndmatematicaaplicada\/index.php?rest_route=\/wp\/v2\/users\/1"}],"replies":[{"embeddable":true,"href":"https:\/\/grupomontevideo.org\/ndca\/ndmatematicaaplicada\/index.php?rest_route=%2Fwp%2Fv2%2Fcomments&post=16"}],"version-history":[{"count":63,"href":"https:\/\/grupomontevideo.org\/ndca\/ndmatematicaaplicada\/index.php?rest_route=\/wp\/v2\/pages\/16\/revisions"}],"predecessor-version":[{"id":257,"href":"https:\/\/grupomontevideo.org\/ndca\/ndmatematicaaplicada\/index.php?rest_route=\/wp\/v2\/pages\/16\/revisions\/257"}],"wp:attachment":[{"href":"https:\/\/grupomontevideo.org\/ndca\/ndmatematicaaplicada\/index.php?rest_route=%2Fwp%2Fv2%2Fmedia&parent=16"}],"curies":[{"name":"wp","href":"https:\/\/api.w.org\/{rel}","templated":true}]}}