{"id":140,"date":"2019-05-21T12:30:17","date_gmt":"2019-05-21T12:30:17","guid":{"rendered":"http:\/\/grupomontevideo.org\/ndca\/ndmatematicaaplicada\/?page_id=140"},"modified":"2019-11-22T01:03:45","modified_gmt":"2019-11-22T01:03:45","slug":"repositorio-de-noticias","status":"publish","type":"page","link":"https:\/\/grupomontevideo.org\/ndca\/ndmatematicaaplicada\/?page_id=140","title":{"rendered":"REPOSITORIO DE NOTICIAS"},"content":{"rendered":"<h1 style=\"text-align: center;\">Abierta la convocatoria de la XXVII Jornadas de J\u00f3venes Investigadores<\/h1>\n<p>Est\u00e1 abierta la convocatoria de la XXVII Jornadas de J\u00f3venes Investigadores (<a href=\"https:\/\/jornadasaugm.faiufscar.com\/#\/\">link<\/a>), a realizarse el 23, 24 y 25 de octubre (fecha confirmada).<\/p>\n<p>&nbsp;<\/p>\n<hr \/>\n<h1 style=\"text-align: center;\">VII MACI 2019<\/h1>\n<h3 style=\"text-align: center;\"><span style=\"color: #808080;\">VII Congreso de Matem\u00e1tica Aplicada, Computacional e Industrial<\/span><\/h3>\n<h4 style=\"text-align: center;\">8-10 de mayo de 2019, R\u00edo Cuarto, Argentina<\/h4>\n<p><a href=\"https:\/\/grupomontevideo.org\/ndca\/ndmatematicaaplicada\/wp-content\/uploads\/2018\/12\/VII-MACI-2019-Primer-Anuncio-.pdf\">VII MACI 2019 &#8211; Primer Anuncio<\/a><\/p>\n<p><a href=\"https:\/\/grupomontevideo.org\/ndca\/ndmatematicaaplicada\/wp-content\/uploads\/2018\/12\/VII-MACIPoster.pdf\">VII-MACI &#8211; Poster<\/a><\/p>\n<p>&#8212;&#8212;&#8212;&#8212;&#8212;&#8212;&#8212;&#8212;&#8212;&#8212;&#8212;&#8212;&#8212;&#8212;&#8212;&#8212;&#8212;&#8212;&#8212;&#8212;&#8212;&#8212;&#8212;&#8212;&#8212;&#8212;&#8212;&#8212;&#8212;&#8212;&#8212;&#8212;&#8212;&#8212;&#8212;<\/p>\n","protected":false},"excerpt":{"rendered":"<p>Abierta la convocatoria de la XXVII Jornadas de J\u00f3venes Investigadores Est\u00e1 abierta la convocatoria de la XXVII Jornadas de J\u00f3venes Investigadores (link), a realizarse el&#8230;<\/p>\n","protected":false},"author":1,"featured_media":0,"parent":0,"menu_order":0,"comment_status":"closed","ping_status":"closed","template":"","meta":{"footnotes":""},"class_list":["post-140","page","type-page","status-publish","hentry"],"_links":{"self":[{"href":"https:\/\/grupomontevideo.org\/ndca\/ndmatematicaaplicada\/index.php?rest_route=\/wp\/v2\/pages\/140","targetHints":{"allow":["GET"]}}],"collection":[{"href":"https:\/\/grupomontevideo.org\/ndca\/ndmatematicaaplicada\/index.php?rest_route=\/wp\/v2\/pages"}],"about":[{"href":"https:\/\/grupomontevideo.org\/ndca\/ndmatematicaaplicada\/index.php?rest_route=\/wp\/v2\/types\/page"}],"author":[{"embeddable":true,"href":"https:\/\/grupomontevideo.org\/ndca\/ndmatematicaaplicada\/index.php?rest_route=\/wp\/v2\/users\/1"}],"replies":[{"embeddable":true,"href":"https:\/\/grupomontevideo.org\/ndca\/ndmatematicaaplicada\/index.php?rest_route=%2Fwp%2Fv2%2Fcomments&post=140"}],"version-history":[{"count":5,"href":"https:\/\/grupomontevideo.org\/ndca\/ndmatematicaaplicada\/index.php?rest_route=\/wp\/v2\/pages\/140\/revisions"}],"predecessor-version":[{"id":154,"href":"https:\/\/grupomontevideo.org\/ndca\/ndmatematicaaplicada\/index.php?rest_route=\/wp\/v2\/pages\/140\/revisions\/154"}],"wp:attachment":[{"href":"https:\/\/grupomontevideo.org\/ndca\/ndmatematicaaplicada\/index.php?rest_route=%2Fwp%2Fv2%2Fmedia&parent=140"}],"curies":[{"name":"wp","href":"https:\/\/api.w.org\/{rel}","templated":true}]}}