{"id":14,"date":"2015-12-04T19:36:50","date_gmt":"2015-12-04T19:36:50","guid":{"rendered":"http:\/\/grupomontevideo.org\/ndca\/caagroalimentario\/?page_id=14"},"modified":"2025-02-20T20:09:00","modified_gmt":"2025-02-20T20:09:00","slug":"actas-de-reunion","status":"publish","type":"page","link":"https:\/\/grupomontevideo.org\/ndca\/ndmatematicaaplicada\/?page_id=14","title":{"rendered":"REUNI\u00d3NES PRESENCIALES"},"content":{"rendered":"<p><strong>Acta de la Reuni\u00f3n del N\u00facleo de fecha:<\/strong><\/p>\n<p><a href=\"https:\/\/grupomontevideo.org\/ndca\/ndmatematicaaplicada\/wp-content\/uploads\/2018\/11\/Acta_ND-MA_OCT2018.pdf\" target=\"_blank\" rel=\"noopener noreferrer\">2018 &#8211; Octubre 1<\/a><\/p>\n<p><a href=\"https:\/\/grupomontevideo.org\/ndca\/ndmatematicaaplicada\/wp-content\/uploads\/2015\/12\/NDMA-ACTA-2013-mayo-17.pdf\">2013 \u2013 Mayo 17<\/a><\/p>\n<p><a href=\"https:\/\/grupomontevideo.org\/ndca\/ndmatematicaaplicada\/wp-content\/uploads\/2015\/12\/NDMA-ACTA-2012-diciembre-6-7.pdf\">2012 \u2013 Diciembre 6 y 7<\/a><\/p>\n<p><a href=\"https:\/\/grupomontevideo.org\/ndca\/ndmatematicaaplicada\/wp-content\/uploads\/2015\/12\/NDMA-ACTA-2011-noviembre-4.pdf\">2011 \u2013 Noviembre 4 y 5<\/a><strong><br \/>\n<\/strong><\/p>\n<p><a href=\"https:\/\/grupomontevideo.org\/ndca\/ndmatematicaaplicada\/wp-content\/uploads\/2015\/12\/NDMA-ACTA-2010-agosto-13.pdf\">2010 \u2013 Agosto 13<\/a><\/p>\n<p><a href=\"https:\/\/grupomontevideo.org\/ndca\/ndmatematicaaplicada\/wp-content\/uploads\/2015\/12\/NDMA-ACTA-2008-agosto-7-8.pdf\">2008 \u2013 Agosto 7 y 8<\/a><\/p>\n","protected":false},"excerpt":{"rendered":"<p>Acta de la Reuni\u00f3n del N\u00facleo de fecha: 2018 &#8211; Octubre 1 2013 \u2013 Mayo 17 2012 \u2013 Diciembre 6 y 7 2011 \u2013 Noviembre&#8230;<\/p>\n","protected":false},"author":1,"featured_media":0,"parent":0,"menu_order":0,"comment_status":"closed","ping_status":"closed","template":"","meta":{"footnotes":""},"class_list":["post-14","page","type-page","status-publish","hentry"],"_links":{"self":[{"href":"https:\/\/grupomontevideo.org\/ndca\/ndmatematicaaplicada\/index.php?rest_route=\/wp\/v2\/pages\/14","targetHints":{"allow":["GET"]}}],"collection":[{"href":"https:\/\/grupomontevideo.org\/ndca\/ndmatematicaaplicada\/index.php?rest_route=\/wp\/v2\/pages"}],"about":[{"href":"https:\/\/grupomontevideo.org\/ndca\/ndmatematicaaplicada\/index.php?rest_route=\/wp\/v2\/types\/page"}],"author":[{"embeddable":true,"href":"https:\/\/grupomontevideo.org\/ndca\/ndmatematicaaplicada\/index.php?rest_route=\/wp\/v2\/users\/1"}],"replies":[{"embeddable":true,"href":"https:\/\/grupomontevideo.org\/ndca\/ndmatematicaaplicada\/index.php?rest_route=%2Fwp%2Fv2%2Fcomments&post=14"}],"version-history":[{"count":11,"href":"https:\/\/grupomontevideo.org\/ndca\/ndmatematicaaplicada\/index.php?rest_route=\/wp\/v2\/pages\/14\/revisions"}],"predecessor-version":[{"id":243,"href":"https:\/\/grupomontevideo.org\/ndca\/ndmatematicaaplicada\/index.php?rest_route=\/wp\/v2\/pages\/14\/revisions\/243"}],"wp:attachment":[{"href":"https:\/\/grupomontevideo.org\/ndca\/ndmatematicaaplicada\/index.php?rest_route=%2Fwp%2Fv2%2Fmedia&parent=14"}],"curies":[{"name":"wp","href":"https:\/\/api.w.org\/{rel}","templated":true}]}}