{"id":14,"date":"2015-12-04T19:36:50","date_gmt":"2015-12-04T19:36:50","guid":{"rendered":"http:\/\/grupomontevideo.org\/ndca\/caagroalimentario\/?page_id=14"},"modified":"2026-02-19T14:45:56","modified_gmt":"2026-02-19T14:45:56","slug":"actas-de-reunion","status":"publish","type":"page","link":"https:\/\/grupomontevideo.org\/ndca\/ndingenieriamecanica\/?page_id=14","title":{"rendered":"ACTAS DE REUNI\u00d3N"},"content":{"rendered":"<p><strong>Acta de la Reuni\u00f3n del N\u00facleo de fecha:<br \/>\n<\/strong><\/p>\n<p>2025 &#8211; noviembre 06 &#8211; <a href=\"https:\/\/grupomontevideo.org\/ndca\/ndingenieriamecanica\/wp-content\/uploads\/2026\/02\/ndimp-acta28-2025-noviembre-06-espanol.pdf\" target=\"_blank\" rel=\"noopener\">en espa\u00f1ol<\/a> &#8211; <a href=\"https:\/\/grupomontevideo.org\/ndca\/ndingenieriamecanica\/wp-content\/uploads\/2026\/02\/ndimp-acta28-2025-novembro-06-portugues.pdf\" target=\"_blank\" rel=\"noopener\">en portugu\u00e9s<\/a><br \/>\n2024 &#8211; noviembre 07 &#8211; <a href=\"https:\/\/grupomontevideo.org\/ndca\/ndingenieriamecanica\/wp-content\/uploads\/2024\/12\/ndimp-acta27-2024-noviembre-07-espanol.pdf\" target=\"_blank\" rel=\"noopener\">en espa\u00f1ol<\/a> &#8211; <a href=\"https:\/\/grupomontevideo.org\/ndca\/ndingenieriamecanica\/wp-content\/uploads\/2024\/12\/ndimp-acta27-2024-novembro-07-portugues.pdf\" target=\"_blank\" rel=\"noopener\">en portugu\u00e9s<\/a><\/p>\n<p>2019 &#8211; noviembre 11-13 &#8211; <a href=\"https:\/\/grupomontevideo.org\/ndca\/ndingenieriamecanica\/wp-content\/uploads\/2019\/11\/ndimp-acta23-2019-noviembre-11-13-espa\u00f1ol.pdf\">en espa\u00f1ol<\/a>&#8211; <a href=\"https:\/\/grupomontevideo.org\/ndca\/ndingenieriamecanica\/wp-content\/uploads\/2019\/11\/ndimp-acta23-2019-noviembre-11-13-portugues.pdf\">en portugu\u00e9s<\/a><\/p>\n<p>2018 &#8211; agosto 29-31 &#8211; <a href=\"https:\/\/grupomontevideo.org\/ndca\/ndingenieriamecanica\/wp-content\/uploads\/2018\/10\/ndimp-acta22-2018-agosto-29-31-espan\u0303ol.pdf\" target=\"_blank\" rel=\"noopener noreferrer\">en espa\u00f1ol<\/a>&#8211; <a href=\"https:\/\/grupomontevideo.org\/ndca\/ndingenieriamecanica\/wp-content\/uploads\/2018\/10\/ndimp_acta22_2018_agosto_28-30_portugues.pdf\" target=\"_blank\" rel=\"noopener noreferrer\">en portugu\u00e9s<\/a><\/p>\n<p>2017 &#8211; octubre 4-6 &#8211; <a href=\"https:\/\/grupomontevideo.org\/ndca\/ndingenieriamecanica\/wp-content\/uploads\/2018\/04\/ndimp_acta21_2017_octubre_04-06_espa\u00f1ol.pdf\">en Espa\u00f1ol<\/a> \/ <a href=\"https:\/\/grupomontevideo.org\/ndca\/ndingenieriamecanica\/wp-content\/uploads\/2018\/04\/ndimp_acta21_2017_outubro_04-06_portugues.pdf\">en Portugu\u00e9s<\/a><\/p>\n<p>2016 &#8211; octubre 19-21 &#8211; <a href=\"https:\/\/grupomontevideo.org\/ndca\/ndingenieriamecanica\/wp-content\/uploads\/2015\/12\/ndimp_acta20_2016_Octubre_19-20-21_espa\u00f1ol.pdf\" target=\"_blank\" rel=\"noopener noreferrer\">en Espa\u00f1ol<\/a> \/ <a href=\"https:\/\/grupomontevideo.org\/ndca\/ndingenieriamecanica\/wp-content\/uploads\/2015\/12\/ndimp_acta20_2016_outubro_19-21_portugues.pdf\" target=\"_blank\" rel=\"noopener noreferrer\">en Portugu\u00e9s<\/a><\/p>\n<p>2016- junio 9-10 &#8211; <a href=\"https:\/\/grupomontevideo.org\/ndca\/ndingenieriamecanica\/wp-content\/uploads\/2015\/12\/ndimp_acta19_2016_junio_09-10_espa\u00f1ol.pdf\" target=\"_blank\" rel=\"noopener noreferrer\">en Espa\u00f1ol<\/a>\/ <a href=\"https:\/\/grupomontevideo.org\/ndca\/ndingenieriamecanica\/wp-content\/uploads\/2015\/12\/ndimp_acta19_2016_junho_09-10_portugu\u00eas.pdf\" target=\"_blank\" rel=\"noopener noreferrer\">en Portugu\u00eas<\/a><\/p>\n<p>2015 &#8211; setiembre 1-3 &#8211; <a href=\"https:\/\/grupomontevideo.org\/ndca\/ndingenieriamecanica\/wp-content\/uploads\/2015\/12\/ndimp_acta18_2015_septiembre_02-04_espa\u00f1ol.pdf\">en Espa\u00f1ol<\/a> \/ <a href=\"https:\/\/grupomontevideo.org\/ndca\/ndingenieriamecanica\/wp-content\/uploads\/2015\/12\/ndimp_acta18_2015_setembro_02-04_portugues.pdf\">en Portugu\u00e9s<\/a><\/p>\n<p>2014 &#8211; septiembre 9-11 &#8211; <a href=\"https:\/\/grupomontevideo.org\/ndca\/ndingenieriamecanica\/wp-content\/uploads\/2015\/12\/ndimp_acta17_2014_setembro_09-11_nuevo_formato_espa\u00f1ol.pdf\">en Espa\u00f1ol<\/a>\u00a0\/ <a href=\"https:\/\/grupomontevideo.org\/ndca\/ndingenieriamecanica\/wp-content\/uploads\/2015\/12\/ndimp_acta17_2014_setembro_09-11_nuevo_formato_portugues.pdf\">en Portugu\u00e9s<\/a><br \/>\nAnexo: <a href=\"https:\/\/grupomontevideo.org\/ndca\/ndingenieriamecanica\/wp-content\/uploads\/2015\/12\/Estudo-da-influ\u00eancia-da-Engenharia-de-Produ\u00e7\u00e3o.pdf\">\u201cEstudo da influ\u00eancia da Engenharia de Produ\u00e7\u00e3o\u201d<\/a><\/p>\n<p>2014 \u2013 mayo 21-23 &#8211; <a href=\"https:\/\/grupomontevideo.org\/ndca\/ndingenieriamecanica\/wp-content\/uploads\/2015\/12\/NDIMP-ACTA-2014-mayo-21-23.pdf\">en Espa\u00f1ol<\/a> \/ <a href=\"https:\/\/grupomontevideo.org\/ndca\/ndingenieriamecanica\/wp-content\/uploads\/2015\/12\/NDIMP-ACTA-2014-mayo-21-23portugues.pdf\">en Portugu\u00e9s<\/a><\/p>\n<p><a href=\"https:\/\/grupomontevideo.org\/ndca\/ndingenieriamecanica\/wp-content\/uploads\/2015\/12\/NDIMP-ACTA-2012-octubre-25-26.pdf\">2012 \u2013 octubre 25 y 26<\/a><\/p>\n<p><a href=\"https:\/\/grupomontevideo.org\/ndca\/ndingenieriamecanica\/wp-content\/uploads\/2015\/12\/NDIMP-ACTA-2012-abril-12-13.pdf\">2012 \u2013 abril 12 y 13<\/a><\/p>\n<p><a href=\"https:\/\/grupomontevideo.org\/ndca\/ndingenieriamecanica\/wp-content\/uploads\/2015\/12\/Acta-NDIMP-SEPROSUL-2011.pdf\">2011 \u2013 SEPROSUL noviembre 3 y 4<\/a><\/p>\n<p><a href=\"https:\/\/grupomontevideo.org\/ndca\/ndingenieriamecanica\/wp-content\/uploads\/2015\/12\/NDIMP-ACTA-2011-abril-28-29.pdf\">2011 \u2013 abril 28 y 29<\/a><\/p>\n<p><a href=\"https:\/\/grupomontevideo.org\/ndca\/ndingenieriamecanica\/wp-content\/uploads\/2015\/12\/NDIMP-ACTA-2010-Workshop-Santiago-Chile-noviembre-4-y-5.pdf\">2010 \u2013 noviembre 4 y 5<\/a><\/p>\n<p><a href=\"https:\/\/grupomontevideo.org\/ndca\/ndingenieriamecanica\/wp-content\/uploads\/2015\/12\/NDIMP-ACTA-2010-abril-19-20.pdf\">2010 \u2013 abril 19 y 20<\/a><\/p>\n<p><a href=\"https:\/\/grupomontevideo.org\/ndca\/ndingenieriamecanica\/wp-content\/uploads\/2015\/12\/NDIMP-ACTA-2009-noviembre-2y3.pdf\">2009 \u2013 noviembre 2 y 3<\/a><\/p>\n<p><a href=\"https:\/\/grupomontevideo.org\/ndca\/ndingenieriamecanica\/wp-content\/uploads\/2015\/12\/NDIMP-ACTA-2009-abril-21-22.pdf\">2009 \u2013 abril 21 y 22<\/a><\/p>\n<p><a href=\"https:\/\/grupomontevideo.org\/ndca\/ndingenieriamecanica\/wp-content\/uploads\/2015\/12\/NDIMP-ACTA-2008-abril-24-25.pdf\">2008 \u2013 abril 24 y 25<\/a><\/p>\n<p>2007 \u2013 mayo 7 y 8 &#8211; <a href=\"https:\/\/grupomontevideo.org\/ndca\/ndingenieriamecanica\/wp-content\/uploads\/2015\/12\/NDIMP-ACTA-2007-mayo-7-8-Espanol.pdf\">en Espa\u00f1ol<\/a> \/ <a href=\"https:\/\/grupomontevideo.org\/ndca\/ndingenieriamecanica\/wp-content\/uploads\/2015\/12\/NDIMP-ACTA-2007-mayo-7-8-Portugues.pdf\">en Portugu\u00e9s<\/a><\/p>\n<p>2006 \u2013 noviembre 9 y 10 &#8211; <a href=\"https:\/\/grupomontevideo.org\/ndca\/ndingenieriamecanica\/wp-content\/uploads\/2015\/12\/NDIMP-ACTA-2006-noviembre-9-10-Espanol.pdf\">en Espa\u00f1ol<\/a> \/ <a href=\"https:\/\/grupomontevideo.org\/ndca\/ndingenieriamecanica\/wp-content\/uploads\/2015\/12\/NDIMP-ACTA-2006-noviembre-9-10-Portugues.pdf\">en Portugu\u00e9s<\/a><\/p>\n<p><a href=\"https:\/\/grupomontevideo.org\/ndca\/ndingenieriamecanica\/wp-content\/uploads\/2015\/12\/NDIMP-ACTA-2006-junio-1.pdf\">2006 \u2013 junio 1<\/a><\/p>\n<p>&nbsp;<\/p>\n<p>&nbsp;<\/p>\n<p>[:en]<strong>Acta de la Reuni\u00f3n del N\u00facleo de fecha:<br \/>\n<\/strong><\/p>\n<p>2015 &#8211; setiembre 1-3 &#8211; <a href=\"https:\/\/grupomontevideo.org\/ndca\/ndingenieriamecanica\/wp-content\/uploads\/2015\/12\/ndimp_acta18_2015_septiembre_02-04_espa\u00f1ol.pdf\">en Espa\u00f1ol<\/a> \/ <a href=\"https:\/\/grupomontevideo.org\/ndca\/ndingenieriamecanica\/wp-content\/uploads\/2015\/12\/ndimp_acta18_2015_setembro_02-04_portugues.pdf\">en Portugu\u00e9s<\/a><\/p>\n<p>2014 \u2013 9 a 11 de septiembre &#8211; <a href=\"https:\/\/grupomontevideo.org\/ndca\/ndingenieriamecanica\/wp-content\/uploads\/2015\/12\/ndimp_acta17_2014_setembro_09-11_nuevo_formato_espa\u00f1ol.pdf\">en Espa\u00f1ol<\/a>\u00a0\/ <a href=\"https:\/\/grupomontevideo.org\/ndca\/ndingenieriamecanica\/wp-content\/uploads\/2015\/12\/ndimp_acta17_2014_setembro_09-11_nuevo_formato_portugues.pdf\">en Portugu\u00e9s<\/a><br \/>\nAnexo: <a href=\"https:\/\/grupomontevideo.org\/ndca\/ndingenieriamecanica\/wp-content\/uploads\/2015\/12\/Estudo-da-influ\u00eancia-da-Engenharia-de-Produ\u00e7\u00e3o.pdf\">\u201cEstudo da influ\u00eancia da Engenharia de Produ\u00e7\u00e3o\u201d<\/a><\/p>\n<p>2014 \u2013 mayo 21-23 &#8211; <a href=\"https:\/\/grupomontevideo.org\/ndca\/ndingenieriamecanica\/wp-content\/uploads\/2015\/12\/NDIMP-ACTA-2014-mayo-21-23.pdf\">en Espa\u00f1ol<\/a> \/ <a href=\"https:\/\/grupomontevideo.org\/ndca\/ndingenieriamecanica\/wp-content\/uploads\/2015\/12\/NDIMP-ACTA-2014-mayo-21-23portugues.pdf\">en Portugu\u00e9s<\/a><\/p>\n<p><a href=\"https:\/\/grupomontevideo.org\/ndca\/ndingenieriamecanica\/wp-content\/uploads\/2015\/12\/NDIMP-ACTA-2012-octubre-25-26.pdf\">2012 \u2013 octubre 25 y 26<\/a><\/p>\n<p><a href=\"https:\/\/grupomontevideo.org\/ndca\/ndingenieriamecanica\/wp-content\/uploads\/2015\/12\/NDIMP-ACTA-2012-abril-12-13.pdf\">2012 \u2013 abril 12 y 13<\/a><\/p>\n<p><a href=\"https:\/\/grupomontevideo.org\/ndca\/ndingenieriamecanica\/wp-content\/uploads\/2015\/12\/Acta-NDIMP-SEPROSUL-2011.pdf\">2011 \u2013 SEPROSUL noviembre 3 y 4<\/a><\/p>\n<p><a href=\"https:\/\/grupomontevideo.org\/ndca\/ndingenieriamecanica\/wp-content\/uploads\/2015\/12\/NDIMP-ACTA-2011-abril-28-29.pdf\">2011 \u2013 abril 28 y 29<\/a><\/p>\n<p><a href=\"https:\/\/grupomontevideo.org\/ndca\/ndingenieriamecanica\/wp-content\/uploads\/2015\/12\/NDIMP-ACTA-2010-Workshop-Santiago-Chile-noviembre-4-y-5.pdf\">2010 \u2013 noviembre 4 y 5<\/a><\/p>\n<p><a href=\"https:\/\/grupomontevideo.org\/ndca\/ndingenieriamecanica\/wp-content\/uploads\/2015\/12\/NDIMP-ACTA-2010-abril-19-20.pdf\">2010 \u2013 abril 19 y 20<\/a><\/p>\n<p><a href=\"https:\/\/grupomontevideo.org\/ndca\/ndingenieriamecanica\/wp-content\/uploads\/2015\/12\/NDIMP-ACTA-2009-noviembre-2y3.pdf\">2009 \u2013 noviembre 2 y 3<\/a><\/p>\n<p><a href=\"https:\/\/grupomontevideo.org\/ndca\/ndingenieriamecanica\/wp-content\/uploads\/2015\/12\/NDIMP-ACTA-2009-abril-21-22.pdf\">2009 \u2013 abril 21 y 22<\/a><\/p>\n<p><a href=\"https:\/\/grupomontevideo.org\/ndca\/ndingenieriamecanica\/wp-content\/uploads\/2015\/12\/NDIMP-ACTA-2008-abril-24-25.pdf\">2008 \u2013 abril 24 y 25<\/a><\/p>\n<p>2007 \u2013 mayo 7 y 8 &#8211; <a href=\"https:\/\/grupomontevideo.org\/ndca\/ndingenieriamecanica\/wp-content\/uploads\/2015\/12\/NDIMP-ACTA-2007-mayo-7-8-Espanol.pdf\">en Espa\u00f1ol<\/a> \/ <a href=\"https:\/\/grupomontevideo.org\/ndca\/ndingenieriamecanica\/wp-content\/uploads\/2015\/12\/NDIMP-ACTA-2007-mayo-7-8-Portugues.pdf\">en Portugu\u00e9s<\/a><\/p>\n<p>2006 \u2013 noviembre 9 y 10 &#8211; <a href=\"https:\/\/grupomontevideo.org\/ndca\/ndingenieriamecanica\/wp-content\/uploads\/2015\/12\/NDIMP-ACTA-2006-noviembre-9-10-Espanol.pdf\">en Espa\u00f1ol<\/a> \/ <a href=\"https:\/\/grupomontevideo.org\/ndca\/ndingenieriamecanica\/wp-content\/uploads\/2015\/12\/NDIMP-ACTA-2006-noviembre-9-10-Portugues.pdf\">en Portugu\u00e9s<\/a><\/p>\n<p><a href=\"https:\/\/grupomontevideo.org\/ndca\/ndingenieriamecanica\/wp-content\/uploads\/2015\/12\/NDIMP-ACTA-2006-junio-1.pdf\">2006 \u2013 junio 1<\/a><\/p>\n","protected":false},"excerpt":{"rendered":"<p>Acta de la Reuni\u00f3n del N\u00facleo de fecha: 2025 &#8211; noviembre 06 &#8211; en espa\u00f1ol &#8211; en portugu\u00e9s 2024 &#8211; noviembre 07 &#8211; en espa\u00f1ol&#8230;<\/p>\n","protected":false},"author":1,"featured_media":0,"parent":0,"menu_order":0,"comment_status":"closed","ping_status":"closed","template":"","meta":{"footnotes":""},"class_list":["post-14","page","type-page","status-publish","hentry"],"_links":{"self":[{"href":"https:\/\/grupomontevideo.org\/ndca\/ndingenieriamecanica\/index.php?rest_route=\/wp\/v2\/pages\/14","targetHints":{"allow":["GET"]}}],"collection":[{"href":"https:\/\/grupomontevideo.org\/ndca\/ndingenieriamecanica\/index.php?rest_route=\/wp\/v2\/pages"}],"about":[{"href":"https:\/\/grupomontevideo.org\/ndca\/ndingenieriamecanica\/index.php?rest_route=\/wp\/v2\/types\/page"}],"author":[{"embeddable":true,"href":"https:\/\/grupomontevideo.org\/ndca\/ndingenieriamecanica\/index.php?rest_route=\/wp\/v2\/users\/1"}],"replies":[{"embeddable":true,"href":"https:\/\/grupomontevideo.org\/ndca\/ndingenieriamecanica\/index.php?rest_route=%2Fwp%2Fv2%2Fcomments&post=14"}],"version-history":[{"count":22,"href":"https:\/\/grupomontevideo.org\/ndca\/ndingenieriamecanica\/index.php?rest_route=\/wp\/v2\/pages\/14\/revisions"}],"predecessor-version":[{"id":210,"href":"https:\/\/grupomontevideo.org\/ndca\/ndingenieriamecanica\/index.php?rest_route=\/wp\/v2\/pages\/14\/revisions\/210"}],"wp:attachment":[{"href":"https:\/\/grupomontevideo.org\/ndca\/ndingenieriamecanica\/index.php?rest_route=%2Fwp%2Fv2%2Fmedia&parent=14"}],"curies":[{"name":"wp","href":"https:\/\/api.w.org\/{rel}","templated":true}]}}