{"id":167,"date":"2023-05-08T14:22:38","date_gmt":"2023-05-08T14:22:38","guid":{"rendered":"http:\/\/grupomontevideo.org\/ndca\/ndgca\/?page_id=167"},"modified":"2023-05-08T14:22:55","modified_gmt":"2023-05-08T14:22:55","slug":"av","status":"publish","type":"page","link":"https:\/\/grupomontevideo.org\/ndca\/ndgca\/?page_id=167","title":{"rendered":"Av"},"content":{"rendered":"<p><iframe loading=\"lazy\" title=\"Webinar: \u00abEnse\u00f1anza sobre uso \u00e9tico de los datos geogr\u00e1ficos\u00bb\" src=\"https:\/\/www.youtube.com\/embed\/HRTX-3uL4zM\" width=\"640\" height=\"360\" frameborder=\"0\" allowfullscreen=\"allowfullscreen\"><\/iframe><\/p>\n","protected":false},"excerpt":{"rendered":"","protected":false},"author":1,"featured_media":0,"parent":0,"menu_order":0,"comment_status":"closed","ping_status":"closed","template":"","meta":{"footnotes":""},"class_list":["post-167","page","type-page","status-publish","hentry"],"_links":{"self":[{"href":"https:\/\/grupomontevideo.org\/ndca\/ndgca\/index.php?rest_route=\/wp\/v2\/pages\/167","targetHints":{"allow":["GET"]}}],"collection":[{"href":"https:\/\/grupomontevideo.org\/ndca\/ndgca\/index.php?rest_route=\/wp\/v2\/pages"}],"about":[{"href":"https:\/\/grupomontevideo.org\/ndca\/ndgca\/index.php?rest_route=\/wp\/v2\/types\/page"}],"author":[{"embeddable":true,"href":"https:\/\/grupomontevideo.org\/ndca\/ndgca\/index.php?rest_route=\/wp\/v2\/users\/1"}],"replies":[{"embeddable":true,"href":"https:\/\/grupomontevideo.org\/ndca\/ndgca\/index.php?rest_route=%2Fwp%2Fv2%2Fcomments&post=167"}],"version-history":[{"count":2,"href":"https:\/\/grupomontevideo.org\/ndca\/ndgca\/index.php?rest_route=\/wp\/v2\/pages\/167\/revisions"}],"predecessor-version":[{"id":171,"href":"https:\/\/grupomontevideo.org\/ndca\/ndgca\/index.php?rest_route=\/wp\/v2\/pages\/167\/revisions\/171"}],"wp:attachment":[{"href":"https:\/\/grupomontevideo.org\/ndca\/ndgca\/index.php?rest_route=%2Fwp%2Fv2%2Fmedia&parent=167"}],"curies":[{"name":"wp","href":"https:\/\/api.w.org\/{rel}","templated":true}]}}