{"id":47,"date":"2015-12-16T21:11:38","date_gmt":"2015-12-16T21:11:38","guid":{"rendered":"http:\/\/grupomontevideo.org\/ndca\/ndcienciaeingenieriademateriales\/?page_id=47"},"modified":"2025-02-20T18:51:21","modified_gmt":"2025-02-20T18:51:21","slug":"sociedades","status":"publish","type":"page","link":"https:\/\/grupomontevideo.org\/ndca\/ndcienciaeingenieriademateriales\/?page_id=47","title":{"rendered":"SOCIEDADES"},"content":{"rendered":"<p>Sociedades vinculadas al \u00e1rea de Materiales con participaci\u00f3n de integrantes del NuDCIMat<\/p>\n<p><a href=\"http:\/\/www.slabo.org.br\/\">Sociedad Latinoamericana de Biomateriales y \u00d3rganos Artificiales \u2013 SLABO<\/a><\/p>\n<p><a href=\"http:\/\/www.abceram.org.br\/site\/\">Associaciaci\u00f3n Brasile\u00f1a de Cer\u00e1micas \u2013 ABC<\/a><\/p>\n<p><a href=\"http:\/\/www.materiales-sam.org.ar\/\">Asociaci\u00f3n Argentina de Materiales \u2013 SAM<\/a><\/p>\n","protected":false},"excerpt":{"rendered":"<p>Sociedades vinculadas al \u00e1rea de Materiales con participaci\u00f3n de integrantes del NuDCIMat Sociedad Latinoamericana de Biomateriales y \u00d3rganos Artificiales \u2013 SLABO Associaciaci\u00f3n Brasile\u00f1a de Cer\u00e1micas&#8230;<\/p>\n","protected":false},"author":1,"featured_media":0,"parent":0,"menu_order":0,"comment_status":"closed","ping_status":"closed","template":"","meta":{"footnotes":""},"class_list":["post-47","page","type-page","status-publish","hentry"],"_links":{"self":[{"href":"https:\/\/grupomontevideo.org\/ndca\/ndcienciaeingenieriademateriales\/index.php?rest_route=\/wp\/v2\/pages\/47","targetHints":{"allow":["GET"]}}],"collection":[{"href":"https:\/\/grupomontevideo.org\/ndca\/ndcienciaeingenieriademateriales\/index.php?rest_route=\/wp\/v2\/pages"}],"about":[{"href":"https:\/\/grupomontevideo.org\/ndca\/ndcienciaeingenieriademateriales\/index.php?rest_route=\/wp\/v2\/types\/page"}],"author":[{"embeddable":true,"href":"https:\/\/grupomontevideo.org\/ndca\/ndcienciaeingenieriademateriales\/index.php?rest_route=\/wp\/v2\/users\/1"}],"replies":[{"embeddable":true,"href":"https:\/\/grupomontevideo.org\/ndca\/ndcienciaeingenieriademateriales\/index.php?rest_route=%2Fwp%2Fv2%2Fcomments&post=47"}],"version-history":[{"count":2,"href":"https:\/\/grupomontevideo.org\/ndca\/ndcienciaeingenieriademateriales\/index.php?rest_route=\/wp\/v2\/pages\/47\/revisions"}],"predecessor-version":[{"id":929,"href":"https:\/\/grupomontevideo.org\/ndca\/ndcienciaeingenieriademateriales\/index.php?rest_route=\/wp\/v2\/pages\/47\/revisions\/929"}],"wp:attachment":[{"href":"https:\/\/grupomontevideo.org\/ndca\/ndcienciaeingenieriademateriales\/index.php?rest_route=%2Fwp%2Fv2%2Fmedia&parent=47"}],"curies":[{"name":"wp","href":"https:\/\/api.w.org\/{rel}","templated":true}]}}