{"id":226,"date":"2018-07-24T22:55:50","date_gmt":"2018-07-24T22:55:50","guid":{"rendered":"http:\/\/grupomontevideo.org\/ndca\/ndcienciaeingenieriademateriales\/?page_id=226"},"modified":"2018-11-12T20:19:05","modified_gmt":"2018-11-12T20:19:05","slug":"eventos-anteriores-al-2012","status":"publish","type":"page","link":"https:\/\/grupomontevideo.org\/ndca\/ndcienciaeingenieriademateriales\/?page_id=226","title":{"rendered":"[:es]EVENTOS ANTERIORES AL 2012[:]"},"content":{"rendered":"<p>[:es]REUNI\u00d3N ANUAL DE COORDINACI\u00d3N DEL N\u00daCELO DE CIENCIA E INGENIER\u00cdA DE MATERIALES<\/p>\n<p>La <a href=\"http:\/\/www.cbecimat.com.br\/reuniao-nucimat.php\">reuni\u00f3n <\/a>se realizar\u00e1 durante el Congreso Brasile\u00f1o de Ingenier\u00eda y Ciencia de Materiales, CBECIMAT, el 7 de noviembre, en la ciudad de Joinsville, Santa Catarina-Brasil.<br \/>\n<a href=\"https:\/\/grupomontevideo.org\/ndca\/ndcienciaeingenieriademateriales\/wp-content\/uploads\/2012\/08\/Temario.pdf\">Temario<\/a><\/p>\n<p>&nbsp;<\/p>\n<p>4\u00ba ENCUENTRO DE J\u00d3VENES INVESTIGADORES EN CIENCIA DE MATERIALES<\/p>\n<p><a href=\"http:\/\/www.intema.gob.ar\/4tojim\/index.html\">Dicho evento<\/a> se realizar\u00e1 el 8, 9 y 10 de octubre de 2012, en la ciudad de Mar del Plata, Provincia de Buenos Aires-Argentina. El encuentro est\u00e1 organizado por la Asociaci\u00f3n Argentina de Materiales (SAM), la Facultad de Ingenier\u00eda de Mar del Plata y el Instituto de Investigaciones en Ciencia y Tecnolog\u00eda de Materiales (INTEMA).<\/p>\n<p>&nbsp;<\/p>\n<p>II ESCUELA DE MATERIALES PROSUL | AUGM<\/p>\n<p>Se llev\u00f3 a cabo la <strong>II Escuela de Materiales PROSUL | AUGM<\/strong>, en la ciudad de Montevideo \u2013 Uruguay, del 22 al 26 de marzo de 2010.<\/p>\n<p><a href=\"http:\/\/grupomontevideo.org\/docs\/informe_ii_escuela_2020.pdf\">INFORME<\/a><\/p>\n<p>Mas Informai\u00f3n: <a href=\"http:\/\/escuela2010.fisica.edu.uy\/\" target=\"_blank\" rel=\"noopener\">http:\/\/escuela2010.fisica.edu.uy<\/a>[:]<\/p>\n","protected":false},"excerpt":{"rendered":"<p>[:es]REUNI\u00d3N ANUAL DE COORDINACI\u00d3N DEL N\u00daCELO DE CIENCIA E INGENIER\u00cdA DE MATERIALES La reuni\u00f3n se realizar\u00e1 durante el Congreso Brasile\u00f1o de Ingenier\u00eda y Ciencia de&#8230;<\/p>\n","protected":false},"author":2,"featured_media":0,"parent":0,"menu_order":0,"comment_status":"closed","ping_status":"closed","template":"page-template-front.php","meta":{"footnotes":""},"class_list":["post-226","page","type-page","status-publish","hentry"],"_links":{"self":[{"href":"https:\/\/grupomontevideo.org\/ndca\/ndcienciaeingenieriademateriales\/index.php?rest_route=\/wp\/v2\/pages\/226","targetHints":{"allow":["GET"]}}],"collection":[{"href":"https:\/\/grupomontevideo.org\/ndca\/ndcienciaeingenieriademateriales\/index.php?rest_route=\/wp\/v2\/pages"}],"about":[{"href":"https:\/\/grupomontevideo.org\/ndca\/ndcienciaeingenieriademateriales\/index.php?rest_route=\/wp\/v2\/types\/page"}],"author":[{"embeddable":true,"href":"https:\/\/grupomontevideo.org\/ndca\/ndcienciaeingenieriademateriales\/index.php?rest_route=\/wp\/v2\/users\/2"}],"replies":[{"embeddable":true,"href":"https:\/\/grupomontevideo.org\/ndca\/ndcienciaeingenieriademateriales\/index.php?rest_route=%2Fwp%2Fv2%2Fcomments&post=226"}],"version-history":[{"count":4,"href":"https:\/\/grupomontevideo.org\/ndca\/ndcienciaeingenieriademateriales\/index.php?rest_route=\/wp\/v2\/pages\/226\/revisions"}],"predecessor-version":[{"id":232,"href":"https:\/\/grupomontevideo.org\/ndca\/ndcienciaeingenieriademateriales\/index.php?rest_route=\/wp\/v2\/pages\/226\/revisions\/232"}],"wp:attachment":[{"href":"https:\/\/grupomontevideo.org\/ndca\/ndcienciaeingenieriademateriales\/index.php?rest_route=%2Fwp%2Fv2%2Fmedia&parent=226"}],"curies":[{"name":"wp","href":"https:\/\/api.w.org\/{rel}","templated":true}]}}