{"id":16,"date":"2015-12-04T19:36:59","date_gmt":"2015-12-04T19:36:59","guid":{"rendered":"http:\/\/grupomontevideo.org\/ndca\/caagroalimentario\/?page_id=16"},"modified":"2025-10-30T15:24:47","modified_gmt":"2025-10-30T15:24:47","slug":"integrantes","status":"publish","type":"page","link":"https:\/\/grupomontevideo.org\/ndca\/ndcienciaeingenieriademateriales\/?page_id=16","title":{"rendered":"INTEGRANTES"},"content":{"rendered":"<p><strong>Coordinado por la Universidad Nacional del Litoral, Argentina:<br \/>\n<a href=\"mailto:destenoz@ceride.gov.ar;destenoz@santafe-conicet.gov.ar\">Diana Estenoz<\/a><\/strong><\/p>\n<hr \/>\n<p><strong><br \/>\n<\/strong><strong>ARGENTINA:<\/strong><\/p>\n<p><strong>UNC:<\/strong><br \/>\n<a href=\"mailto:noelia.bajales.luna@unc.edu.ar\">Noelia Bajales Luna<\/a> &#8211; Designada 22.06.23<br \/>\n<strong>UNCuyo:<br \/>\n<\/strong><a href=\"mailto:mrodriguez@uncu.edu.ar\">Mario Humberto Rodr\u00edguez<\/a> &#8211; Designado 19.05.23<br \/>\n<a href=\"mailto:mninago@fcai.uncu.edu.ar\">Mario Daniel Ninago<\/a> &#8211; Designado 19.05.23<\/p>\n<p><strong>UNL:<\/strong><br \/>\n<a href=\"mailto:destenoz@ceride.gov.ar;destenoz@santafe-conicet.gov.ar\">Diana Estenoz<\/a> &#8211; Ratificada 08.11.22<br \/>\n<a href=\"mailto:mariaveronicagalvan@yahoo.com.ar\">Mar\u00eda Ver\u00f3nica Galv\u00e1n<\/a> &#8211; Designada 08.11.22<\/p>\n<p><strong>UNLP:<br \/>\n<\/strong><a href=\"mailto:adriana.kang@ing.unlp.edu.ar\">Adriana Kang<\/a> &#8211; Designada 26.07.23<\/p>\n<p><strong>UNMdP:<br \/>\n<\/strong><a href=\"mailto:jballarre@fi.mdp.edu.ar\">Josefina Ballarre<\/a>\u00a0&#8211; Designada 16.06.17<br \/>\n<a href=\"mailto:erodriguez@fi.mdp.edu.ar\">Exequiel Santos Rodriguez<\/a>\u00a0&#8211; Designado 16.06.17<\/p>\n<p><strong>UNNE:<br \/>\n<\/strong><a href=\"mailto:juan.manuel.vallejos@ing.unne.edu.ar\">Juan Manuel Vallejos<\/a> &#8211; Designado 21.06.23<br \/>\n<a href=\"mailto:victoranzos@gmail.com\">V\u00edctor Toranzos<\/a> &#8211; Designado 21.06.23<\/p>\n<p><strong>UNNOBA:\u00a0<\/strong><br \/>\n<a href=\"mailto: mariajose.castillo@nexo.unnoba.edu.ar;castillomariajose2003@yahoo.com.ar\">Mar\u00eda Jos\u00e9 Castillo<\/a> &#8211; Designada 12.07.18<\/p>\n<p><strong>UNR:<\/strong><br \/>\n<a href=\"mailto:sbarolin@fceia.unr.edu.ar\">Sebastian Barolin<\/a> &#8211;\u00a0 Designado 25.08.25<br \/>\n<a href=\"mailto:pellegri@fceia.unr.edu.ar\">Nora Pellegri<\/a> &#8211; Ratificada 25.08.25<\/p>\n<p><strong>UNS:<\/strong><br \/>\n<a href=\"mailto:smarfil@uns.edu.ar\">Silvia Marfil<\/a>\u00a0&#8211; Designado 27.02.25<br \/>\n<a href=\"mailto:mvillar@plapiqui.edu.ar\">Marcelo Villar<\/a> &#8211; Designado 27.02.25<\/p>\n<p><strong>UNT:<\/strong><br \/>\n<a href=\"mailto:nnieva@herrera.unt.edu.ar\">Enrique Nieva<\/a> &#8211; Designado 04.07.25<\/p>\n<p><strong>BOLIVIA:<br \/>\n<\/strong><br \/>\n<strong>UMSS:<\/strong><br \/>\n<a href=\"mailto:j.torrejon@umss.edu.bo\">Julio Marcelo Torrej\u00f3n Rocabado<\/a> &#8211; Designado 09.08.24<br \/>\n<strong><br \/>\n<\/strong><strong>BRASIL:<\/strong><\/p>\n<p><strong>UFG:<br \/>\n<\/strong><a href=\"mailto:lauro@ufg.br\">Lauro June Queiroz Maia<\/a> &#8211; Designado 23.08.23<br \/>\n<a href=\"mailto:santana@ufg.br\">Ricardo Costa de Santana<\/a> &#8211; Designado 23.08.23<\/p>\n<p><strong>UFMG:<\/strong><br \/>\n<a href=\"mailto:rorefice@demet.ufmg.br\">Rodrigo Or\u00e9fice<\/a>\u00a0&#8211;\u00a0Ratificado 03.06.14<\/p>\n<p><strong>UFPEL:<br \/>\n<\/strong><a href=\"mailto:sergio.cava@ufpel.edu.br\">Sergio Cava<\/a> &#8211; Designado 22.07.25<\/p>\n<p><strong>UFPR:<\/strong><br \/>\n<a href=\"mailto:aldozarbin@ufpr.br\">Aldo Zarbin<\/a> &#8211; Designado 19.11.19<br \/>\n<a href=\"mailto:lepiensm@ufpr.br?cc=lepiensm@fisica.ufpr.br\">Carlos Mauricio Lepienski<\/a><br \/>\n<a href=\"mailto:ramon@demec.ufpr.br\">Ram\u00f3n Cort\u00e9s Paredes<\/a><\/p>\n<p><strong>UFRGS:<\/strong><br \/>\n<a href=\"mailto:bergmann@ufrgs.br\">Carlos Bergmann<\/a> &#8211; Ratificado 30.10.25<\/p>\n<p><strong>UFRJ:<\/strong><br \/>\n<a href=\"mailto:tabattabrito@id.uff.br\">Tabatta Regina de Brito Martins<\/a> &#8211; Designada 01.04.21<br \/>\n<a href=\"mailto:danielle@macae.ufrj.br\">Monique Amaro de Freitas Rocha Nascimento<\/a> &#8211; Designada 01.04.21<\/p>\n<p><strong>UFSC:\u00a0<\/strong><br \/>\n<a href=\"mailto:sergio.gomez@labmat.ufsc.br\">S\u00e9rgio Yesid G\u00f3mez Gonz\u00e1lez<\/a> &#8211; Designado 26.10.22<\/p>\n<p><strong>UFSCar:<\/strong><br \/>\n<a href=\"mailto: conrado@ufscar.br\">Conrado Ramos Moreira Afonso<\/a> &#8211; Ratificado 13.09.21<br \/>\n<a href=\"mailto:daniel.leiva@ufscar.br\">Daniel Rodrigo Leiva<\/a> &#8211; Designado 13.09.21<\/p>\n<p><strong>UNESP:<\/strong><br \/>\n<a href=\"mailto:grandini@reitoria.unesp.br?cc=betog@fc.unesp.br\">Carlos Roberto Grandini<\/a><\/p>\n<p><strong>UNIFESP:<\/strong><br \/>\n<a href=\"mailto:apamarques@unifesp.br;apaulaamarques@gmail.com\">Ana Paula de Azevedo Marques<\/a> &#8211; Designada 12.01.24<br \/>\n<a href=\"mailto:yvan.jesus@unifesp.br\">Yvan Asencios<\/a> &#8211; Designado 12.01.24<\/p>\n<p><strong><br \/>\nCHILE:<\/strong><\/p>\n<p><strong>USACH:<\/strong><br \/>\n<a href=\"mailto:rodrigo.allende@usach.cl\">Rodrigo Allende<\/a> &#8211; Designado 01.07.25<a href=\"mailto:alberto.monsalve@usach.cl\"><br \/>\n<\/a><\/p>\n<p><strong>UV:<br \/>\n<\/strong><a href=\"mailto: alfredo.gallardo@uv.cl\">Alfredo Gallardo<\/a>\u00a0&#8211; Designado 18.10.17<strong><br \/>\n<\/strong><\/p>\n<p><strong><br \/>\nPARAGUAY:<\/strong><\/p>\n<p><strong>UNA:<\/strong><br \/>\n<a href=\"mailto:hsegovia@ing.una.py\">Hermann Segovia<\/a> &#8211; Designado 02.05.23<br \/>\n<a href=\"mailto:groman@ing.una.py\">Gustavo Rom\u00e1n<\/a> &#8211; Designado 02.05.23<br \/>\n<a href=\"mailto:villabenigno@icloud.com\">Benigno Villa<\/a> &#8211; Designado 02.05.23<\/p>\n<p><strong>UNE:<\/strong><br \/>\n<a href=\"mailto:celso.rojas@fpune.edu.py\">Celso Alberto Rojas Pukall<\/a> &#8211; Designado 19.04.21<\/p>\n<p><strong><br \/>\nURUGUAY:<\/strong><\/p>\n<p><strong>UdelaR:<\/strong><br \/>\n<a href=\"mailto:moreno@fisica.edu.uy\">Ariel Moreno Gobbi<\/a><br \/>\n<a href=\"mailto:dalchiel@fing.edu.uy\">Enrique Dalchiele<\/a>\u00a0&#8211; Designado 26.02.13<\/p>\n<p>&nbsp;<\/p>\n<p>&nbsp;<\/p>\n","protected":false},"excerpt":{"rendered":"<p>Coordinado por la Universidad Nacional del Litoral, Argentina: Diana Estenoz ARGENTINA: UNC: Noelia Bajales Luna &#8211; Designada 22.06.23 UNCuyo: Mario Humberto Rodr\u00edguez &#8211; Designado 19.05.23&#8230;<\/p>\n","protected":false},"author":1,"featured_media":0,"parent":0,"menu_order":0,"comment_status":"closed","ping_status":"closed","template":"","meta":{"footnotes":""},"class_list":["post-16","page","type-page","status-publish","hentry"],"_links":{"self":[{"href":"https:\/\/grupomontevideo.org\/ndca\/ndcienciaeingenieriademateriales\/index.php?rest_route=\/wp\/v2\/pages\/16","targetHints":{"allow":["GET"]}}],"collection":[{"href":"https:\/\/grupomontevideo.org\/ndca\/ndcienciaeingenieriademateriales\/index.php?rest_route=\/wp\/v2\/pages"}],"about":[{"href":"https:\/\/grupomontevideo.org\/ndca\/ndcienciaeingenieriademateriales\/index.php?rest_route=\/wp\/v2\/types\/page"}],"author":[{"embeddable":true,"href":"https:\/\/grupomontevideo.org\/ndca\/ndcienciaeingenieriademateriales\/index.php?rest_route=\/wp\/v2\/users\/1"}],"replies":[{"embeddable":true,"href":"https:\/\/grupomontevideo.org\/ndca\/ndcienciaeingenieriademateriales\/index.php?rest_route=%2Fwp%2Fv2%2Fcomments&post=16"}],"version-history":[{"count":62,"href":"https:\/\/grupomontevideo.org\/ndca\/ndcienciaeingenieriademateriales\/index.php?rest_route=\/wp\/v2\/pages\/16\/revisions"}],"predecessor-version":[{"id":944,"href":"https:\/\/grupomontevideo.org\/ndca\/ndcienciaeingenieriademateriales\/index.php?rest_route=\/wp\/v2\/pages\/16\/revisions\/944"}],"wp:attachment":[{"href":"https:\/\/grupomontevideo.org\/ndca\/ndcienciaeingenieriademateriales\/index.php?rest_route=%2Fwp%2Fv2%2Fmedia&parent=16"}],"curies":[{"name":"wp","href":"https:\/\/api.w.org\/{rel}","templated":true}]}}