{"id":18,"date":"2015-12-04T19:37:06","date_gmt":"2015-12-04T19:37:06","guid":{"rendered":"http:\/\/grupomontevideo.org\/ndca\/caagroalimentario\/?page_id=18"},"modified":"2025-06-16T22:25:50","modified_gmt":"2025-06-16T22:25:50","slug":"objetivos","status":"publish","type":"page","link":"https:\/\/grupomontevideo.org\/ndca\/caturismo\/?page_id=18","title":{"rendered":"OBJETIVOS"},"content":{"rendered":"<p>El turismo es un fen\u00f3meno social y mundial, incluye el desarrollo de diversas actividades asociadas con impacto local. La Organizaci\u00f3n Mundial de Turismo (OMT)1 afirma que a medida que la sociedad progresa, el sector tur\u00edstico, al igual que otros numerosos sectores, necesita transformase para convertirse en un catalizador de la prosperidad a escala universal. Basado en esto, y teniendo en cuenta las directrices de dicho organismo, las mejores pr\u00e1cticas de la regi\u00f3n y las tendencias de la actividad tur\u00edstica, se orientar\u00e1 las actividades del Comit\u00e9 Acad\u00e9mico de Turismo de AUGM, de tal modo que se alinee con los est\u00e1ndares internacionales, con foco en la regi\u00f3n e impacto local.<br \/>\nEl Comit\u00e9 Acad\u00e9mico de Turismo se propone como una iniciativa que desde la academia de sus integrantes pueda aportar a la reflexi\u00f3n de una actividad tur\u00edstica sostenible, con base en sus dimensiones econ\u00f3mica, social, medioambiental, pol\u00edtica \u2013 institucional y tecnol\u00f3gica, de manera que su impacto sea directo en las comunidades universitarias de AUGM, como en los territorios de toda la regi\u00f3n.<br \/>\nSe propone como una alternativa con impacto y beneficios para todas las universidades miembros. Los cuales se pueden resumir en los siguientes \u00edtems:<br \/>\na) Avance acad\u00e9mico y profesional: Un comit\u00e9 acad\u00e9mico permitir\u00e1 a las universidades miembros de AUGM mejorar la calidad de sus programas educativos en turismo, compartir buenas pr\u00e1cticas y fomentar la investigaci\u00f3n conjunta.<br \/>\nb) Experiencia previa: Existen precedentes exitosos de iniciativas similares en Universidad Federal de Paran\u00e1 en Curitiba y en la Universidad de la Rep\u00fablica en Montevideo, donde participaron diversas universidades de AUGM. Estos proyectos demostraron la efectividad de la colaboraci\u00f3n acad\u00e9mica en turismo.<br \/>\nc) Fortalecimiento del arraigo y desarrollo territorial: La creaci\u00f3n del comit\u00e9 contribuir\u00e1 al desarrollo territorial y al fortalecimiento de oportunidades en las regiones donde operan las universidades de AUGM, generando un impacto positivo en las comunidades locales.<br \/>\nEn resumen, la concreci\u00f3n de la presente propuesta es fundamental para potenciar el desarrollo y la colaboraci\u00f3n en el \u00e1mbito del turismo en la regi\u00f3n. Este comit\u00e9 no solo responder\u00eda a una necesidad expresada en las recientes sesiones de AUGM, sino que tambi\u00e9n aprovechar\u00eda el potencial significativo del turismo para el crecimiento econ\u00f3mico y social y la preservaci\u00f3n del ambiente.<\/p>\n<p><strong>OBJETIVOS DEL COMIT\u00c9 ACAD\u00c9MICO DE TURISMO<\/strong><br \/>\n<strong>Objetivo general<\/strong><br \/>\nIntegrar las capacidades acad\u00e9micas y\/o t\u00e9cnicas a fin de lograr un intercambio y gesti\u00f3n de conocimientos vinculados al turismo, interdisciplinario e interinstitucional, que fortalezca la planificaci\u00f3n y gesti\u00f3n de pol\u00edticas y programas de desarrollo tur\u00edstico sostenible en la regi\u00f3n de influencia de AUGM.<br \/>\n<strong>Objetivos espec\u00edficos<\/strong><br \/>\n\u25cf Generar un \u00e1mbito de cooperaci\u00f3n para promover el intercambio de conocimientos en temas relacionados al desarrollo de la actividad tur\u00edstica a nivel regional;<br \/>\n\u25cf Coordinar actividades de capacitaci\u00f3n, investigaci\u00f3n, transferencia y extensi\u00f3n con las universidades miembros.<br \/>\n\u25cf Estimular l\u00edneas de investigaci\u00f3n conjuntas, difusi\u00f3n y aplicaci\u00f3n de conocimientos en turismo en el \u00e1mbito de las universidades;<br \/>\n\u25cf Promover el intercambio de conocimientos, y experiencias de producci\u00f3n y cooperaci\u00f3n acad\u00e9mica entre los grupos de investigaci\u00f3n de las universidades miembro;<br \/>\n\u25cf Contribuir a las ofertas educativas en el \u00e1rea de Turismo (tanto de grado como de posgrado);<br \/>\n\u25cf Propiciar la realizaci\u00f3n de Congresos, Simposios, Jornadas, Seminarios y eventos afines;<br \/>\n\u25cf Asesorar a organismos p\u00fablicos o privados, asociaciones, equipos de trabajo de distintas disciplinas, en cuestiones, temas, proyectos etc.<br \/>\n\u25cf Potenciar y consolidar las redes existentes y crear redes de investigadores en turismo[:pt]OBJETIVO DEL COMIT\u00c9<br \/>\nCrear un foro de intercambio y gesti\u00f3n de conocimientos vinculados al sector agroalimentario (desde la producci\u00f3n hasta el consumidor), interdisciplinario, interinstitucional e intersectorial, que fortalezca la planificaci\u00f3n y gesti\u00f3n de<br \/>\npol\u00edticas y programas de desarrollo sostenible en Am\u00e9rica Latina.<\/p>\n<p>DESCARGUE PDF:\u00a0<a href=\"http:\/\/grupomontevideo.org\/ndca\/caagroalimentario\/wp-content\/uploads\/2013\/10\/Objetivos-y-Fundamentaci\u00f3n.pdf\">Objetivos y Fundamentaci\u00f3n<\/a><\/p>\n","protected":false},"excerpt":{"rendered":"<p>El turismo es un fen\u00f3meno social y mundial, incluye el desarrollo de diversas actividades asociadas con impacto local. La Organizaci\u00f3n Mundial de Turismo (OMT)1 afirma&#8230;<\/p>\n","protected":false},"author":1,"featured_media":0,"parent":0,"menu_order":0,"comment_status":"closed","ping_status":"closed","template":"","meta":{"footnotes":""},"class_list":["post-18","page","type-page","status-publish","hentry"],"_links":{"self":[{"href":"https:\/\/grupomontevideo.org\/ndca\/caturismo\/index.php?rest_route=\/wp\/v2\/pages\/18","targetHints":{"allow":["GET"]}}],"collection":[{"href":"https:\/\/grupomontevideo.org\/ndca\/caturismo\/index.php?rest_route=\/wp\/v2\/pages"}],"about":[{"href":"https:\/\/grupomontevideo.org\/ndca\/caturismo\/index.php?rest_route=\/wp\/v2\/types\/page"}],"author":[{"embeddable":true,"href":"https:\/\/grupomontevideo.org\/ndca\/caturismo\/index.php?rest_route=\/wp\/v2\/users\/1"}],"replies":[{"embeddable":true,"href":"https:\/\/grupomontevideo.org\/ndca\/caturismo\/index.php?rest_route=%2Fwp%2Fv2%2Fcomments&post=18"}],"version-history":[{"count":8,"href":"https:\/\/grupomontevideo.org\/ndca\/caturismo\/index.php?rest_route=\/wp\/v2\/pages\/18\/revisions"}],"predecessor-version":[{"id":267,"href":"https:\/\/grupomontevideo.org\/ndca\/caturismo\/index.php?rest_route=\/wp\/v2\/pages\/18\/revisions\/267"}],"wp:attachment":[{"href":"https:\/\/grupomontevideo.org\/ndca\/caturismo\/index.php?rest_route=%2Fwp%2Fv2%2Fmedia&parent=18"}],"curies":[{"name":"wp","href":"https:\/\/api.w.org\/{rel}","templated":true}]}}