{"id":16,"date":"2015-12-04T19:36:59","date_gmt":"2015-12-04T19:36:59","guid":{"rendered":"http:\/\/grupomontevideo.org\/ndca\/caagroalimentario\/?page_id=16"},"modified":"2025-10-30T14:15:46","modified_gmt":"2025-10-30T14:15:46","slug":"integrantes","status":"publish","type":"page","link":"https:\/\/grupomontevideo.org\/ndca\/casaludanimal\/?page_id=16","title":{"rendered":"INTEGRANTES"},"content":{"rendered":"<p><strong>Coordinado por la Universidad Nacional de La Plata, Argentina:<\/strong><br \/>\n<strong><a href=\"mailto:swilliams@fcv.unlp.edu.ar\">Sara Williams<\/a><\/strong><\/p>\n<hr \/>\n<p><strong><br \/>\nARGENTINA:<\/strong><\/p>\n<p><strong>UBA:<\/strong><br \/>\n<a href=\"mailto:ambros@fvet.uba.ar\">Luis Ambros<\/a><\/p>\n<p><strong>UNC:<br \/>\n<\/strong><a href=\"mailto:alejandra.cabanillas@unc.edu.ar\">Mar\u00eda Alejandra Cabanillas<\/a> &#8211; Designada 22.06.23<\/p>\n<p><strong>UNCuyo:<\/strong><br \/>\n<a href=\"mailto:svanden63@gmail.com\">Silvia Van den Bosch<\/a> &#8211; Ratificada 25.04.23<\/p>\n<p><strong>UNL:<\/strong><br \/>\n<a href=\"mailto:zootony@hotmail.com\">Antonio Sciabarrasi<\/a> &#8211; Ratificado 08.11.22<br \/>\n<a href=\"mailto:mruiz@fcv.unl.edu.ar\">Marcelo Ruiz<\/a> &#8211; atificado 08.11.22<\/p>\n<p><strong>UNLP:<br \/>\n<\/strong><a href=\"mailto:swilliams@fcv.unlp.edu.ar\">Sara Williams <\/a>&#8211; Ratificada 02.05.19<\/p>\n<p><strong>UNNE:<\/strong><br \/>\n<a href=\"mailto:dianaelina.dm@gmail.com\">Diana Elina Mart\u00ednez<\/a> &#8211; Designada 21.06.23<br \/>\n<a href=\"mailto:parasito@vet.unne.edu.ar\">Jos\u00e9 Dar\u00edo \u00c1lvarez<\/a> &#8211; Designado 21.06.23<\/p>\n<p><strong>UNNOBA:<br \/>\n<\/strong><a href=\"mailto:leandrofarina@unnoba.edu.ar\">Leandro Fari\u00f1a<\/a>\u00a0&#8211; Ratificado 06.06.18<br \/>\n<a href=\"mailto:angelpatitucci@unnoba.edu.ar\">\u00c1ngel Patitucci<\/a> &#8211; Designado 06.06.18<\/p>\n<p><strong>UNR:<\/strong><br \/>\n<a href=\"mailto:ana.latino@unr.edu.ar\">Ana Paula Latino<\/a> &#8211; Designada 25.08.25<\/p>\n<p><strong>UNT:<br \/>\n<\/strong><a href=\"mailto:fernando.hilal@faz.unt.edu.ar\">Fernando Hilal<\/a> &#8211; designado 04.07.25<\/p>\n<p><strong><br \/>\nBOLIVIA:<\/strong><\/p>\n<p><strong>UMSS:<\/strong><br \/>\n<a href=\"mailto:w.villarroel@umss.edu.bo\">Wilder Villarroel Ledezma<\/a><br \/>\n<a href=\"mailto:c.montero@umss.edu\">Carlos Alberto Montero Ayala<\/a><\/p>\n<p><strong>USFX:<\/strong><br \/>\n<a href=\"mailto:hevia.carlos@usfx.bo\">Carlos Ramiro Hevia Urcullo<\/a> &#8211; Designado 14.09.21<\/p>\n<p><strong><br \/>\nBRASIL:<\/strong><\/p>\n<p><strong>UFG:<br \/>\n<\/strong><a href=\"mailto:liviapascoal@ufg.br\">L\u00edvia Mendon\u00e7a Pascoal<\/a> &#8211; Designada 23.08.23<\/p>\n<p><strong>UFPEL:<br \/>\n<\/strong><a href=\"mailto:gastalgustavo@gmail.com\">Gustavo Desire Antunes Gastal<\/a> &#8211; Designado 22.07.25<strong><br \/>\n<\/strong><\/p>\n<p><strong>UFPR:<\/strong><br \/>\n<a href=\"mailto:waldirsilva@ufpr.br\">Antonio Waldir Cunha Silva<\/a><\/p>\n<p><strong>UFRGS:<\/strong><br \/>\n<a href=\"mailto:vladimir@orion.ufrgs.br;vladimir@ufrgs.br\">Vladimir Pinheiro Do Nascimento<\/a> &#8211; Designado 30.10.25<br \/>\n<a href=\"marcelo.alievi@ufrgs.br\">Marcelo Meller Alievi<\/a> &#8211; Designado 30.10.25<\/p>\n<p><strong>UFSC:<br \/>\n<\/strong><a href=\"mailto:adriano.ramos@ufsc.br\">Adriano Tony Ramos<\/a>\u00a0&#8211; Ratificado 06.06.18<br \/>\n<a href=\"mailto:alvaro.menin@ufsc.br\">Alvaro Menin<\/a> &#8211; Designado 24.11.22<\/p>\n<p><strong>UFSCar:<\/strong><br \/>\n<a href=\"mailto:gufoal@ufscar.br\">Gustavo Fonseca de Almeida<\/a> &#8211; Designado 16.09.21<\/p>\n<p><strong>UFSM:<\/strong><br \/>\n<a href=\"mailto:lasangioni@gmail.com\">Lu\u00eds Ant\u00f4nio Sangioni<\/a>\u00a0&#8211; Designado 29.07.14<br \/>\n<a href=\"mailto:sabott20@gmail.com\">Sonia Botton<\/a>\u00a0&#8211;\u00a0Designada 29.07.14<\/p>\n<p><strong>UnB:<br \/>\n<\/strong><a href=\"mailto:vitorspg@unb.br\">Vitor Salvador Pic\u00e3o Gon\u00e7alves<\/a> &#8211; Ratificado 16.05.25<strong><br \/>\n<\/strong><\/p>\n<p><strong>UNIFESP:<\/strong><br \/>\n<a href=\"mailto:talebi40@gmail.com\">Mauricio Talebi<\/a> &#8211; Ratificado 12.01.24<\/p>\n<p><strong><br \/>\nCHILE:<\/strong><\/p>\n<p><strong>UCHILE:<br \/>\n<\/strong>En proceso de designaci\u00f3n<\/p>\n<p><strong>USACH:<\/strong><br \/>\n<a href=\"mailto:marcelo.cortez@usach.cl\">Marcelo Cortez<\/a> &#8211; Designado 01.07.25<\/p>\n<p><strong><br \/>\nPARAGUAY:<\/strong><\/p>\n<p><strong>UNA:<\/strong><br \/>\n<a href=\"mailto:decano@vet.una.py\">Viviana Mar\u00eda Rios Morinigo<\/a> &#8211; Designada 15.09.21<br \/>\n<a href=\"mailto:vicedecano@vet.una.py\">Jos\u00e9 Ram\u00f3n Peralta<\/a> &#8211; Designado 15.09.21<\/p>\n<p><strong>UNE:<\/strong><br \/>\n<a href=\"mailto:oscarmspinoza@gmail.com\">Oscar Mario Espinoza Chaparro<\/a> &#8211; Designado 19.04.21<\/p>\n<p><strong><br \/>\nURUGUAY:<\/strong><\/p>\n<p><strong>UdelaR:<\/strong><br \/>\n<a href=\"mailto:decanato@fvet.edu.uy\">Jos\u00e9 Piaggio<\/a> &#8211; Designado 16\/05\/17<br \/>\n<a href=\"mailto:jose.verdes@fvet.edu.uy\">Jos\u00e9 Manuel Verdes<\/a>\u00a0 &#8211; Designado 15\/10\/24<\/p>\n<p>&nbsp;<\/p>\n<p>[:en]Coordinado por la Universidad de Buenos Aires, Argentina<\/p>\n<p>Coordinador UBA:<br \/>\n<a href=\"mailto:ambros@fvet.uba.ar\">Luis Ambros<\/a><\/p>\n<p>Representantes<\/p>\n<p><strong>UBA:<\/strong><br \/>\n<a href=\"mailto:ambros@fvet.uba.ar\">Luis Ambros<\/a><\/p>\n<p><strong>UNC:<br \/>\n<\/strong><a href=\"mailto:lozapablo@gmail.com\">Pablo Loza<\/a>\u00a0&#8211;\u00a0Ratificado 15.05.15<br \/>\n<a href=\"mailto:marianocavenio@agro.unc.edu.ar\">Mariano Cavenio<\/a>\u00a0&#8211;\u00a0Ratificado 15.05.15<\/p>\n<p><strong>UNCuyo:<\/strong><br \/>\n<a href=\"mailto:svanden@fca.uncu.edu.ar\">Silvia Van Den Bosch<\/a>\u00a0&#8211; Designada 17.12.14<\/p>\n<p><strong>UNL:<\/strong><br \/>\n<a href=\"mailto:eforment@fcv.unl.edu.ar;enriform@yahoo.com\">Enrique Antonio Formentini<\/a>&#8211; Designado 06.06.18<br \/>\n<a href=\"mailto:mruiz@fcv.unl.edu.ar\">Marcelo Fabi\u00e1n Ruiz<\/a> &#8211; Designado 06.06.18<\/p>\n<p><strong>UNLP:<br \/>\n<\/strong><a href=\"mailto:swilliams@fcv.unlp.edu.ar\">Sara Williams<\/a><\/p>\n<p><strong>UNNE:<br \/>\n<\/strong><a href=\"mailto:mfcipolini@vet.unne.edu.ar\">Maria Fabiana Cipolini<\/a>&#8211; Designado 11.04.18<br \/>\nDiana Martinez<br \/>\nJose Dario Alvarez<\/p>\n<p><strong>UNNOBA:<br \/>\n<\/strong><a href=\"mailto:leandrofarina@unnoba.edu.ar\">Leandro Fari\u00f1a<\/a>\u00a0&#8211; Ratificado 06.06.18<br \/>\n<a href=\"mailto:angelpatitucci@unnoba.edu.ar\">\u00c1ngel Patitucci<\/a> &#8211; Designado 06.06.18<\/p>\n<p><strong>UFPR:<\/strong><br \/>\n<a href=\"mailto:waldirsilva@ufpr.br\">Antonio Waldir Cunha Silva<\/a><\/p>\n<p><strong>UFRGS:<\/strong><br \/>\n<a href=\"mailto:vladimir@orion.ufrgs.br;vladimir@ufrgs.br\">Vladimir Pinheiro Do Nascimento<\/a><\/p>\n<p><strong>UFSC:<br \/>\n<\/strong><a href=\"mailto:adriano.ramos@ufsc.br\">Adriano Tony Ramos<\/a>\u00a0&#8211; Ratificado 06.06.18<\/p>\n<p><strong>UFSM:<\/strong><br \/>\n<a href=\"mailto:lasangioni@gmail.com\">Lu\u00eds Ant\u00f4nio Sangioni<\/a>\u00a0&#8211; Designado 29.07.14<br \/>\n<a href=\"mailto:sabott20@gmail.com\">Sonia Botton<\/a>\u00a0&#8211;\u00a0Designada 29.07.14<\/p>\n<p><strong>UCHILE:<br \/>\n<\/strong><a href=\"mailto:surcelay@uchile.cl\">Santiago Urcelay<\/a>\u00a0&#8211; Designado 21.07.14<\/p>\n<p><strong>UNA:<\/strong><br \/>\n<a href=\"mailto:aszwako@vet.una.py\">Alexander Szwako Gonz\u00e1lez<\/a> &#8211; Designado 24.05.17<br \/>\n<a href=\"mailto:juan_guillermo82@hotmail.com\">Guillermo Cantero<\/a> &#8211; Designado 06.04.18<br \/>\n<a href=\"mailto:rogergvatt@gmail.com\">Roger Gonz\u00e1lez Vatteone<\/a> &#8211; Designado 12.09.18<\/p>\n<p><strong>UdelaR:<\/strong><br \/>\n<a href=\"mailto:jpiaggio@fvet.edu.uy\">Jos\u00e9 Piaggio<\/a><br \/>\n<a href=\"mailto:jose.verdes@fvet.edu.uy\">Jos\u00e9 Manuel Verdes<\/a><\/p>\n<p>[:]<\/p>\n","protected":false},"excerpt":{"rendered":"<p>Coordinado por la Universidad Nacional de La Plata, Argentina: Sara Williams ARGENTINA: UBA: Luis Ambros UNC: Mar\u00eda Alejandra Cabanillas &#8211; Designada 22.06.23 UNCuyo: Silvia Van&#8230;<\/p>\n","protected":false},"author":1,"featured_media":0,"parent":0,"menu_order":0,"comment_status":"closed","ping_status":"closed","template":"","meta":{"footnotes":""},"class_list":["post-16","page","type-page","status-publish","hentry"],"_links":{"self":[{"href":"https:\/\/grupomontevideo.org\/ndca\/casaludanimal\/index.php?rest_route=\/wp\/v2\/pages\/16","targetHints":{"allow":["GET"]}}],"collection":[{"href":"https:\/\/grupomontevideo.org\/ndca\/casaludanimal\/index.php?rest_route=\/wp\/v2\/pages"}],"about":[{"href":"https:\/\/grupomontevideo.org\/ndca\/casaludanimal\/index.php?rest_route=\/wp\/v2\/types\/page"}],"author":[{"embeddable":true,"href":"https:\/\/grupomontevideo.org\/ndca\/casaludanimal\/index.php?rest_route=\/wp\/v2\/users\/1"}],"replies":[{"embeddable":true,"href":"https:\/\/grupomontevideo.org\/ndca\/casaludanimal\/index.php?rest_route=%2Fwp%2Fv2%2Fcomments&post=16"}],"version-history":[{"count":68,"href":"https:\/\/grupomontevideo.org\/ndca\/casaludanimal\/index.php?rest_route=\/wp\/v2\/pages\/16\/revisions"}],"predecessor-version":[{"id":288,"href":"https:\/\/grupomontevideo.org\/ndca\/casaludanimal\/index.php?rest_route=\/wp\/v2\/pages\/16\/revisions\/288"}],"wp:attachment":[{"href":"https:\/\/grupomontevideo.org\/ndca\/casaludanimal\/index.php?rest_route=%2Fwp%2Fv2%2Fmedia&parent=16"}],"curies":[{"name":"wp","href":"https:\/\/api.w.org\/{rel}","templated":true}]}}

<p><strong>Coordinado por la Universidad Nacional de La Plata, Argentina:</strong><br />
<strong><a href="mailto:swilliams@fcv.unlp.edu.ar">Sara Williams</a></strong></p>
<hr />
<p><strong><br />
ARGENTINA:</strong></p>
<p><strong>UBA:</strong><br />
<a href="mailto:ambros@fvet.uba.ar">Luis Ambros</a></p>
<p><strong>UNC:<br />
</strong><a href="mailto:alejandra.cabanillas@unc.edu.ar">María Alejandra Cabanillas</a> &#8211; Designada 22.06.23</p>
<p><strong>UNCuyo:</strong><br />
<a href="mailto:svanden63@gmail.com">Silvia Van den Bosch</a> &#8211; Ratificada 25.04.23</p>
<p><strong>UNL:</strong><br />
<a href="mailto:zootony@hotmail.com">Antonio Sciabarrasi</a> &#8211; Ratificado 08.11.22<br />
<a href="mailto:mruiz@fcv.unl.edu.ar">Marcelo Ruiz</a> &#8211; atificado 08.11.22</p>
<p><strong>UNLP:<br />
</strong><a href="mailto:swilliams@fcv.unlp.edu.ar">Sara Williams </a>&#8211; Ratificada 02.05.19</p>
<p><strong>UNNE:</strong><br />
<a href="mailto:dianaelina.dm@gmail.com">Diana Elina Martínez</a> &#8211; Designada 21.06.23<br />
<a href="mailto:parasito@vet.unne.edu.ar">José Darío Álvarez</a> &#8211; Designado 21.06.23</p>
<p><strong>UNNOBA:<br />
</strong><a href="mailto:leandrofarina@unnoba.edu.ar">Leandro Fariña</a> &#8211; Ratificado 06.06.18<br />
<a href="mailto:angelpatitucci@unnoba.edu.ar">Ángel Patitucci</a> &#8211; Designado 06.06.18</p>
<p><strong>UNR:</strong><br />
<a href="mailto:ana.latino@unr.edu.ar">Ana Paula Latino</a> &#8211; Designada 25.08.25</p>
<p><strong>UNT:<br />
</strong><a href="mailto:fernando.hilal@faz.unt.edu.ar">Fernando Hilal</a> &#8211; designado 04.07.25</p>
<p><strong><br />
BOLIVIA:</strong></p>
<p><strong>UMSS:</strong><br />
<a href="mailto:w.villarroel@umss.edu.bo">Wilder Villarroel Ledezma</a><br />
<a href="mailto:c.montero@umss.edu">Carlos Alberto Montero Ayala</a></p>
<p><strong>USFX:</strong><br />
<a href="mailto:hevia.carlos@usfx.bo">Carlos Ramiro Hevia Urcullo</a> &#8211; Designado 14.09.21</p>
<p><strong><br />
BRASIL:</strong></p>
<p><strong>UFG:<br />
</strong><a href="mailto:liviapascoal@ufg.br">Lívia Mendonça Pascoal</a> &#8211; Designada 23.08.23</p>
<p><strong>UFPEL:<br />
</strong><a href="mailto:gastalgustavo@gmail.com">Gustavo Desire Antunes Gastal</a> &#8211; Designado 22.07.25<strong><br />
</strong></p>
<p><strong>UFPR:</strong><br />
<a href="mailto:waldirsilva@ufpr.br">Antonio Waldir Cunha Silva</a></p>
<p><strong>UFRGS:</strong><br />
<a href="mailto:vladimir@orion.ufrgs.br;vladimir@ufrgs.br">Vladimir Pinheiro Do Nascimento</a> &#8211; Designado 30.10.25<br />
<a href="marcelo.alievi@ufrgs.br">Marcelo Meller Alievi</a> &#8211; Designado 30.10.25</p>
<p><strong>UFSC:<br />
</strong><a href="mailto:adriano.ramos@ufsc.br">Adriano Tony Ramos</a> &#8211; Ratificado 06.06.18<br />
<a href="mailto:alvaro.menin@ufsc.br">Alvaro Menin</a> &#8211; Designado 24.11.22</p>
<p><strong>UFSCar:</strong><br />
<a href="mailto:gufoal@ufscar.br">Gustavo Fonseca de Almeida</a> &#8211; Designado 16.09.21</p>
<p><strong>UFSM:</strong><br />
<a href="mailto:lasangioni@gmail.com">Luís Antônio Sangioni</a> &#8211; Designado 29.07.14<br />
<a href="mailto:sabott20@gmail.com">Sonia Botton</a> &#8211; Designada 29.07.14</p>
<p><strong>UnB:<br />
</strong><a href="mailto:vitorspg@unb.br">Vitor Salvador Picão Gonçalves</a> &#8211; Ratificado 16.05.25<strong><br />
</strong></p>
<p><strong>UNIFESP:</strong><br />
<a href="mailto:talebi40@gmail.com">Mauricio Talebi</a> &#8211; Ratificado 12.01.24</p>
<p><strong><br />
CHILE:</strong></p>
<p><strong>UCHILE:<br />
</strong>En proceso de designación</p>
<p><strong>USACH:</strong><br />
<a href="mailto:marcelo.cortez@usach.cl">Marcelo Cortez</a> &#8211; Designado 01.07.25</p>
<p><strong><br />
PARAGUAY:</strong></p>
<p><strong>UNA:</strong><br />
<a href="mailto:decano@vet.una.py">Viviana María Rios Morinigo</a> &#8211; Designada 15.09.21<br />
<a href="mailto:vicedecano@vet.una.py">José Ramón Peralta</a> &#8211; Designado 15.09.21</p>
<p><strong>UNE:</strong><br />
<a href="mailto:oscarmspinoza@gmail.com">Oscar Mario Espinoza Chaparro</a> &#8211; Designado 19.04.21</p>
<p><strong><br />
URUGUAY:</strong></p>
<p><strong>UdelaR:</strong><br />
<a href="mailto:decanato@fvet.edu.uy">José Piaggio</a> &#8211; Designado 16/05/17<br />
<a href="mailto:jose.verdes@fvet.edu.uy">José Manuel Verdes</a>  &#8211; Designado 15/10/24</p>
<p>&nbsp;</p>
<p>[:en]Coordinado por la Universidad de Buenos Aires, Argentina</p>
<p>Coordinador UBA:<br />
<a href="mailto:ambros@fvet.uba.ar">Luis Ambros</a></p>
<p>Representantes</p>
<p><strong>UBA:</strong><br />
<a href="mailto:ambros@fvet.uba.ar">Luis Ambros</a></p>
<p><strong>UNC:<br />
</strong><a href="mailto:lozapablo@gmail.com">Pablo Loza</a> &#8211; Ratificado 15.05.15<br />
<a href="mailto:marianocavenio@agro.unc.edu.ar">Mariano Cavenio</a> &#8211; Ratificado 15.05.15</p>
<p><strong>UNCuyo:</strong><br />
<a href="mailto:svanden@fca.uncu.edu.ar">Silvia Van Den Bosch</a> &#8211; Designada 17.12.14</p>
<p><strong>UNL:</strong><br />
<a href="mailto:eforment@fcv.unl.edu.ar;enriform@yahoo.com">Enrique Antonio Formentini</a>&#8211; Designado 06.06.18<br />
<a href="mailto:mruiz@fcv.unl.edu.ar">Marcelo Fabián Ruiz</a> &#8211; Designado 06.06.18</p>
<p><strong>UNLP:<br />
</strong><a href="mailto:swilliams@fcv.unlp.edu.ar">Sara Williams</a></p>
<p><strong>UNNE:<br />
</strong><a href="mailto:mfcipolini@vet.unne.edu.ar">Maria Fabiana Cipolini</a>&#8211; Designado 11.04.18<br />
Diana Martinez<br />
Jose Dario Alvarez</p>
<p><strong>UNNOBA:<br />
</strong><a href="mailto:leandrofarina@unnoba.edu.ar">Leandro Fariña</a> &#8211; Ratificado 06.06.18<br />
<a href="mailto:angelpatitucci@unnoba.edu.ar">Ángel Patitucci</a> &#8211; Designado 06.06.18</p>
<p><strong>UFPR:</strong><br />
<a href="mailto:waldirsilva@ufpr.br">Antonio Waldir Cunha Silva</a></p>
<p><strong>UFRGS:</strong><br />
<a href="mailto:vladimir@orion.ufrgs.br;vladimir@ufrgs.br">Vladimir Pinheiro Do Nascimento</a></p>
<p><strong>UFSC:<br />
</strong><a href="mailto:adriano.ramos@ufsc.br">Adriano Tony Ramos</a> &#8211; Ratificado 06.06.18</p>
<p><strong>UFSM:</strong><br />
<a href="mailto:lasangioni@gmail.com">Luís Antônio Sangioni</a> &#8211; Designado 29.07.14<br />
<a href="mailto:sabott20@gmail.com">Sonia Botton</a> &#8211; Designada 29.07.14</p>
<p><strong>UCHILE:<br />
</strong><a href="mailto:surcelay@uchile.cl">Santiago Urcelay</a> &#8211; Designado 21.07.14</p>
<p><strong>UNA:</strong><br />
<a href="mailto:aszwako@vet.una.py">Alexander Szwako González</a> &#8211; Designado 24.05.17<br />
<a href="mailto:juan_guillermo82@hotmail.com">Guillermo Cantero</a> &#8211; Designado 06.04.18<br />
<a href="mailto:rogergvatt@gmail.com">Roger González Vatteone</a> &#8211; Designado 12.09.18</p>
<p><strong>UdelaR:</strong><br />
<a href="mailto:jpiaggio@fvet.edu.uy">José Piaggio</a><br />
<a href="mailto:jose.verdes@fvet.edu.uy">José Manuel Verdes</a></p>
<p>[:]</p>

<p>Coordinado por la Universidad Nacional de La Plata, Argentina: Sara Williams ARGENTINA: UBA: Luis Ambros UNC: María Alejandra Cabanillas &#8211; Designada 22.06.23 UNCuyo: Silvia Van&#8230;</p>
