{"id":14,"date":"2015-12-04T19:36:50","date_gmt":"2015-12-04T19:36:50","guid":{"rendered":"http:\/\/grupomontevideo.org\/ndca\/caagroalimentario\/?page_id=14"},"modified":"2025-12-16T11:43:37","modified_gmt":"2025-12-16T11:43:37","slug":"actas-de-reunion","status":"publish","type":"page","link":"https:\/\/grupomontevideo.org\/ndca\/caprocesoscooperativos\/?page_id=14","title":{"rendered":"Reuniones Presenciales"},"content":{"rendered":"<p><a href=\"https:\/\/grupomontevideo.org\/ndca\/caprocesoscooperativos\/wp-content\/uploads\/2025\/12\/Acta-XXIII-Reunion-PROCOAS-2025_Asuncion.pdf\" target=\"_blank\" rel=\"noopener\">2025 &#8211; septiembre 17 a 19<\/a><br \/>\n<a href=\"https:\/\/grupomontevideo.org\/ndca\/caprocesoscooperativos\/wp-content\/uploads\/2025\/04\/Acta-XXII-Reunion-PROCOAS-2024_Mar-del-Plata.pdf\" target=\"_blank\" rel=\"noopener\">2024 &#8211; noviembre 13 a 16<\/a><br \/>\n<a href=\"https:\/\/grupomontevideo.org\/ndca\/caprocesoscooperativos\/wp-content\/uploads\/2024\/02\/Acta-XXI-Reunion-anual-PROCOAS-2023-Santa-Fe.pdf\" target=\"_blank\" rel=\"noopener\">2023 &#8211; septiembre 6 y 9<\/a><br \/>\n<a href=\"https:\/\/grupomontevideo.org\/ndca\/caprocesoscooperativos\/wp-content\/uploads\/2022\/12\/Acta-XX-Reunion-anual-PROCOAS-2022-Sao-Carlos.pdf\">2022 &#8211; noviembre 12<\/a><br \/>\n<a href=\"https:\/\/grupomontevideo.org\/ndca\/caprocesoscooperativos\/wp-content\/uploads\/2020\/02\/Acta-VXII-Reuni\u00f3n-PROCOAS-2020-UPLA.pdf\">2019 &#8211; octubre 19<\/a><br \/>\n<a href=\"https:\/\/grupomontevideo.org\/ndca\/caprocesoscooperativos\/wp-content\/uploads\/2018\/12\/Acta-XVI-Reuni\u00f3n-anual-PROCOAS-C\u00f3rdoba-2018.pdf\" rel=\"noopener noreferrer\">2018 &#8211; octubre 20<\/a><br \/>\n<a href=\"https:\/\/grupomontevideo.org\/ndca\/caprocesoscooperativos\/wp-content\/uploads\/2018\/04\/Acta-XV-Reuni\u00f3n-anual-PROCOAS-Sao-Paulo-2017.pdf\" rel=\"noopener noreferrer\">2017 &#8211; octubre 12<\/a><br \/>\n<a href=\"https:\/\/grupomontevideo.org\/ndca\/caprocesoscooperativos\/wp-content\/uploads\/2015\/12\/Acta-XIV-Reuni\u00f3n-Anual-PROCOAS.pdf\" rel=\"noopener noreferrer\">2016 &#8211; septiembre 16<\/a><br \/>\n<a href=\"https:\/\/grupomontevideo.org\/ndca\/caprocesoscooperativos\/wp-content\/uploads\/2015\/12\/Acta-XIII-reuni\u00f3n-PROCOAS-2015.pdf\" rel=\"noopener noreferrer\">2015 &#8211; octubre 10<\/a><br \/>\n<a href=\"https:\/\/grupomontevideo.org\/ndca\/caprocesoscooperativos\/wp-content\/uploads\/2015\/12\/CA-PROCOAS-ACTA-2014-octubre-17.pdf\">2014 &#8211; octubre 17<\/a><br \/>\n<a href=\"https:\/\/grupomontevideo.org\/ndca\/caprocesoscooperativos\/wp-content\/uploads\/2015\/12\/CA-PROCOAS-ACTA-2013-noviembre-15.pdf\">2013 &#8211; noviembre 15<\/a><br \/>\n<a href=\"https:\/\/grupomontevideo.org\/ndca\/caprocesoscooperativos\/wp-content\/uploads\/2015\/12\/CA-PROCOAS-ACTA-2012-octubre-19.pdf\">2012 &#8211; octubre 19<\/a><br \/>\n<a href=\"https:\/\/grupomontevideo.org\/ndca\/caprocesoscooperativos\/wp-content\/uploads\/2015\/12\/CA-PROCOAS-ACTA-2011-octubre-12-13.pdf\">2011 &#8211; octubre 12 y 13<\/a><br \/>\n<a href=\"https:\/\/grupomontevideo.org\/ndca\/caprocesoscooperativos\/wp-content\/uploads\/2015\/12\/CA-PROCOAS-ACTA-2010-octubre-30.pdf\">2010 &#8211; octubre 30<\/a><br \/>\n2009 &#8211; noviembre 17 (<a href=\"https:\/\/grupomontevideo.org\/ndca\/caprocesoscooperativos\/wp-content\/uploads\/2015\/12\/CA-PROCOAS-ACTA-2009-noviembre-17-espa\u00f1ol.pdf\">Espa\u00f1ol<\/a>)\u00a0&#8211;\u00a0(<a href=\"https:\/\/grupomontevideo.org\/ndca\/caprocesoscooperativos\/wp-content\/uploads\/2015\/12\/CA-PROCOAS-ACTA-2009-noviembre-17-portugues.pdf\">Portugu\u00e9s<\/a>)<br \/>\n<a href=\"https:\/\/grupomontevideo.org\/ndca\/caprocesoscooperativos\/wp-content\/uploads\/2015\/12\/CA-PROCOAS-ACTA-2008-Setiembre-05.pdf\">2008 &#8211; setiembre 5<\/a><br \/>\n<a href=\"https:\/\/grupomontevideo.org\/ndca\/caprocesoscooperativos\/wp-content\/uploads\/2015\/12\/CA-PROCOAS-ACTA-2007-setiembre-14.pdf\">2007 &#8211; setiembre 14<\/a><br \/>\n<a href=\"https:\/\/grupomontevideo.org\/ndca\/caprocesoscooperativos\/wp-content\/uploads\/2015\/12\/CA-PROCOAS-ACTA-2006-setiembre-15.pdf\">2006 &#8211; setiembre 15<\/a><br \/>\n<a href=\"https:\/\/grupomontevideo.org\/ndca\/caprocesoscooperativos\/wp-content\/uploads\/2015\/12\/CA-PROCOAS-ACTA-2006-junio-02-seminario.pdf\">2006 &#8211; junio 2<\/a><br \/>\n<a href=\"https:\/\/grupomontevideo.org\/ndca\/caprocesoscooperativos\/wp-content\/uploads\/2015\/12\/CA-PROCOAS-ACTA-2005-agosto-17-19.pdf\">2005 &#8211; agosto 17 al 19<\/a><br \/>\n<a href=\"https:\/\/grupomontevideo.org\/ndca\/caprocesoscooperativos\/wp-content\/uploads\/2015\/12\/CA-PROCOAS-ACTA-2004-noviembre-24-25.pdf\">2004 &#8211; noviembre 24 y 25<\/a><\/p>\n<p><a href=\"https:\/\/grupomontevideo.org\/ndca\/caprocesoscooperativos\/wp-content\/uploads\/2015\/12\/Declaraci\u00f3n-de-la-constituci\u00f3n-del-CA-PROCOAS.pdf\">Declaraci\u00f3n de la Constituci\u00f3n del Comit\u00e9 Acad\u00e9mico PROCOAS<\/a><\/p>\n","protected":false},"excerpt":{"rendered":"<p>2025 &#8211; septiembre 17 a 19 2024 &#8211; noviembre 13 a 16 2023 &#8211; septiembre 6 y 9 2022 &#8211; noviembre 12 2019 &#8211; octubre&#8230;<\/p>\n","protected":false},"author":1,"featured_media":0,"parent":0,"menu_order":0,"comment_status":"closed","ping_status":"closed","template":"","meta":{"footnotes":""},"class_list":["post-14","page","type-page","status-publish","hentry"],"_links":{"self":[{"href":"https:\/\/grupomontevideo.org\/ndca\/caprocesoscooperativos\/index.php?rest_route=\/wp\/v2\/pages\/14","targetHints":{"allow":["GET"]}}],"collection":[{"href":"https:\/\/grupomontevideo.org\/ndca\/caprocesoscooperativos\/index.php?rest_route=\/wp\/v2\/pages"}],"about":[{"href":"https:\/\/grupomontevideo.org\/ndca\/caprocesoscooperativos\/index.php?rest_route=\/wp\/v2\/types\/page"}],"author":[{"embeddable":true,"href":"https:\/\/grupomontevideo.org\/ndca\/caprocesoscooperativos\/index.php?rest_route=\/wp\/v2\/users\/1"}],"replies":[{"embeddable":true,"href":"https:\/\/grupomontevideo.org\/ndca\/caprocesoscooperativos\/index.php?rest_route=%2Fwp%2Fv2%2Fcomments&post=14"}],"version-history":[{"count":26,"href":"https:\/\/grupomontevideo.org\/ndca\/caprocesoscooperativos\/index.php?rest_route=\/wp\/v2\/pages\/14\/revisions"}],"predecessor-version":[{"id":721,"href":"https:\/\/grupomontevideo.org\/ndca\/caprocesoscooperativos\/index.php?rest_route=\/wp\/v2\/pages\/14\/revisions\/721"}],"wp:attachment":[{"href":"https:\/\/grupomontevideo.org\/ndca\/caprocesoscooperativos\/index.php?rest_route=%2Fwp%2Fv2%2Fmedia&parent=14"}],"curies":[{"name":"wp","href":"https:\/\/api.w.org\/{rel}","templated":true}]}}