{"id":274,"date":"2025-10-29T13:37:40","date_gmt":"2025-10-29T13:37:40","guid":{"rendered":"https:\/\/grupomontevideo.org\/ndca\/camedioambiente\/?page_id=274"},"modified":"2026-02-12T11:37:19","modified_gmt":"2026-02-12T11:37:19","slug":"actividades-academicas-y-de-difusion","status":"publish","type":"page","link":"https:\/\/grupomontevideo.org\/ndca\/camedioambiente\/?page_id=274","title":{"rendered":"ACTIVIDADES ACAD\u00c9MICAS Y DE DIFUSI\u00d3N"},"content":{"rendered":"<p><a href=\"https:\/\/gestion.udelar.edu.uy\/noticias\/una-gestion-universitaria-sostenible-y-socialmente-inteligente-augm-y-udelar-impulsan\" target=\"_blank\" rel=\"noopener\">\u201cUna gesti\u00f3n universitaria sostenible y socialmente inteligente\u201d: AUGM y Udelar impulsan seminario sobre ambiente y derechos humanos<\/a><\/p>\n<p><a href=\"https:\/\/grupomontevideo.org\/site\/seminario-de-educacion-ambiental-y-gestion-socio-ambiental-universitaria\/#\" target=\"_blank\" rel=\"noopener\">Seminario de Educaci\u00f3n Ambiental y Gesti\u00f3n Socio-Ambiental Universitaria<\/a><\/p>\n<p><a href=\"https:\/\/grupomontevideo.org\/site\/webseminario-sobre-contaminacion-por-plasticos-y-lanzamiento-del-congreso-aguas-ambiente-y-energia-2025\/\" target=\"_blank\" rel=\"noopener\">Web seminario sobre Contaminaci\u00f3n por Pl\u00e1sticos y Lanzamiento del Congreso Aguas Ambiente y Energ\u00eda 2025<\/a><\/p>\n<p><a href=\"https:\/\/grupomontevideo.org\/site\/seminario-educacion-ambiental-y-gestion-socio-ambiental-universitaria-ambiente-y-derechos-humanos-en-el-espacio-augm\/\" target=\"_blank\" rel=\"noopener\">Seminario Educaci\u00f3n Ambiental y Gesti\u00f3n Socio-Ambiental Universitaria: Ambiente y derechos humanos en el espacio AUGM<\/a><\/p>\n<p><a href=\"https:\/\/grupomontevideo.org\/site\/iv-congreso-aguas-ambiente-y-energia\/\" target=\"_blank\" rel=\"noopener\">IV Congreso Internacional Agua, Ambiente y Energ\u00eda<\/a><\/p>\n<p><strong>Taller:<\/strong> <a href=\"https:\/\/www.youtube.com\/watch?v=WEzH8duQuXo\" target=\"_blank\" rel=\"noopener\">Una sola tierra, diversidad agroecol\u00f3gica<\/a><br \/>\n<a href=\"https:\/\/grupomontevideo.org\/ndca\/camedioambiente\/wp-content\/uploads\/2022\/08\/Afiche-CMA-AUGM-conversatorio-9-junio.jpg\" target=\"_blank\" rel=\"noopener\">Flyer.<\/a><\/p>\n<p><a href=\"https:\/\/grupomontevideo.org\/site\/iii-congreso-de-agua-ambiente-y-energia\/\" target=\"_blank\" rel=\"noopener\">III Congreso Internacional Agua, Ambiente y Energ\u00eda<\/a><\/p>\n","protected":false},"excerpt":{"rendered":"<p>\u201cUna gesti\u00f3n universitaria sostenible y socialmente inteligente\u201d: AUGM y Udelar impulsan seminario sobre ambiente y derechos humanos Seminario de Educaci\u00f3n Ambiental y Gesti\u00f3n Socio-Ambiental Universitaria&#8230;<\/p>\n","protected":false},"author":1,"featured_media":0,"parent":0,"menu_order":0,"comment_status":"closed","ping_status":"closed","template":"","meta":{"footnotes":""},"class_list":["post-274","page","type-page","status-publish","hentry"],"_links":{"self":[{"href":"https:\/\/grupomontevideo.org\/ndca\/camedioambiente\/index.php?rest_route=\/wp\/v2\/pages\/274","targetHints":{"allow":["GET"]}}],"collection":[{"href":"https:\/\/grupomontevideo.org\/ndca\/camedioambiente\/index.php?rest_route=\/wp\/v2\/pages"}],"about":[{"href":"https:\/\/grupomontevideo.org\/ndca\/camedioambiente\/index.php?rest_route=\/wp\/v2\/types\/page"}],"author":[{"embeddable":true,"href":"https:\/\/grupomontevideo.org\/ndca\/camedioambiente\/index.php?rest_route=\/wp\/v2\/users\/1"}],"replies":[{"embeddable":true,"href":"https:\/\/grupomontevideo.org\/ndca\/camedioambiente\/index.php?rest_route=%2Fwp%2Fv2%2Fcomments&post=274"}],"version-history":[{"count":8,"href":"https:\/\/grupomontevideo.org\/ndca\/camedioambiente\/index.php?rest_route=\/wp\/v2\/pages\/274\/revisions"}],"predecessor-version":[{"id":338,"href":"https:\/\/grupomontevideo.org\/ndca\/camedioambiente\/index.php?rest_route=\/wp\/v2\/pages\/274\/revisions\/338"}],"wp:attachment":[{"href":"https:\/\/grupomontevideo.org\/ndca\/camedioambiente\/index.php?rest_route=%2Fwp%2Fv2%2Fmedia&parent=274"}],"curies":[{"name":"wp","href":"https:\/\/api.w.org\/{rel}","templated":true}]}}