{"id":18,"date":"2015-12-04T19:37:06","date_gmt":"2015-12-04T19:37:06","guid":{"rendered":"http:\/\/grupomontevideo.org\/ndca\/caagroalimentario\/?page_id=18"},"modified":"2025-10-30T17:55:52","modified_gmt":"2025-10-30T17:55:52","slug":"objetivos","status":"publish","type":"page","link":"https:\/\/grupomontevideo.org\/ndca\/camedioambiente\/?page_id=18","title":{"rendered":"OBJETIVOS"},"content":{"rendered":"<p>El Comit\u00e9 Acad\u00e9mico de Medioambiente fue creado en la VII Reuni\u00f3n del Consejo de Rectores de la Asociaci\u00f3n de Universidades Grupo Montevideo (AUGM), realizada en la Universidad Nacional de La Plata el d\u00eda 13 de agosto de 1993. Desde entonces su objetivo ha sido contribuir al fortalecimiento y consolidaci\u00f3n de la investigaci\u00f3n cient\u00edfica y tecnol\u00f3gica sobre la tem\u00e1tica medioambiental a trav\u00e9s del desarrollo de procesos innovadores, de adaptaci\u00f3n y transferencia tecnol\u00f3gica; el establecimiento de interrelaciones entre los investigadores de las distintas universidades de AUGM; la difusi\u00f3n de los avances del conocimiento en pos de su modernizaci\u00f3n; la consolidaci\u00f3n de la educaci\u00f3n permanente con el prop\u00f3sito de lograr el desarrollo integral de las poblaciones de la subregi\u00f3n; y la aplicaci\u00f3n de conocimientos comparativos en la totalidad de las actividades.<\/p>\n<p><strong>L\u00edneas de trabajo<\/strong><\/p>\n<ul>\n<li>Transversalizaci\u00f3n de la perspectiva socioambiental en las tres funciones universitarias.<\/li>\n<li>Gesti\u00f3n universitaria sostenible.<\/li>\n<li>Educaci\u00f3n Ambiental.<\/li>\n<\/ul>\n<p><strong>Historia del Comit\u00e9 de Medio Ambiente<\/strong><\/p>\n<p>Presentaci\u00f3n del Comit\u00e9 Acad\u00e9mico de Medio Ambiente realizada por el ex coordinador, Dr. Jorge Luis Frangi ( 1947 \u2013 2021).<\/p>\n<div style=\"text-align: center; border: 1px solid #ccc; padding: 10px; border-radius: 8px; max-width: 560px; margin: 0 auto 40px auto;\"><iframe loading=\"lazy\" title=\"Comit\u00e9 Acad\u00e9mico Medio Ambiente - AUGM\" src=\"https:\/\/www.youtube.com\/embed\/DsTuSBgyQ1M\" width=\"560\" height=\"315\" frameborder=\"0\" allowfullscreen=\"allowfullscreen\"><br \/>\n<\/iframe><\/div>\n<p><span style=\"font-weight: 400;\">En el a\u00f1o 2023 el comit\u00e9 cumpli\u00f3 30 a\u00f1os y en el marco de las actividades conmemorativas del se realiz\u00f3 un homenaje p\u00f3stumo al Dr. Jorge Luis Frangi (1947 \u2013 2021), ex coordinador e impulsor del espacio de cooperaci\u00f3n acad\u00e9mica. <a href=\"https:\/\/sedici.unlp.edu.ar\/bitstream\/handle\/10915\/174969\/Documento_completo.pdf-PDFA.pdf?sequence=1&amp;isAllowed=y\">\u00a0Acceder al texto del homenaje<\/a>. Como parte de ese trig\u00e9simo aniversario, el portal de noticias de AUGM realiz\u00f3 una serie de intercambios con integrantes de este espacio que se condensan en la<\/span><a href=\"https:\/\/grupomontevideo.org\/site\/30-anos-del-comite-academico-medio-ambiente-la-triada-virtuosa-entre-ambiente-universidad-e-integracion-reigonal\/\"> <span style=\"font-weight: 400;\">nota\u00bb30 a\u00f1os del Comit\u00e9 Acad\u00e9mico de Medio Ambiente: la tr\u00edada virtuosa entre ambiente, universidad e integraci\u00f3n regional\u00bb<\/span><\/a><span style=\"font-weight: 400;\">.\u00a0<\/span><\/p>\n<p>Por m\u00e1s informaci\u00f3n sobre la historia del Comit\u00e9 Acad\u00e9mico de Medioambiente: <a href=\"https:\/\/revistas.unlp.edu.ar\/domus\/article\/view\/14608\">acceder a art\u00edculo acad\u00e9mico publicado en la revista AUGM DOMUS.<\/a> Taks, J., Garrido, R., Guerra, D., M\u00e9ndez, F., &amp; Soto Acevedo, E. (2022). Comit\u00e9 Acad\u00e9mico de Medioambiente.\u00a0<em>AUGM DOMUS<\/em>,\u00a0<em>10<\/em>, e003.\u00a0<a href=\"https:\/\/doi.org\/10.24215\/18522181e003\">https:\/\/doi.org\/10.24215\/18522181e003<\/a><\/p>\n","protected":false},"excerpt":{"rendered":"<p>El Comit\u00e9 Acad\u00e9mico de Medioambiente fue creado en la VII Reuni\u00f3n del Consejo de Rectores de la Asociaci\u00f3n de Universidades Grupo Montevideo (AUGM), realizada en&#8230;<\/p>\n","protected":false},"author":1,"featured_media":0,"parent":0,"menu_order":0,"comment_status":"closed","ping_status":"closed","template":"","meta":{"footnotes":""},"class_list":["post-18","page","type-page","status-publish","hentry"],"_links":{"self":[{"href":"https:\/\/grupomontevideo.org\/ndca\/camedioambiente\/index.php?rest_route=\/wp\/v2\/pages\/18","targetHints":{"allow":["GET"]}}],"collection":[{"href":"https:\/\/grupomontevideo.org\/ndca\/camedioambiente\/index.php?rest_route=\/wp\/v2\/pages"}],"about":[{"href":"https:\/\/grupomontevideo.org\/ndca\/camedioambiente\/index.php?rest_route=\/wp\/v2\/types\/page"}],"author":[{"embeddable":true,"href":"https:\/\/grupomontevideo.org\/ndca\/camedioambiente\/index.php?rest_route=\/wp\/v2\/users\/1"}],"replies":[{"embeddable":true,"href":"https:\/\/grupomontevideo.org\/ndca\/camedioambiente\/index.php?rest_route=%2Fwp%2Fv2%2Fcomments&post=18"}],"version-history":[{"count":13,"href":"https:\/\/grupomontevideo.org\/ndca\/camedioambiente\/index.php?rest_route=\/wp\/v2\/pages\/18\/revisions"}],"predecessor-version":[{"id":330,"href":"https:\/\/grupomontevideo.org\/ndca\/camedioambiente\/index.php?rest_route=\/wp\/v2\/pages\/18\/revisions\/330"}],"wp:attachment":[{"href":"https:\/\/grupomontevideo.org\/ndca\/camedioambiente\/index.php?rest_route=%2Fwp%2Fv2%2Fmedia&parent=18"}],"curies":[{"name":"wp","href":"https:\/\/api.w.org\/{rel}","templated":true}]}}