{"id":16,"date":"2015-12-04T19:36:59","date_gmt":"2015-12-04T19:36:59","guid":{"rendered":"http:\/\/grupomontevideo.org\/ndca\/caagroalimentario\/?page_id=16"},"modified":"2025-12-03T13:13:58","modified_gmt":"2025-12-03T13:13:58","slug":"integrantes","status":"publish","type":"page","link":"https:\/\/grupomontevideo.org\/ndca\/camedioambiente\/?page_id=16","title":{"rendered":"INTEGRANTES"},"content":{"rendered":"<p><strong>Coordinado por la Universidad de la Rep\u00fablica, Uruguay:<\/strong><br \/>\n<a href=\"mailto:dgb1978@gmail.com\">Daniela Guerra<\/a><\/p>\n<p><strong>Coordinaci\u00f3n alterna Universidad Nacional de Tucum\u00e1n:<\/strong><\/p>\n<p><a href=\"mailto:mcolombo@webmail.unt.edu.ar\">Marcela Colombo<\/a><\/p>\n<hr \/>\n<p><strong><br \/>\nARGENTINA:<\/strong><\/p>\n<p><strong>UNCA:<br \/>\n<\/strong><a href=\"mailto:rmhumana@exactas.unca.edu.ar\">Rita Mari\u00e1ngeles Humana<\/a> &#8211; 01.12.25<br \/>\n<strong><br \/>\nUNC:<\/strong><br \/>\n<a href=\"mailto:raquel.murialdo@unc.edu.ar\">Raquel Carmen Murialdo<\/a> &#8211; Designada 22.06.23<br \/>\n<a href=\"mailto:ines.asis@unc.edu.ar\">In\u00e9s del Valle Asis<\/a> &#8211; Designada 22.06.23<\/p>\n<p><strong>UNCuyo:<br \/>\n<\/strong><a href=\"mailto:vquiroga@fca.uncu.edu.ar\">Viviana Quiroga<\/a> &#8211; Designada 19.05.23<br \/>\n<a href=\"mailto:evalpreda@ffyl.uncu.edu.ar\">Edda Valpreda<\/a> &#8211; Designada 19.05.23<\/p>\n<p><strong>UNER:<\/strong><br \/>\n<a href=\"mailto:perezh@fcs.uner.edu.ar\">Hugo Rub\u00e9n Perez<\/a>\u00a0&#8211;\u00a0Ratificado 09.04.14<br \/>\n<a href=\"mailto:soquimius@hotmail.com?cc=mmelchiori@fb.uner.edu.ar\">Mar\u00eda Clara Melchiori<\/a>\u00a0&#8211;\u00a0Ratificada 09.04.14<\/p>\n<p><strong>UNL:<\/strong><br \/>\n<a href=\"mailto:cpassalia@gmail.com\">Claudio Passal\u00eda<\/a> &#8211; Ratificado 08.11.22<br \/>\n<a href=\"mailto:albaimhof@gmail.com\">Alba Imhoff<\/a> &#8211; Ratificada 08.11.22<\/p>\n<p><strong>UNLP:<\/strong><br \/>\n<a href=\"mailto:nora@ilpla.edu.ar\">Nora G\u00f3mez<\/a> &#8211; Designada 26.07.23<\/p>\n<p><strong>UNMdP:<br \/>\n<\/strong><a href=\"mailto:froilan@fi.mdp.edu.ar\">Jorge Froilan Gonz\u00e1lez<\/a><strong>\u00a0<\/strong><\/p>\n<p><strong>UNNE:<br \/>\n<\/strong><a href=\"mailto:maijoroibon@hotmail.com\">Mar\u00eda Jos\u00e9 Roib\u00f3n<\/a> &#8211; Designada 21.06.23<br \/>\n<a href=\"mailto:claudiapilar2014@gmail.com\">Claudia Pilar<\/a> &#8211; Designada 21.06.23<\/p>\n<p><strong>UNR:<br \/>\n<\/strong><a href=\"mailto:juanmanuelpla@gmail.com\">Juan Manuel Pl\u00e1<\/a> &#8211; Ratificado 25.08.25<br \/>\n<a href=\"mailto:claramitchelling@gmail.com\">Clara Mitchell<\/a> &#8211; Designada 25.08.25<br \/>\n<strong><br \/>\nUNS:<\/strong><br \/>\n<a href=\"mailto:mbnoceti@gmail.com\">Belen Noceti<\/a> &#8211; Designada 27.02.25<br \/>\n<a href=\"mailto:mpmichalijos@yahoo.com.ar\">Mar\u00eda Paula Michalijos<\/a> &#8211; Ratificada 27.02.25<\/p>\n<p><strong>UNT:<\/strong><\/p>\n<p><a href=\"mailto:mcolombo@webmail.unt.edu.ar\">Marcela Colombo<\/a><\/p>\n<p><strong><br \/>\nBOLIVIA:<\/strong><\/p>\n<p><strong>UMSA:<br \/>\n<\/strong><a href=\"mailto:marilyneffen@gmail.com\">Marilyn Aparicio<\/a>\u00a0&#8211; Ratificada junio 2018<\/p>\n<p><strong>UMSS:<\/strong><br \/>\n<a href=\"mailto:carlaoporto.p@fcyt.umss.edu.bo\">Carla Oporto Pereyra<\/a><br \/>\n<a href=\"mailto:ma.atahuachi@umss.edu\">Margoth Atahuachi Burgos<\/a><br \/>\n<a href=\"mailto:choepfne@uc.cl\">Claudia Hoepfner Loayza<\/a><br \/>\n<a href=\"mailto:j.solis@umss.edu\">Jerry Luis Sol\u00eds Valdivia<\/a><br \/>\n<a href=\"mailto:be.gossweiler@umss.edu\">Benjamin Gossweiler Herrer<\/a>a<\/p>\n<p><strong>USFX:<\/strong><br \/>\n<a href=\"mailto:serrano.martha@usfx.bo\">Martha Serrano Pacheco<\/a> &#8211; Designada 14.09.21<\/p>\n<p><strong><br \/>\nBRASIL:<\/strong><\/p>\n<p><strong>UFG:<\/strong><br \/>\n<a href=\"mailto:anadeoli@gmail.com\">Ana Paula de Oliveira<\/a> &#8211; Designada 23.08.23<br \/>\n<a href=\"mailto:karla_hora@ufg.br\">Karla Emmanuela Ribeiro Hora<\/a> &#8211; Designada 23.08.23<\/p>\n<p><strong>UFPR: <\/strong><br \/>\n<a href=\"mailto:negrelle@ufpr.br?cc=rbgrelle@cce.ufpr.br\">Raquel Negrelle<\/a>\u00a0&#8211; Designada 22.08.18<\/p>\n<p><strong>FURG:<br \/>\n<\/strong><a href=\"mailto:docdione@furg.br\">Dione lara Silveira Kitzmann<\/a> &#8211; Designada 25.09.18<strong><br \/>\n<\/strong><\/p>\n<p><strong>UFRGS:<br \/>\n<\/strong><a href=\"mailto:campani@ufrgs.br\">Darci Barnech Campani<\/a>\u00a0&#8211;\u00a0Designado 09.03.12<\/p>\n<p><strong>UFRJ:<\/strong><br \/>\n<a href=\"mailto:araceli@facc.ufrj.br\">Arac\u00e9li Cristina de Sousa Ferreira<\/a> &#8211; Designada 01.04.21<br \/>\n<a href=\"mailto:graciela@iq.ufrj.br\">Graciela Arbilla<\/a> &#8211; Designada 01.04.21<\/p>\n<p><strong>UFSC:<\/strong><br \/>\n<a href=\"mail:joni.stolberg@ufsc.br\">Joni Stolberg<\/a>\u00a0&#8211; Ratificado 06.06.18<\/p>\n<p><strong>UFSCar:<br \/>\n<\/strong><a href=\"mailto:epugliesi@ufscar.br;epugliesi@gmail.com\">\u00c9rica Pugliesi<\/a> &#8211; Designada 25.08.21<br \/>\n<a href=\"mailto:robertasanches@ufscar.br\">Roberta Sanches<\/a> &#8211; Designado 25.08.21<\/p>\n<p><strong>UFSM: <\/strong><br \/>\n<a href=\"mailto:djalma@smail.ufsm.br?cc=djalma.silveira@terra.com.br\">Djalma Dias da Silveira<\/a> &#8211;\u00a0Ratificado 27.06.14<a href=\"mailto:djalma@smail.ufsm.br?cc=djalma.silveira@terra.com.br\"><br \/>\n<\/a><a href=\"mailto:hidrologia@gnx.ne\">Daniel G. Allasia Piccilli<\/a>\u00a0&#8211; Designado 27.06.14<\/p>\n<p><strong>UnB:<\/strong><br \/>\n<a href=\"mailto:valdirs@unb.br\">Valdir Adilson Steinke<\/a> &#8211; Designado 16.05.25<\/p>\n<p><strong>UNIFESP:<\/strong><br \/>\n<a href=\"mailto:quaglio@unifesp.br\">Fernanda Quaglio<\/a> &#8211; Designada 12.01.24<\/p>\n<p><strong><br \/>\nCHILE:<\/strong><\/p>\n<p><strong>UChile:<br \/>\n<\/strong><a href=\"mailto:anahiurquiza@uchile.cl\">Anah\u00ed Urquiza<\/a> &#8211; Designada 17.08.22<strong><br \/>\n<\/strong><\/p>\n<p><strong>UPLA:<br \/>\n<\/strong><a href=\"mailto:esoto@upla.cl\">Eva Soto Acevedo<\/a> &#8211; Ratificada 18.07.22<br \/>\n<a href=\"mailto:marisol.belmonte@upla.cl\">Marisol Belmonte Soto<\/a> &#8211; Ratificada 18.07.22<\/p>\n<p><strong>USACH:<\/strong><br \/>\n<a href=\"mailto:rene.garridol@usach.cl\">Ren\u00e9 Garrido<\/a> &#8211; Ratificado 01.07.25<br \/>\n<a href=\"mailto:claudia.ortiz@usach.cl\">Claudia Ortiz<\/a> &#8211; Designada 01.07.25<\/p>\n<p><strong>UV:<\/strong><br \/>\n<a href=\"mailto:kathleen.whitlock@uv.cl\">Kathleen Whitlock<\/a> &#8211; Designada 13.07.21<\/p>\n<p><strong><br \/>\nPARAGUAY:<\/strong><\/p>\n<p><strong>UNA:<\/strong><br \/>\n<a href=\"mailto:andreaweiler1@gmail.com;andreaweiler@facen.una.py\">Andrea Weiler de Albertini<\/a> &#8211; Ratificada 02.05.23<br \/>\n<a href=\"mailto:arthurosantacruz@gmail.com\">Pedro Arthuro Santa Cruz Peralta<\/a> &#8211; Designado 02.05.23<\/p>\n<p><strong>UNC:<\/strong><br \/>\n<a href=\"mailto:derlysfernando@hotmail.com\">Derlys Fernando L\u00f3pez Avalos<\/a> &#8211; Designado 29.11.22<\/p>\n<p><strong>UNE: <\/strong><br \/>\n<a href=\"mailto:enrirodri@hotmail.com\">Enrique Rodriguez<\/a> &#8211; Designado 13.04.21<\/p>\n<p><strong>UNI:<\/strong><br \/>\n<a href=\"mailto:patricia.martinezlovera@gmail.com\">Patricia Mart\u00ednez<\/a> &#8211; Designada 06.03.23<\/p>\n<p><strong><br \/>\nURUGUAY:<\/strong><\/p>\n<p><strong>UdelaR:<\/strong><br \/>\n<a href=\"mailto:javier.taks@gmail.com;jtaks@adinet.com.uy;jtaks@fhuce.edu.uy\">Javier Taks <\/a><br \/>\n<a href=\"mailto:dgb1978@gmail.com\">Daniela Guerra<\/a>\u00a0&#8211; Designada 25.10.16<\/p>\n<p>&nbsp;<\/p>\n<p>&nbsp;<\/p>\n","protected":false},"excerpt":{"rendered":"<p>Coordinado por la Universidad de la Rep\u00fablica, Uruguay: Daniela Guerra Coordinaci\u00f3n alterna Universidad Nacional de Tucum\u00e1n: Marcela Colombo ARGENTINA: UNCA: Rita Mari\u00e1ngeles Humana &#8211; 01.12.25&#8230;<\/p>\n","protected":false},"author":1,"featured_media":0,"parent":0,"menu_order":0,"comment_status":"closed","ping_status":"closed","template":"","meta":{"footnotes":""},"class_list":["post-16","page","type-page","status-publish","hentry"],"_links":{"self":[{"href":"https:\/\/grupomontevideo.org\/ndca\/camedioambiente\/index.php?rest_route=\/wp\/v2\/pages\/16","targetHints":{"allow":["GET"]}}],"collection":[{"href":"https:\/\/grupomontevideo.org\/ndca\/camedioambiente\/index.php?rest_route=\/wp\/v2\/pages"}],"about":[{"href":"https:\/\/grupomontevideo.org\/ndca\/camedioambiente\/index.php?rest_route=\/wp\/v2\/types\/page"}],"author":[{"embeddable":true,"href":"https:\/\/grupomontevideo.org\/ndca\/camedioambiente\/index.php?rest_route=\/wp\/v2\/users\/1"}],"replies":[{"embeddable":true,"href":"https:\/\/grupomontevideo.org\/ndca\/camedioambiente\/index.php?rest_route=%2Fwp%2Fv2%2Fcomments&post=16"}],"version-history":[{"count":96,"href":"https:\/\/grupomontevideo.org\/ndca\/camedioambiente\/index.php?rest_route=\/wp\/v2\/pages\/16\/revisions"}],"predecessor-version":[{"id":331,"href":"https:\/\/grupomontevideo.org\/ndca\/camedioambiente\/index.php?rest_route=\/wp\/v2\/pages\/16\/revisions\/331"}],"wp:attachment":[{"href":"https:\/\/grupomontevideo.org\/ndca\/camedioambiente\/index.php?rest_route=%2Fwp%2Fv2%2Fmedia&parent=16"}],"curies":[{"name":"wp","href":"https:\/\/api.w.org\/{rel}","templated":true}]}}