{"id":43,"date":"2015-12-07T22:15:52","date_gmt":"2015-12-07T22:15:52","guid":{"rendered":"http:\/\/grupomontevideo.org\/ndca\/cacienciaspoliticasysociales\/?page_id=43"},"modified":"2022-08-09T18:36:50","modified_gmt":"2022-08-09T18:36:50","slug":"cursos-de-grado-y-postgrado","status":"publish","type":"page","link":"https:\/\/grupomontevideo.org\/ndca\/cacienciaspoliticasysociales\/?page_id=43","title":{"rendered":"Cursos de Grado y Postgrado"},"content":{"rendered":"<p>ESCUELA DE INVIERNO 2021<br \/>\n<a href=\"https:\/\/grupomontevideo.org\/ndca\/cacienciaspoliticasysociales\/wp-content\/uploads\/2022\/08\/Escuela-Invierno-AUGM-UNS-USACH-2021-virtual-programa-general-1.docx\">Escuela Invierno AUGM UNS USACH 2021 virtual programa general <\/a><\/p>\n<p>&nbsp;<\/p>\n<p><strong>ARGENTINA<\/strong><\/p>\n<p><strong>UNIVERSIDAD NACIONAL DE C\u00d3RDOBA (UNC)<\/strong><\/p>\n<table width=\"875\">\n<tbody>\n<tr>\n<td width=\"143\"><strong>Nivel posgrado<\/strong><\/td>\n<td width=\"540\"><strong>Nombre de la carrera<\/strong><\/td>\n<td width=\"192\"><strong>Dependencia que dicta<\/strong><\/td>\n<\/tr>\n<tr>\n<td rowspan=\"2\" width=\"143\">Especializaci\u00f3n<\/td>\n<td width=\"540\">Administraci\u00f3n P\u00fablica Provincial y Municipal<\/td>\n<td width=\"192\">IIFAP<\/td>\n<\/tr>\n<tr>\n<td width=\"540\">Producci\u00f3n y An\u00e1lisis de Informaci\u00f3n para Pol\u00edticas P\u00fablicas<\/td>\n<td width=\"192\">CEA<\/td>\n<\/tr>\n<tr>\n<td width=\"143\"><\/td>\n<td width=\"540\"><\/td>\n<td width=\"192\"><\/td>\n<\/tr>\n<tr>\n<td rowspan=\"7\" width=\"143\">Maestr\u00eda<\/td>\n<td width=\"540\">Administraci\u00f3n P\u00fablica<\/td>\n<td width=\"192\">IIFAP<\/td>\n<\/tr>\n<tr>\n<td width=\"540\">Ciencias Sociales con menci\u00f3n en Metodolog\u00eda de la Investigaci\u00f3n Social<\/td>\n<td width=\"192\">ETS<\/td>\n<\/tr>\n<tr>\n<td width=\"540\">Ciencias Sociales con menci\u00f3n en Pol\u00edticas Sociales<\/td>\n<td width=\"192\">ETS<\/td>\n<\/tr>\n<tr>\n<td width=\"540\">Derecho y Argumentaci\u00f3n<\/td>\n<td width=\"192\">FDyCS<\/td>\n<\/tr>\n<tr>\n<td width=\"540\">Partidos Pol\u00edticos<\/td>\n<td width=\"192\">CEA<\/td>\n<\/tr>\n<tr>\n<td width=\"540\">Relaciones Internacionales<\/td>\n<td width=\"192\">CEA<\/td>\n<\/tr>\n<tr>\n<td width=\"540\">Sociolog\u00eda<\/td>\n<td width=\"192\">CEA<\/td>\n<\/tr>\n<tr>\n<td width=\"143\"><\/td>\n<td width=\"540\"><\/td>\n<td width=\"192\"><\/td>\n<\/tr>\n<tr>\n<td rowspan=\"7\" width=\"143\">Doctorado<\/td>\n<td width=\"540\">Administraci\u00f3n y Pol\u00edtica P\u00fablicas<\/td>\n<td width=\"192\">IIFAP<\/td>\n<\/tr>\n<tr>\n<td width=\"540\">Ciencia Pol\u00edtica<\/td>\n<td width=\"192\">CEA<\/td>\n<\/tr>\n<tr>\n<td width=\"540\">Demograf\u00eda<\/td>\n<td width=\"192\">FCE<\/td>\n<\/tr>\n<tr>\n<td width=\"540\">Derecho y Ciencias Sociales<\/td>\n<td width=\"192\">FDyCS<\/td>\n<\/tr>\n<tr>\n<td width=\"540\">Estudios de G\u00e9nero<\/td>\n<td width=\"192\">CEA<\/td>\n<\/tr>\n<tr>\n<td width=\"540\">Estudios Sociales Agrarios<\/td>\n<td width=\"192\">CEA<\/td>\n<\/tr>\n<tr>\n<td width=\"540\">Estudios Sociales de Am\u00e9rica Latina<\/td>\n<td width=\"192\">CEA<\/td>\n<\/tr>\n<\/tbody>\n<\/table>\n<p><strong>\u00a0<\/strong><\/p>\n<p><strong>UNIVERSIDAD NACIONAL DE ENTRE R\u00cdOS (UNER)<\/strong><br \/>\n<strong>Grado<br \/>\n<\/strong><\/p>\n<ul>\n<li>Licenciatura em Ci\u00eancia Pol\u00edtica <a title=\"http:\/\/www.fts.uner.edu.ar\/carreras\/lic_cp.html\" href=\"http:\/\/www.fts.uner.edu.ar\/carreras\/lic_cp.html\" target=\"_blank\" rel=\"noopener\">http:\/\/www.fts.uner.edu.ar\/<wbr \/>carreras\/lic_cp.html<\/a><\/li>\n<\/ul>\n<ul>\n<li>Licenciatura em Servi\u00e7o Social <a title=\"http:\/\/www.fts.uner.edu.ar\/carreras\/lic_ts.html\" href=\"http:\/\/www.fts.uner.edu.ar\/carreras\/lic_ts.html\" target=\"_blank\" rel=\"noopener\">http:\/\/www.fts.uner.edu.ar\/carreras\/lic_ts.html<\/a><\/li>\n<\/ul>\n<ul>\n<li>Curso Tecnol\u00f3gico Universit\u00e1rio em Interpreta\u00e7\u00e3o em l\u00edngua de Sinais Argentina-Espanhol <a title=\"http:\/\/www.fts.uner.edu.ar\/carreras\/lsa\/presentacion.html\" href=\"http:\/\/www.fts.uner.edu.ar\/carreras\/lsa\/presentacion.html\" target=\"_blank\" rel=\"noopener\">http:\/\/www.fts.uner.edu.ar\/<wbr \/>carreras\/lsa\/presentacion.html<\/a><\/li>\n<\/ul>\n<p><strong>Posgrado<br \/>\n<\/strong><\/p>\n<ul>\n<li>Doutorado em Ci\u00eancias Sociais <a>http:\/\/www.fts.uner.edu.ar\/<wbr \/>posgrados\/doctorado_cs\/<wbr \/>doctorado_index.html<\/a><\/li>\n<li>Especializa\u00e7\u00e3o em Gerontologia <a>http:\/\/www.fts.uner.edu.ar\/<wbr \/>posgrados\/gerontologia\/<wbr \/>presentacion.html<\/a><\/li>\n<li>Especializa\u00e7\u00e3o em Pol\u00edticas P\u00fablicas de Inf\u00e2ncia, Adolesc\u00eancia e Fam\u00edlia <a>http:\/\/www.fts.uner.edu.ar\/<wbr \/>posgrados\/esp_pp_abordajes_<wbr \/>naf\/presentacion.html<\/a><\/li>\n<li>Mestrado em Avalia\u00e7\u00e3o de Pol\u00edticas P\u00fablicas <a>http:\/\/www.fts.uner.edu.ar\/<wbr \/>posgrados\/maestria_monitoreo_<wbr \/>epp\/presentacion.html<\/a><\/li>\n<li>Mestrado em Sa\u00fade Mental <a href=\"http:\/\/www.fts.uner.edu.ar\/posgrados\/maestriasm\/presentacion.html\" target=\"_blank\" rel=\"noopener\">http:\/\/www.fts.uner.edu.ar\/<wbr \/>posgrados\/maestriasm\/<wbr \/>presentacion.html<\/a><\/li>\n<li>Mestrado em Servi\u00e7o Social <a>http:\/\/www.fts.uner.edu.ar\/<wbr \/>posgrados\/maestria_ts\/<wbr \/>presentacion.html<\/a><\/li>\n<\/ul>\n<p><strong>UNIVERSIDAD NACIONAL DEL SUR\u00a0<\/strong><strong>(Departamento de Humanidades &#8211; UNS)<\/strong><br \/>\n<strong><strong>Grado<\/strong><br \/>\n<\/strong><\/p>\n<ul>\n<li>Profesorado en Historia Profesorado en Letras<\/li>\n<li>Profesorado en Filosof\u00eda http:\/\/www.servicios.uns.edu.ar\/institucion\/deptos\/ver_contenidos.asp?cod_entidad=4&amp;cod_contenido=455<\/li>\n<li>Licenciatura en Historia Licenciatura en Letras<\/li>\n<li>Licenciatura en Filosof\u00eda Licenciatura en Ciencias de la Educaci\u00f3n http:\/\/www.servicios.uns.edu.ar\/institucion\/deptos\/ver_contenidos.asp?cod_entidad=4&amp;cod_contenido=452<\/li>\n<\/ul>\n<p><strong><strong>Posgrado<\/strong><br \/>\n<\/strong><\/p>\n<ul>\n<li>Doctorado en Historia Doctorado en Filosof\u00eda<\/li>\n<li>Doctorado en Letras http:\/\/www.servicios.uns.edu.ar\/institucion\/deptos\/ver_contenidos.asp?cod_entidad=4&amp;cod_contenido=456<\/li>\n<\/ul>\n<p><strong>BRASIL<br \/>\nUNIVERSIDADE FEDERAL DO RIO GRANDE DO SUL (UFRGS)<br \/>\n<strong>Grado<\/strong><br \/>\n<\/strong><\/p>\n<ul>\n<li>Gradua\u00e7\u00e3o em Ci\u00eancias Sociais http:\/\/www.ufrgs.br\/ufrgs\/ensino\/graduacao\/cursos\/exibeCurso?cod_curso=312<\/li>\n<\/ul>\n<ul>\n<li>Bacharelado em Pol\u00edticas P\u00fablicas http:\/\/www.ufrgs.br\/ufrgs\/ensino\/graduacao\/cursos\/exibeCurso?cod_curso=914<\/li>\n<\/ul>\n<p><strong>Posgrado<\/strong><\/p>\n<ul>\n<li>Programa de P\u00f3s-Gradua\u00e7\u00e3o em Ci\u00eancia Pol\u00edtica (Mestrado\/Doutorado) http:\/\/www.ufrgs.br\/cienciapolitica<\/li>\n<li>Programa de P\u00f3s-Gradua\u00e7\u00e3o em Sociologia\u00a0(Mestrado\/Doutorado) http:\/\/www.ufrgs.br\/ppgs\/home.php<\/li>\n<li>Programa de P\u00f3s-Gradua\u00e7\u00e3o em Antropologia\u00a0(Mestrado\/Doutorado) http:\/\/www.ufrgs.br\/ppgas\/portal\/index.php\/pt\/<\/li>\n<li>Programa de P\u00f3s-Gradua\u00e7\u00e3o em Pol\u00edticas P\u00fablicas (Mestrado\/Doutorado)\u00a0http:\/\/www.ufrgs.br\/polpub\/home.php<\/li>\n<\/ul>\n<p><strong>UNIVERSIDADE FEDERAL DE SANTA MARIA (UFSM)<\/strong><br \/>\n<strong><strong>Grado<\/strong><br \/>\n<\/strong><\/p>\n<ul>\n<li>Gradua\u00e7\u00e3o em Ci\u00eancias Sociais http:\/\/w3.ufsm.br\/csociais\/apresentacao.php<\/li>\n<\/ul>\n<p><strong><strong>Posgrado<\/strong><br \/>\n<\/strong><\/p>\n<ul>\n<li>Programa de P\u00f3s-gradua\u00e7\u00e3o em Ci\u00eancias Sociais http:\/\/w3.ufsm.br\/ppgcsociais\/<\/li>\n<\/ul>\n<p>&nbsp;<\/p>\n","protected":false},"excerpt":{"rendered":"<p>ESCUELA DE INVIERNO 2021 Escuela Invierno AUGM UNS USACH 2021 virtual programa general &nbsp; ARGENTINA UNIVERSIDAD NACIONAL DE C\u00d3RDOBA (UNC) Nivel posgrado Nombre de la&#8230;<\/p>\n","protected":false},"author":1,"featured_media":0,"parent":0,"menu_order":0,"comment_status":"closed","ping_status":"closed","template":"","meta":{"footnotes":""},"class_list":["post-43","page","type-page","status-publish","hentry"],"_links":{"self":[{"href":"https:\/\/grupomontevideo.org\/ndca\/cacienciaspoliticasysociales\/index.php?rest_route=\/wp\/v2\/pages\/43","targetHints":{"allow":["GET"]}}],"collection":[{"href":"https:\/\/grupomontevideo.org\/ndca\/cacienciaspoliticasysociales\/index.php?rest_route=\/wp\/v2\/pages"}],"about":[{"href":"https:\/\/grupomontevideo.org\/ndca\/cacienciaspoliticasysociales\/index.php?rest_route=\/wp\/v2\/types\/page"}],"author":[{"embeddable":true,"href":"https:\/\/grupomontevideo.org\/ndca\/cacienciaspoliticasysociales\/index.php?rest_route=\/wp\/v2\/users\/1"}],"replies":[{"embeddable":true,"href":"https:\/\/grupomontevideo.org\/ndca\/cacienciaspoliticasysociales\/index.php?rest_route=%2Fwp%2Fv2%2Fcomments&post=43"}],"version-history":[{"count":4,"href":"https:\/\/grupomontevideo.org\/ndca\/cacienciaspoliticasysociales\/index.php?rest_route=\/wp\/v2\/pages\/43\/revisions"}],"predecessor-version":[{"id":189,"href":"https:\/\/grupomontevideo.org\/ndca\/cacienciaspoliticasysociales\/index.php?rest_route=\/wp\/v2\/pages\/43\/revisions\/189"}],"wp:attachment":[{"href":"https:\/\/grupomontevideo.org\/ndca\/cacienciaspoliticasysociales\/index.php?rest_route=%2Fwp%2Fv2%2Fmedia&parent=43"}],"curies":[{"name":"wp","href":"https:\/\/api.w.org\/{rel}","templated":true}]}}