{"id":20,"date":"2015-12-04T19:37:35","date_gmt":"2015-12-04T19:37:35","guid":{"rendered":"http:\/\/grupomontevideo.org\/ndca\/caagroalimentario\/?page_id=20"},"modified":"2019-09-03T12:43:01","modified_gmt":"2019-09-03T12:43:01","slug":"convocatorias","status":"publish","type":"page","link":"https:\/\/grupomontevideo.org\/ndca\/caaguas\/?page_id=20","title":{"rendered":"PUBLICACIONES"},"content":{"rendered":"<p style=\"text-align: justify;\"><strong>MODELO SIMOD APLICADO PARA EVALUAR LA CALIDAD DEL AGUA EN EL RIO KATARI &#8211;<\/strong> El r\u00edo Katari descarga sus aguas en la Bah\u00eda de Cohana del lago Titicaca en el lado boliviano. Al transportar las aguas residuales de las ciudades de El Alto y Viacha con mas de 1 mill\u00f3n de habitantes, est\u00e1 ocasionando serios problemas de eutrofizaci\u00f3n en esta parte del lago mas alto del mundo. El uso \u00f3ptimo de modelos de evaluaci\u00f3n de la calidad de las aguas en r\u00edos puede contribuir a la b\u00fasqueda de soluciones planificadas y sostenibles para una adecuada gesti\u00f3n integral del recurso h\u00eddrico tan valioso en estas latitudes. El trabajo contenido en este libro constituye una valiosa experiencia para ser replicada en otros r\u00edos del mundo, principalmente por la sencillez que demanda el uso del modelo SIMOD. <strong>Por de Waldo P. Vargas-Ballester<\/strong><\/p>\n<p><a href=\"https:\/\/grupomontevideo.org\/ndca\/caaguas\/wp-content\/uploads\/2019\/09\/SIMOD-WVB.pdf\"><img loading=\"lazy\" decoding=\"async\" class=\"aligncenter size-full wp-image-431\" src=\"https:\/\/grupomontevideo.org\/ndca\/caaguas\/wp-content\/uploads\/2019\/09\/SIMOD-WVB_pages-to-jpg-0001.jpg\" alt=\"\" width=\"1754\" height=\"1241\" \/><\/a><\/p>\n<hr \/>\n<p style=\"text-align: justify;\"><strong>CALIDAD DEL AGUA EN LAS AM\u00c9RICAS. RIESGOS Y OPORTUNIDADES &#8211;<\/strong>. Publicaci\u00f3n de la IANAS, red regional de Academias de Ciencias creada para apoyar la cooperaci\u00f3n con el inter\u00e9s de fortalecer la ciencia y la tecnolog\u00eda como herramientas para el avance en la investigaci\u00f3n, desarrollo, prosperidad y equidad en las Am\u00e9ricas.<\/p>\n<p style=\"text-align: justify;\">Este trabajo, que se centra en los problemas y en la gesti\u00f3n de la calidad del agua, ha contado con la colaboraci\u00f3n estrecha de la Oficina Regional de Ciencias para Am\u00e9rica Latina y el Caribe de la UNESCO en Montevideo, concretamente con el Programa Hidrol\u00f3gico Internacional para Am\u00e9rica Latina y el Caribe (PHI-LAC) y el hidr\u00f3logo regional del PHI para LAC, el Dr. Miguel de Franco Doria.<\/p>\n<p><a href=\"https:\/\/grupomontevideo.org\/ndca\/caaguas\/wp-content\/uploads\/2019\/03\/wb09.pdf\"><img loading=\"lazy\" decoding=\"async\" class=\"aligncenter wp-image-398\" src=\"https:\/\/grupomontevideo.org\/ndca\/caaguas\/wp-content\/uploads\/2019\/03\/wb09_page-0001.jpg\" alt=\"\" width=\"455\" height=\"611\" \/><\/a><\/p>\n<hr \/>\n<p>&nbsp;<\/p>\n<p><strong>AGUA Y SOCIEDAD &#8211;<\/strong> <em>Esta publicaci\u00f3n re\u00fane, bajo el t\u00edtulo Agua y sociedad, un conjunto de aportes cient\u00edficos sobre aspectos fundamentales del conocimiento de los recursos h\u00eddricos, realizados por acad\u00e9micos de media docena de universidades de Argentina, Alemania, Brasil, Chile y Per\u00fa.<\/em><\/p>\n<p><a href=\"https:\/\/grupomontevideo.org\/ndca\/caaguas\/wp-content\/uploads\/2015\/12\/Agua-y-Sociedad-ebook-.pdf\" target=\"_blank\" rel=\"noopener noreferrer\">Acceder a la publicaci\u00f3n<\/a><\/p>\n<p><a href=\"https:\/\/grupomontevideo.org\/ndca\/caaguas\/wp-content\/uploads\/2015\/12\/Agua-y-Sociedad.jpg\"><img loading=\"lazy\" decoding=\"async\" class=\"aligncenter size-full wp-image-289\" src=\"https:\/\/grupomontevideo.org\/ndca\/caaguas\/wp-content\/uploads\/2015\/12\/Agua-y-Sociedad.jpg\" alt=\"Agua y Sociedad\" width=\"455\" height=\"599\" \/><\/a><\/p>\n<hr \/>\n<p>AUGM DOMUS &#8211; Edici\u00f3n Especial AGUAS &#8211;<\/p>\n<p><a href=\"http:\/\/revistas.unlp.edu.ar\/domus\">Acceder a la publicaci\u00f3n<\/a><\/p>\n<p><a href=\"https:\/\/grupomontevideo.org\/ndca\/caaguas\/wp-content\/uploads\/2015\/12\/AUGM-DOMUS-AGUAS.jpg\"><img loading=\"lazy\" decoding=\"async\" class=\"aligncenter wp-image-275\" src=\"https:\/\/grupomontevideo.org\/ndca\/caaguas\/wp-content\/uploads\/2015\/12\/AUGM-DOMUS-AGUAS.jpg\" alt=\"\" width=\"519\" height=\"747\" \/><\/a><\/p>\n<hr \/>\n<p><a href=\"https:\/\/grupomontevideo.org\/ndca\/caaguas\/wp-content\/uploads\/2015\/12\/aguas.jpg\"><img loading=\"lazy\" decoding=\"async\" class=\"size-full wp-image-170 aligncenter\" src=\"https:\/\/grupomontevideo.org\/ndca\/caaguas\/wp-content\/uploads\/2015\/12\/aguas.jpg\" alt=\"aguas\" width=\"500\" height=\"195\" \/><\/a><\/p>\n<p style=\"text-align: center;\"><strong><a href=\"https:\/\/grupomontevideo.org\/ndca\/caaguas\/wp-content\/uploads\/2015\/12\/2016-Fernandez-Cirelli-y-Volpedo-calidad-de-agua-ppua.pdf\">2016 Fernandez Cirelli y Volpedo calidad de agua ppua<\/a><br \/>\nEditores<br \/>\nAlicia Fern\u00e1nez Cirelli<br \/>\nAlejandra V. Volpedo<\/strong><\/p>\n","protected":false},"excerpt":{"rendered":"<p>MODELO SIMOD APLICADO PARA EVALUAR LA CALIDAD DEL AGUA EN EL RIO KATARI &#8211; El r\u00edo Katari descarga sus aguas en la Bah\u00eda de Cohana&#8230;<\/p>\n","protected":false},"author":1,"featured_media":0,"parent":0,"menu_order":0,"comment_status":"closed","ping_status":"closed","template":"","meta":{"footnotes":""},"class_list":["post-20","page","type-page","status-publish","hentry"],"_links":{"self":[{"href":"https:\/\/grupomontevideo.org\/ndca\/caaguas\/index.php?rest_route=\/wp\/v2\/pages\/20","targetHints":{"allow":["GET"]}}],"collection":[{"href":"https:\/\/grupomontevideo.org\/ndca\/caaguas\/index.php?rest_route=\/wp\/v2\/pages"}],"about":[{"href":"https:\/\/grupomontevideo.org\/ndca\/caaguas\/index.php?rest_route=\/wp\/v2\/types\/page"}],"author":[{"embeddable":true,"href":"https:\/\/grupomontevideo.org\/ndca\/caaguas\/index.php?rest_route=\/wp\/v2\/users\/1"}],"replies":[{"embeddable":true,"href":"https:\/\/grupomontevideo.org\/ndca\/caaguas\/index.php?rest_route=%2Fwp%2Fv2%2Fcomments&post=20"}],"version-history":[{"count":10,"href":"https:\/\/grupomontevideo.org\/ndca\/caaguas\/index.php?rest_route=\/wp\/v2\/pages\/20\/revisions"}],"predecessor-version":[{"id":432,"href":"https:\/\/grupomontevideo.org\/ndca\/caaguas\/index.php?rest_route=\/wp\/v2\/pages\/20\/revisions\/432"}],"wp:attachment":[{"href":"https:\/\/grupomontevideo.org\/ndca\/caaguas\/index.php?rest_route=%2Fwp%2Fv2%2Fmedia&parent=20"}],"curies":[{"name":"wp","href":"https:\/\/api.w.org\/{rel}","templated":true}]}}