{"id":16,"date":"2015-12-04T19:36:59","date_gmt":"2015-12-04T19:36:59","guid":{"rendered":"http:\/\/grupomontevideo.org\/ndca\/caagroalimentario\/?page_id=16"},"modified":"2025-12-04T13:02:40","modified_gmt":"2025-12-04T13:02:40","slug":"integrantes","status":"publish","type":"page","link":"https:\/\/grupomontevideo.org\/ndca\/caaccesibilidad\/?page_id=16","title":{"rendered":"INTEGRANTES"},"content":{"rendered":"<p><strong>Coordena\u00e7\u00e3o<br \/>\n<\/strong>Universidad de Chile\/Chile<br \/>\n<a href=\"mailto:pjbustamante@uchile.cl\">Patricio Bustamante<\/a><br \/>\n<strong><br \/>\nCoordena\u00e7\u00e3o Alterna<\/strong><\/p>\n<p><span style=\"text-decoration: underline;\">Universidad Nacional de C\u00f3rdoba\/Argentina<br \/>\n<a href=\"mailto:carla-saad@derecho.unc.edu.ar\">Carla Saad<\/a><br \/>\n<\/span><br \/>\n<strong>Equipe Assessora da Coordena\u00e7\u00e3o<br \/>\n<\/strong>Prof, Mar\u00eda Belen Pirola (Universidad Nacional de San Luis, Argentina)<br \/>\nProf Laura Ceretta Moreira (Universidad Federal de Paran\u00e1, Brasil)<br \/>\nDario A. Mamani (Univeridad Nacional de Tucum\u00e1n, Argentina)<\/p>\n<hr \/>\n<p><strong><br \/>\nARGENTINA:<\/strong><\/p>\n<p><strong>UNC:<\/strong><br \/>\n<a href=\"mailto:carla-saad@derecho.unc.edu.ar\">Carla Saad<\/a> &#8211; Designada 22.06.23<br \/>\n<a href=\"mailto:gabrielaizurieta@unc.edu.ar\">Gabriela Izurieta<\/a> &#8211; Designada 22.06.23<\/p>\n<p><strong>UNCuyo:<\/strong><br \/>\n<a href=\"mailto:analourdessisti@gmail.com\">Ana Mar\u00eda Sisti<\/a> &#8211; Designada 25.04.23<br \/>\n<a href=\"mailto:vmartinez960@gmail.com\">Ver\u00f3nica Mart\u00ednez<\/a> &#8211; Designada 25.04.23<\/p>\n<p><strong>UNER:<\/strong><br \/>\n<a href=\"mailto:ceciliasanchez@fceco.uner.edu.ar;cecilia.sanchez@uner.edu.ar\">Mar\u00eda Cecilia S\u00e1nchez<\/a> &#8211; Ratificada 03.12.21<br \/>\n<a href=\"mailto:marialaura.chapero@uner.edu.ar\">Mar\u00eda Laura Chapero<\/a> &#8211; Designada 03.12.21<\/p>\n<p><strong>UNL:<br \/>\n<\/strong><a href=\"mailto:inclusion@unl.edu.ar\">Pamela Bord\u00f3n<\/a> &#8211; Ratificada 07.03.25<br \/>\n<a href=\"mailto:clarisalione23@gmail.com\">Clarias Lione<\/a> &#8211; Designada 07.03.25<\/p>\n<p><strong>UNLP:<\/strong><\/p>\n<p><a href=\"mailto:sandrakatz4@gmail.com\">Sandra Katz<\/a> &#8211; Ratificada 02.05.19<br \/>\n<a href=\"mailto:anaclararucci@gmail.com\">Ana Clara Rucci<\/a> &#8211; Designada 26.07.23<\/p>\n<p><strong>UNMdP:<\/strong><br \/>\n<a href=\"mailto:smminieri@gmail.com\">Stella Maris Minieri<\/a> &#8211; Designada 30.10.17<\/p>\n<p><strong>UNNE:<\/strong><br \/>\n<a href=\"mailto:jbasterra@ing.unne.edu.ar\">Jos\u00e9 Basterra<\/a> &#8211; Designado 21.06.23<br \/>\n<a href=\"mailto:lauraleyes@med.unne.edu.ar\">Laura Leyes<\/a> &#8211; Designada 21.06.23<\/p>\n<p><strong>UNR:<\/strong><br \/>\n<a href=\"mailto:mbidyeran@hotmail.com\">Miriam Bidyeran<\/a> &#8211; Ratificada 25.08.25<br \/>\n<a href=\"mailto:rominasarti@gmail.com\">Romina Sarti<\/a> &#8211; Designada 06.09.25<\/p>\n<p><strong>UNS:<\/strong><br \/>\n<a href=\"mailto:victoria.gomezvila@uns.edu.ar\">Ma Victoria Gomez Vila<\/a> &#8211; Designada 26.02.25<\/p>\n<p><strong>UNSL:<br \/>\n<\/strong><a href=\"mailto:belenpiola@gmail.com\">Mar\u00eda Bel\u00e9n Piola<\/a> &#8211; Designada 21.08.20<\/p>\n<p><strong>UNT:<br \/>\n<\/strong><a href=\"mailto:prodis.unt@gmail.com\">Dar\u00edo Alfredo Mamani<\/a> &#8211; Designado 28.08.20<\/p>\n<p><strong><br \/>\nBOLIVIA:<\/strong><\/p>\n<p><strong>UMSS:<br \/>\n<\/strong><a href=\"mailto:gonzales.rosario2@gmail.com\">Rosario Gonz\u00e1les Torrico<\/a> &#8211; Ratificada 09.08.24<br \/>\n<a href=\"mailto:carlosguz58@yahoo.com\">Carlos Felipe Guzm\u00e1n Monta\u00f1o<\/a> &#8211; Designado 09.08.24<br \/>\n<a href=\"mailto:haijorge@gmail.com\">Jorge Canedo Mendoza<\/a> &#8211; Designado 09.08.24<\/p>\n<p><strong>USFX:<br \/>\n<\/strong><a href=\"mailto:ramirez.ivonne@usfx.bo\">Ivonne Ram\u00edrez<\/a> &#8211; Designada 14.01.21<br \/>\n<a href=\"mailto:mjaliricastellon@gmail.com\">Mar\u00eda Carla Jaliri Castell\u00f3n<\/a> &#8211; Designada 14.01.21<\/p>\n<p><strong><br \/>\nBRASIL:<\/strong><\/p>\n<p><strong>UFMG:<\/strong><br \/>\n<a href=\"mailto:rribeiro@eeffto.ufmg.br\">Regina Ribeiro<\/a> &#8211; Ratificada 22.12.22<br \/>\n<a href=\"mailto:danielavvaz@gmail.com\">Daniela Virg\u00ednia Vaz<\/a> &#8211; Designada 22.12.22<\/p>\n<p><strong>UFPEL:<\/strong><br \/>\n<a href=\"mailto:acessiarq@gmail.com\">Isabela Fernandes Andrade<\/a> &#8211; Designada 22.07.25<\/p>\n<p><strong>UFPR:<br \/>\n<\/strong><a href=\"mailto:laurac.moreira@gmail.com\">Laura Ceretta Moreira<\/a> &#8211; Designada 23.05.2018<br \/>\n<a href=\"mailto:suelifsol@gmail.com\">Sueli Fernandes<\/a> &#8211;\u00a0Designada 23.05.2018<\/p>\n<p><strong>UFRJ:<\/strong><br \/>\n<a href=\"mailto:monicapes@gmail.com\">M\u00f4nica Pereira dos Santos<\/a> &#8211; <strong>Titular.<\/strong> Ratificada 01.06.21<br \/>\n<a href=\"mailto:amelia.rosauro@reitoria.ufrj.br\">Am\u00e9lia Rosauro<\/a> &#8211; <strong>Suplente.<\/strong> Designada 01.06.21<br \/>\n<a href=\"mailto:ulianapontes@macae.ufrj.br\">Uliana Pontes Vieira<\/a> &#8211; Designada\u00a001.06.21<br \/>\n<a href=\"mailto:julianalage@direito.ufrj.br\">Juliana de Sousa Gomes Lage<\/a> &#8211; Designada\u00a001.06.21<\/p>\n<p><strong>UFSC:<br \/>\n<\/strong><a href=\"mailto:francis.tourinho@ufsc.br\">Francis Tourinho<\/a> &#8211; Designada 11.5.18<\/p>\n<p><strong>UFSCar:<\/strong><br \/>\n<a href=\"mailto:sandrofrancischini@ufscar.br\">Sandro Luiz Montanheiro Francischini<\/a> &#8211; Designado 13.06.23<br \/>\n<a href=\"mailto:djalmajr@ufscar.br\">Djalma Ribeiro Junior<\/a> &#8211; Designada 27.08.21<br \/>\n<a href=\"mailto:nataliaduartepereira@ufscar.br\">Natalia Duarte Pereira<\/a> &#8211; Designada 27.08.21<\/p>\n<p><strong>UFSM:<\/strong><br \/>\n<a href=\"mailto:ana.silva@ufsm.br\">Ana Paula Silva da Silva<\/a> &#8211; Designada 27.04.23<br \/>\n<a href=\"mailto:fabiane.costas@ufsm.br\">Fabiane Adela Tonetto Costas<\/a> &#8211; Ratificada 27.04.23<\/p>\n<p><strong>UnB:<\/strong><br \/>\n<a href=\"mailto:gessica@unb.br\">G\u00e9ssica Oliveira de Albuque<\/a> &#8211; Designada 16.05.25<\/p>\n<p><strong>UNESP:<\/strong><br \/>\n<a href=\"mailto:sandra.sartoreto@gmail.com;sandreli@marilia.unesp.br\">Sandra Eli S. O. Martins<\/a> &#8211; Designada 06.11.17<\/p>\n<p><strong>UNIFESP:<\/strong><br \/>\n<a href=\"msacaloski@unifesp.br\">Profa. Marisa Sacaloski<\/a> &#8211; Designada 1.04.25<\/p>\n<p><strong>UNILA:<br \/>\n<\/strong><a href=\"mailto:ana.araujo@unila.edu.br\">Ana Paula Araujo<\/a> &#8211; Designada 23.04.25<\/p>\n<p><strong>USP:<br \/>\n<\/strong><a href=\"mailto:b.angelucci@usp.br\">Carla Bianca Angelucci<\/a> &#8211; Designada 16.10.25<\/p>\n<p><strong>CHILE:<\/strong><\/p>\n<p><strong>UChile:<\/strong><br \/>\n<a href=\"mailto:pjbustamante@uchile.cl\">Patricio Bustamante<\/a> &#8211; Ratificado 05.08.22<\/p>\n<p><strong>UPLA:<\/strong><br \/>\n<a href=\"mailto:lgodoy@upla.cl\">Lorena Godoy Pe\u00f1a<\/a> &#8211; Designada 24.07.23<\/p>\n<p><strong>USACH:<\/strong><br \/>\n<a href=\"mailto:elizabeth.nunez@usach.cl\">Roc\u00edo Nu\u00f1ez<\/a> &#8211; Designada 01.07.25<br \/>\n<a href=\"mailto:tamara.garay@usach.cl\">Tamara Garay<\/a> &#8211; Designada 01.07.25<\/p>\n<p><strong>PARAGUAY:<\/strong><\/p>\n<p><strong>UNA:<\/strong><br \/>\n<a href=\"mailto:unai@rec.una.py\">Vanessa Vicenta Baez Genez<\/a>&#8211; Designado 03.12.25<\/p>\n<p><strong>UNE:<\/strong><br \/>\n<a href=\"mailto:nilsa.chaparro@filosofiaune.edu.py\">Nilsa Chaparro de Pereira<\/a> &#8211; Designada 19.04.21<\/p>\n<p><strong><br \/>\nURUGUAY:<\/strong><\/p>\n<p><strong>UDELAR:<\/strong><br \/>\n<a href=\"mailto:magelacosta@gmail.com\">Magela Costa Ferrari<\/a> &#8211; Designada 17.12.24<br \/>\n<a href=\"mailto:mlemes@nutricion.edu.uy\">Fernanda Lemes<\/a> &#8211; Designada 17.12.24<\/p>\n<p>&nbsp;<\/p>\n","protected":false},"excerpt":{"rendered":"<p>Coordena\u00e7\u00e3o Universidad de Chile\/Chile Patricio Bustamante Coordena\u00e7\u00e3o Alterna Universidad Nacional de C\u00f3rdoba\/Argentina Carla Saad Equipe Assessora da Coordena\u00e7\u00e3o Prof, Mar\u00eda Belen Pirola (Universidad Nacional de&#8230;<\/p>\n","protected":false},"author":1,"featured_media":0,"parent":0,"menu_order":0,"comment_status":"closed","ping_status":"closed","template":"","meta":{"footnotes":""},"class_list":["post-16","page","type-page","status-publish","hentry"],"_links":{"self":[{"href":"https:\/\/grupomontevideo.org\/ndca\/caaccesibilidad\/index.php?rest_route=\/wp\/v2\/pages\/16","targetHints":{"allow":["GET"]}}],"collection":[{"href":"https:\/\/grupomontevideo.org\/ndca\/caaccesibilidad\/index.php?rest_route=\/wp\/v2\/pages"}],"about":[{"href":"https:\/\/grupomontevideo.org\/ndca\/caaccesibilidad\/index.php?rest_route=\/wp\/v2\/types\/page"}],"author":[{"embeddable":true,"href":"https:\/\/grupomontevideo.org\/ndca\/caaccesibilidad\/index.php?rest_route=\/wp\/v2\/users\/1"}],"replies":[{"embeddable":true,"href":"https:\/\/grupomontevideo.org\/ndca\/caaccesibilidad\/index.php?rest_route=%2Fwp%2Fv2%2Fcomments&post=16"}],"version-history":[{"count":146,"href":"https:\/\/grupomontevideo.org\/ndca\/caaccesibilidad\/index.php?rest_route=\/wp\/v2\/pages\/16\/revisions"}],"predecessor-version":[{"id":438,"href":"https:\/\/grupomontevideo.org\/ndca\/caaccesibilidad\/index.php?rest_route=\/wp\/v2\/pages\/16\/revisions\/438"}],"wp:attachment":[{"href":"https:\/\/grupomontevideo.org\/ndca\/caaccesibilidad\/index.php?rest_route=%2Fwp%2Fv2%2Fmedia&parent=16"}],"curies":[{"name":"wp","href":"https:\/\/api.w.org\/{rel}","templated":true}]}}

<p><strong>Coordenação<br />
</strong>Universidad de Chile/Chile<br />
<a href="mailto:pjbustamante@uchile.cl">Patricio Bustamante</a><br />
<strong><br />
Coordenação Alterna</strong></p>
<p><span style="text-decoration: underline;">Universidad Nacional de Córdoba/Argentina<br />
<a href="mailto:carla-saad@derecho.unc.edu.ar">Carla Saad</a><br />
</span><br />
<strong>Equipe Assessora da Coordenação<br />
</strong>Prof, María Belen Pirola (Universidad Nacional de San Luis, Argentina)<br />
Prof Laura Ceretta Moreira (Universidad Federal de Paraná, Brasil)<br />
Dario A. Mamani (Univeridad Nacional de Tucumán, Argentina)</p>
<hr />
<p><strong><br />
ARGENTINA:</strong></p>
<p><strong>UNC:</strong><br />
<a href="mailto:carla-saad@derecho.unc.edu.ar">Carla Saad</a> &#8211; Designada 22.06.23<br />
<a href="mailto:gabrielaizurieta@unc.edu.ar">Gabriela Izurieta</a> &#8211; Designada 22.06.23</p>
<p><strong>UNCuyo:</strong><br />
<a href="mailto:analourdessisti@gmail.com">Ana María Sisti</a> &#8211; Designada 25.04.23<br />
<a href="mailto:vmartinez960@gmail.com">Verónica Martínez</a> &#8211; Designada 25.04.23</p>
<p><strong>UNER:</strong><br />
<a href="mailto:ceciliasanchez@fceco.uner.edu.ar;cecilia.sanchez@uner.edu.ar">María Cecilia Sánchez</a> &#8211; Ratificada 03.12.21<br />
<a href="mailto:marialaura.chapero@uner.edu.ar">María Laura Chapero</a> &#8211; Designada 03.12.21</p>
<p><strong>UNL:<br />
</strong><a href="mailto:inclusion@unl.edu.ar">Pamela Bordón</a> &#8211; Ratificada 07.03.25<br />
<a href="mailto:clarisalione23@gmail.com">Clarias Lione</a> &#8211; Designada 07.03.25</p>
<p><strong>UNLP:</strong></p>
<p><a href="mailto:sandrakatz4@gmail.com">Sandra Katz</a> &#8211; Ratificada 02.05.19<br />
<a href="mailto:anaclararucci@gmail.com">Ana Clara Rucci</a> &#8211; Designada 26.07.23</p>
<p><strong>UNMdP:</strong><br />
<a href="mailto:smminieri@gmail.com">Stella Maris Minieri</a> &#8211; Designada 30.10.17</p>
<p><strong>UNNE:</strong><br />
<a href="mailto:jbasterra@ing.unne.edu.ar">José Basterra</a> &#8211; Designado 21.06.23<br />
<a href="mailto:lauraleyes@med.unne.edu.ar">Laura Leyes</a> &#8211; Designada 21.06.23</p>
<p><strong>UNR:</strong><br />
<a href="mailto:mbidyeran@hotmail.com">Miriam Bidyeran</a> &#8211; Ratificada 25.08.25<br />
<a href="mailto:rominasarti@gmail.com">Romina Sarti</a> &#8211; Designada 06.09.25</p>
<p><strong>UNS:</strong><br />
<a href="mailto:victoria.gomezvila@uns.edu.ar">Ma Victoria Gomez Vila</a> &#8211; Designada 26.02.25</p>
<p><strong>UNSL:<br />
</strong><a href="mailto:belenpiola@gmail.com">María Belén Piola</a> &#8211; Designada 21.08.20</p>
<p><strong>UNT:<br />
</strong><a href="mailto:prodis.unt@gmail.com">Darío Alfredo Mamani</a> &#8211; Designado 28.08.20</p>
<p><strong><br />
BOLIVIA:</strong></p>
<p><strong>UMSS:<br />
</strong><a href="mailto:gonzales.rosario2@gmail.com">Rosario Gonzáles Torrico</a> &#8211; Ratificada 09.08.24<br />
<a href="mailto:carlosguz58@yahoo.com">Carlos Felipe Guzmán Montaño</a> &#8211; Designado 09.08.24<br />
<a href="mailto:haijorge@gmail.com">Jorge Canedo Mendoza</a> &#8211; Designado 09.08.24</p>
<p><strong>USFX:<br />
</strong><a href="mailto:ramirez.ivonne@usfx.bo">Ivonne Ramírez</a> &#8211; Designada 14.01.21<br />
<a href="mailto:mjaliricastellon@gmail.com">María Carla Jaliri Castellón</a> &#8211; Designada 14.01.21</p>
<p><strong><br />
BRASIL:</strong></p>
<p><strong>UFMG:</strong><br />
<a href="mailto:rribeiro@eeffto.ufmg.br">Regina Ribeiro</a> &#8211; Ratificada 22.12.22<br />
<a href="mailto:danielavvaz@gmail.com">Daniela Virgínia Vaz</a> &#8211; Designada 22.12.22</p>
<p><strong>UFPEL:</strong><br />
<a href="mailto:acessiarq@gmail.com">Isabela Fernandes Andrade</a> &#8211; Designada 22.07.25</p>
<p><strong>UFPR:<br />
</strong><a href="mailto:laurac.moreira@gmail.com">Laura Ceretta Moreira</a> &#8211; Designada 23.05.2018<br />
<a href="mailto:suelifsol@gmail.com">Sueli Fernandes</a> &#8211; Designada 23.05.2018</p>
<p><strong>UFRJ:</strong><br />
<a href="mailto:monicapes@gmail.com">Mônica Pereira dos Santos</a> &#8211; <strong>Titular.</strong> Ratificada 01.06.21<br />
<a href="mailto:amelia.rosauro@reitoria.ufrj.br">Amélia Rosauro</a> &#8211; <strong>Suplente.</strong> Designada 01.06.21<br />
<a href="mailto:ulianapontes@macae.ufrj.br">Uliana Pontes Vieira</a> &#8211; Designada 01.06.21<br />
<a href="mailto:julianalage@direito.ufrj.br">Juliana de Sousa Gomes Lage</a> &#8211; Designada 01.06.21</p>
<p><strong>UFSC:<br />
</strong><a href="mailto:francis.tourinho@ufsc.br">Francis Tourinho</a> &#8211; Designada 11.5.18</p>
<p><strong>UFSCar:</strong><br />
<a href="mailto:sandrofrancischini@ufscar.br">Sandro Luiz Montanheiro Francischini</a> &#8211; Designado 13.06.23<br />
<a href="mailto:djalmajr@ufscar.br">Djalma Ribeiro Junior</a> &#8211; Designada 27.08.21<br />
<a href="mailto:nataliaduartepereira@ufscar.br">Natalia Duarte Pereira</a> &#8211; Designada 27.08.21</p>
<p><strong>UFSM:</strong><br />
<a href="mailto:ana.silva@ufsm.br">Ana Paula Silva da Silva</a> &#8211; Designada 27.04.23<br />
<a href="mailto:fabiane.costas@ufsm.br">Fabiane Adela Tonetto Costas</a> &#8211; Ratificada 27.04.23</p>
<p><strong>UnB:</strong><br />
<a href="mailto:gessica@unb.br">Géssica Oliveira de Albuque</a> &#8211; Designada 16.05.25</p>
<p><strong>UNESP:</strong><br />
<a href="mailto:sandra.sartoreto@gmail.com;sandreli@marilia.unesp.br">Sandra Eli S. O. Martins</a> &#8211; Designada 06.11.17</p>
<p><strong>UNIFESP:</strong><br />
<a href="msacaloski@unifesp.br">Profa. Marisa Sacaloski</a> &#8211; Designada 1.04.25</p>
<p><strong>UNILA:<br />
</strong><a href="mailto:ana.araujo@unila.edu.br">Ana Paula Araujo</a> &#8211; Designada 23.04.25</p>
<p><strong>USP:<br />
</strong><a href="mailto:b.angelucci@usp.br">Carla Bianca Angelucci</a> &#8211; Designada 16.10.25</p>
<p><strong>CHILE:</strong></p>
<p><strong>UChile:</strong><br />
<a href="mailto:pjbustamante@uchile.cl">Patricio Bustamante</a> &#8211; Ratificado 05.08.22</p>
<p><strong>UPLA:</strong><br />
<a href="mailto:lgodoy@upla.cl">Lorena Godoy Peña</a> &#8211; Designada 24.07.23</p>
<p><strong>USACH:</strong><br />
<a href="mailto:elizabeth.nunez@usach.cl">Rocío Nuñez</a> &#8211; Designada 01.07.25<br />
<a href="mailto:tamara.garay@usach.cl">Tamara Garay</a> &#8211; Designada 01.07.25</p>
<p><strong>PARAGUAY:</strong></p>
<p><strong>UNA:</strong><br />
<a href="mailto:unai@rec.una.py">Vanessa Vicenta Baez Genez</a>&#8211; Designado 03.12.25</p>
<p><strong>UNE:</strong><br />
<a href="mailto:nilsa.chaparro@filosofiaune.edu.py">Nilsa Chaparro de Pereira</a> &#8211; Designada 19.04.21</p>
<p><strong><br />
URUGUAY:</strong></p>
<p><strong>UDELAR:</strong><br />
<a href="mailto:magelacosta@gmail.com">Magela Costa Ferrari</a> &#8211; Designada 17.12.24<br />
<a href="mailto:mlemes@nutricion.edu.uy">Fernanda Lemes</a> &#8211; Designada 17.12.24</p>
<p>&nbsp;</p>

<p>Coordenação Universidad de Chile/Chile Patricio Bustamante Coordenação Alterna Universidad Nacional de Córdoba/Argentina Carla Saad Equipe Assessora da Coordenação Prof, María Belen Pirola (Universidad Nacional de&#8230;</p>
