{"id":131,"date":"2018-06-08T13:52:28","date_gmt":"2018-06-08T13:52:28","guid":{"rendered":"http:\/\/grupomontevideo.org\/ndca\/caaccesibilidad\/?page_id=131"},"modified":"2025-02-20T14:20:48","modified_gmt":"2025-02-20T14:20:48","slug":"presentacion","status":"publish","type":"page","link":"https:\/\/grupomontevideo.org\/ndca\/caaccesibilidad\/?page_id=131","title":{"rendered":"Presentaci\u00f3n"},"content":{"rendered":"<p><span style=\"font-weight: 400;\">El Comit\u00e9 Acad\u00e9mico Accesibilidad y Discapacidad fue aprobado por el Consejo de Rectores en la <\/span><span style=\"font-weight: 400;\">Sesi\u00f3n Ordinaria\u00a0\u00a0celebrada el 7 de mayo de 2018 en la Universidad de Valpara\u00edso, Chile a partir de una propuesta presentada por un grupo de trabajo que ven\u00eda desarrollando actividades desde inicios del a\u00f1o 2016 en el \u00e1mbito de la Comisi\u00f3n Permanente de Extensi\u00f3n Universitaria. <\/span><\/p>\n<p><span style=\"font-weight: 400;\">Constituye un espacio para la reflexi\u00f3n, el an\u00e1lisis y el intercambio entre las universidades de la regi\u00f3n a fin de abordar, debatir y fortalecer pol\u00edticas universitarias de accesibilildad e inclusi\u00f3n en las instituciones de Educaci\u00f3n Superior que integran AUGM &#8211; Asociaci\u00f3n de Universidades Grupo Montevideo destinadas en general a poblaci\u00f3n vulnerable y en particular a aquellas en situaci\u00f3n de discapacidad. <a href=\"http:\/\/grupomontevideo.org\/ndca\/caaccesibilidad\/wp-content\/uploads\/2018\/06\/01_TextoApresenta\u00e7\u00e3o_CAAeD_AUGM.pdf\" target=\"_blank\" rel=\"noopener\">Leer mas&#8230;<\/a><\/span><\/p>\n<p>O Comit\u00ea Acad\u00eamico de Acessibilidade e Defici\u00eancia foi aprovado pelo Conselho de Reitores na Sess\u00e3o Ordin\u00e1ria realizada em 7 de maio de 2018 na Universidade de Valpara\u00edso, Chile, com base em uma proposta apresentada por um grupo de trabalho que vinha desenvolvendo atividades desde o in\u00edcio do ano de 2016, no \u00e2mbito da Comiss\u00e3o Permanente de Extens\u00e3o Universit\u00e1ria.<\/p>\n<p>Constitui um espa\u00e7o de reflex\u00e3o, an\u00e1lise e interc\u00e2mbio entre as universidades da regi\u00e3o para abordar, debater e fortalecer as pol\u00edticas universit\u00e1rias de acessibilidade e inclus\u00e3o nas institui\u00e7\u00f5es de ensino superior que comp\u00f5em o AUGM \u2013 Associa\u00e7\u00e3o Universit\u00e1ria Grupo de Montevideo, voltadas em geral para a popula\u00e7\u00e3o vulner\u00e1vel e em particular para aqueles em situa\u00e7\u00e3o de defici\u00eancia. <a href=\"http:\/\/grupomontevideo.org\/ndca\/caaccesibilidad\/wp-content\/uploads\/2018\/06\/Comit\u00ea-Acad\u00eamico-de-Acessibilidade-e-Defici\u00eancia-pt.pdf\" target=\"_blank\" rel=\"noopener\">Ler mais..<\/a><\/p>\n<p><a href=\"http:\/\/grupomontevideo.org\/ndca\/caaccesibilidad\/wp-content\/uploads\/2018\/06\/04_Documentodeconstitucao_CAAyD.pdf\" target=\"_blank\" rel=\"noopener\">ACCEDA AL ACTA DE CONSTITUCI\u00d3N<\/a><\/p>\n","protected":false},"excerpt":{"rendered":"<p>El Comit\u00e9 Acad\u00e9mico Accesibilidad y Discapacidad fue aprobado por el Consejo de Rectores en la Sesi\u00f3n Ordinaria\u00a0\u00a0celebrada el 7 de mayo de 2018 en la&#8230;<\/p>\n","protected":false},"author":1,"featured_media":0,"parent":0,"menu_order":0,"comment_status":"closed","ping_status":"closed","template":"","meta":{"footnotes":""},"class_list":["post-131","page","type-page","status-publish","hentry"],"_links":{"self":[{"href":"https:\/\/grupomontevideo.org\/ndca\/caaccesibilidad\/index.php?rest_route=\/wp\/v2\/pages\/131","targetHints":{"allow":["GET"]}}],"collection":[{"href":"https:\/\/grupomontevideo.org\/ndca\/caaccesibilidad\/index.php?rest_route=\/wp\/v2\/pages"}],"about":[{"href":"https:\/\/grupomontevideo.org\/ndca\/caaccesibilidad\/index.php?rest_route=\/wp\/v2\/types\/page"}],"author":[{"embeddable":true,"href":"https:\/\/grupomontevideo.org\/ndca\/caaccesibilidad\/index.php?rest_route=\/wp\/v2\/users\/1"}],"replies":[{"embeddable":true,"href":"https:\/\/grupomontevideo.org\/ndca\/caaccesibilidad\/index.php?rest_route=%2Fwp%2Fv2%2Fcomments&post=131"}],"version-history":[{"count":6,"href":"https:\/\/grupomontevideo.org\/ndca\/caaccesibilidad\/index.php?rest_route=\/wp\/v2\/pages\/131\/revisions"}],"predecessor-version":[{"id":398,"href":"https:\/\/grupomontevideo.org\/ndca\/caaccesibilidad\/index.php?rest_route=\/wp\/v2\/pages\/131\/revisions\/398"}],"wp:attachment":[{"href":"https:\/\/grupomontevideo.org\/ndca\/caaccesibilidad\/index.php?rest_route=%2Fwp%2Fv2%2Fmedia&parent=131"}],"curies":[{"name":"wp","href":"https:\/\/api.w.org\/{rel}","templated":true}]}}

Presentación

<p><span style="font-weight: 400;">El Comité Académico Accesibilidad y Discapacidad fue aprobado por el Consejo de Rectores en la </span><span style="font-weight: 400;">Sesión Ordinaria  celebrada el 7 de mayo de 2018 en la Universidad de Valparaíso, Chile a partir de una propuesta presentada por un grupo de trabajo que venía desarrollando actividades desde inicios del año 2016 en el ámbito de la Comisión Permanente de Extensión Universitaria. </span></p>
<p><span style="font-weight: 400;">Constituye un espacio para la reflexión, el análisis y el intercambio entre las universidades de la región a fin de abordar, debatir y fortalecer políticas universitarias de accesibilildad e inclusión en las instituciones de Educación Superior que integran AUGM &#8211; Asociación de Universidades Grupo Montevideo destinadas en general a población vulnerable y en particular a aquellas en situación de discapacidad. <a href="http://grupomontevideo.org/ndca/caaccesibilidad/wp-content/uploads/2018/06/01_TextoApresentação_CAAeD_AUGM.pdf" target="_blank" rel="noopener">Leer mas&#8230;</a></span></p>
<p>O Comitê Acadêmico de Acessibilidade e Deficiência foi aprovado pelo Conselho de Reitores na Sessão Ordinária realizada em 7 de maio de 2018 na Universidade de Valparaíso, Chile, com base em uma proposta apresentada por um grupo de trabalho que vinha desenvolvendo atividades desde o início do ano de 2016, no âmbito da Comissão Permanente de Extensão Universitária.</p>
<p>Constitui um espaço de reflexão, análise e intercâmbio entre as universidades da região para abordar, debater e fortalecer as políticas universitárias de acessibilidade e inclusão nas instituições de ensino superior que compõem o AUGM – Associação Universitária Grupo de Montevideo, voltadas em geral para a população vulnerável e em particular para aqueles em situação de deficiência. <a href="http://grupomontevideo.org/ndca/caaccesibilidad/wp-content/uploads/2018/06/Comitê-Acadêmico-de-Acessibilidade-e-Deficiência-pt.pdf" target="_blank" rel="noopener">Ler mais..</a></p>
<p><a href="http://grupomontevideo.org/ndca/caaccesibilidad/wp-content/uploads/2018/06/04_Documentodeconstitucao_CAAyD.pdf" target="_blank" rel="noopener">ACCEDA AL ACTA DE CONSTITUCIÓN</a></p>

<p>El Comité Académico Accesibilidad y Discapacidad fue aprobado por el Consejo de Rectores en la Sesión Ordinaria  celebrada el 7 de mayo de 2018 en la&#8230;</p>
