{"id":113,"date":"2018-05-17T17:39:02","date_gmt":"2018-05-17T17:39:02","guid":{"rendered":"http:\/\/grupomontevideo.org\/ndca\/caaccesibilidad\/?page_id=113"},"modified":"2025-03-13T15:29:44","modified_gmt":"2025-03-13T15:29:44","slug":"plan-de-trabajo","status":"publish","type":"page","link":"https:\/\/grupomontevideo.org\/ndca\/caaccesibilidad\/?page_id=113","title":{"rendered":"Plan de Trabajo"},"content":{"rendered":"<p align=\"justify\"><span style=\"font-size: xx-small;\"><span style=\"font-family: Arial, sans-serif;\"><span style=\"font-size: small;\"><span lang=\"es-AR\">El Comit\u00e9 Acad\u00e9mico creado &#8211; Accesibilidad y Discapacidad (<\/span><\/span><\/span><\/span><span style=\"font-family: Arial, sans-serif;\"><span style=\"font-size: small;\">CAAyD)<\/span><\/span><span style=\"font-size: xx-small;\"><span style=\"font-family: Arial, sans-serif;\"><span style=\"font-size: small;\"><span lang=\"es-AR\"> &#8211; busca contribuir a ampliar la comprensi\u00f3n de la tem\u00e1tica y promover el desarrollo de acciones institucionales de fortalecimiento en esta materia, a partir del trabajo mancomunado de profesores, extensionistas, investigadores, t\u00e9cnicos y otros agentes involucrados en las funciones universitarias, en distintos contextos y a trav\u00e9s de diferentes l\u00edneas de trabajo, todas las cuales confluyen en una perspectiva de construcci\u00f3n de pol\u00edticas, pr\u00e1cticas y culturas inclusivas en la Educaci\u00f3n Superior.<\/span><\/span><\/span><\/span><\/p>\n<p><a href=\"https:\/\/grupomontevideo.org\/ndca\/caaccesibilidad\/wp-content\/uploads\/2025\/03\/Plan-trianual-CAAyD-2023-2025.pdf\" target=\"_blank\" rel=\"noopener\">Plan trianual CAAyD 2023 2025<\/a><br \/>\n<a href=\"https:\/\/grupomontevideo.org\/ndca\/caaccesibilidad\/wp-content\/uploads\/2025\/03\/PO-23-25.pdf\">PO 23-25<\/a><\/p>\n<p>Plan de Trabajo 2021 &#8211; 2022 <a href=\"http:\/\/grupomontevideo.org\/ndca\/caaccesibilidad\/wp-content\/uploads\/2021\/04\/PlanoTrabalho_CAAyD_AUGM_2021_22_Espanhol.pdf\" target=\"_blank\" rel=\"noopener\">ES<\/a> &#8211; <a href=\"http:\/\/grupomontevideo.org\/ndca\/caaccesibilidad\/wp-content\/uploads\/2021\/04\/Plano-Trabalho-CAAyD_AUGM_2021_22_portugues.pdf\" target=\"_blank\" rel=\"noopener\">PT<\/a><br \/>\n<a href=\"http:\/\/grupomontevideo.org\/ndca\/caaccesibilidad\/wp-content\/uploads\/2018\/06\/03_Plan-de-Trabajo_CAAyD.pdf\" target=\"_blank\" rel=\"noopener\"><span style=\"font-size: xx-small;\"><span style=\"font-family: Arial, sans-serif;\"><span style=\"font-size: small;\"><span lang=\"es-AR\">Plan de Trabajo 2018 &#8211; 2020<\/span><\/span><\/span><\/span><\/a><\/p>\n","protected":false},"excerpt":{"rendered":"<p>El Comit\u00e9 Acad\u00e9mico creado &#8211; Accesibilidad y Discapacidad (CAAyD) &#8211; busca contribuir a ampliar la comprensi\u00f3n de la tem\u00e1tica y promover el desarrollo de acciones&#8230;<\/p>\n","protected":false},"author":1,"featured_media":0,"parent":0,"menu_order":0,"comment_status":"closed","ping_status":"closed","template":"","meta":{"footnotes":""},"class_list":["post-113","page","type-page","status-publish","hentry"],"_links":{"self":[{"href":"https:\/\/grupomontevideo.org\/ndca\/caaccesibilidad\/index.php?rest_route=\/wp\/v2\/pages\/113","targetHints":{"allow":["GET"]}}],"collection":[{"href":"https:\/\/grupomontevideo.org\/ndca\/caaccesibilidad\/index.php?rest_route=\/wp\/v2\/pages"}],"about":[{"href":"https:\/\/grupomontevideo.org\/ndca\/caaccesibilidad\/index.php?rest_route=\/wp\/v2\/types\/page"}],"author":[{"embeddable":true,"href":"https:\/\/grupomontevideo.org\/ndca\/caaccesibilidad\/index.php?rest_route=\/wp\/v2\/users\/1"}],"replies":[{"embeddable":true,"href":"https:\/\/grupomontevideo.org\/ndca\/caaccesibilidad\/index.php?rest_route=%2Fwp%2Fv2%2Fcomments&post=113"}],"version-history":[{"count":6,"href":"https:\/\/grupomontevideo.org\/ndca\/caaccesibilidad\/index.php?rest_route=\/wp\/v2\/pages\/113\/revisions"}],"predecessor-version":[{"id":413,"href":"https:\/\/grupomontevideo.org\/ndca\/caaccesibilidad\/index.php?rest_route=\/wp\/v2\/pages\/113\/revisions\/413"}],"wp:attachment":[{"href":"https:\/\/grupomontevideo.org\/ndca\/caaccesibilidad\/index.php?rest_route=%2Fwp%2Fv2%2Fmedia&parent=113"}],"curies":[{"name":"wp","href":"https:\/\/api.w.org\/{rel}","templated":true}]}}

<p align="justify"><span style="font-size: xx-small;"><span style="font-family: Arial, sans-serif;"><span style="font-size: small;"><span lang="es-AR">El Comité Académico creado &#8211; Accesibilidad y Discapacidad (</span></span></span></span><span style="font-family: Arial, sans-serif;"><span style="font-size: small;">CAAyD)</span></span><span style="font-size: xx-small;"><span style="font-family: Arial, sans-serif;"><span style="font-size: small;"><span lang="es-AR"> &#8211; busca contribuir a ampliar la comprensión de la temática y promover el desarrollo de acciones institucionales de fortalecimiento en esta materia, a partir del trabajo mancomunado de profesores, extensionistas, investigadores, técnicos y otros agentes involucrados en las funciones universitarias, en distintos contextos y a través de diferentes líneas de trabajo, todas las cuales confluyen en una perspectiva de construcción de políticas, prácticas y culturas inclusivas en la Educación Superior.</span></span></span></span></p>
<p><a href="https://grupomontevideo.org/ndca/caaccesibilidad/wp-content/uploads/2025/03/Plan-trianual-CAAyD-2023-2025.pdf" target="_blank" rel="noopener">Plan trianual CAAyD 2023 2025</a><br />
<a href="https://grupomontevideo.org/ndca/caaccesibilidad/wp-content/uploads/2025/03/PO-23-25.pdf">PO 23-25</a></p>
<p>Plan de Trabajo 2021 &#8211; 2022 <a href="http://grupomontevideo.org/ndca/caaccesibilidad/wp-content/uploads/2021/04/PlanoTrabalho_CAAyD_AUGM_2021_22_Espanhol.pdf" target="_blank" rel="noopener">ES</a> &#8211; <a href="http://grupomontevideo.org/ndca/caaccesibilidad/wp-content/uploads/2021/04/Plano-Trabalho-CAAyD_AUGM_2021_22_portugues.pdf" target="_blank" rel="noopener">PT</a><br />
<a href="http://grupomontevideo.org/ndca/caaccesibilidad/wp-content/uploads/2018/06/03_Plan-de-Trabajo_CAAyD.pdf" target="_blank" rel="noopener"><span style="font-size: xx-small;"><span style="font-family: Arial, sans-serif;"><span style="font-size: small;"><span lang="es-AR">Plan de Trabajo 2018 &#8211; 2020</span></span></span></span></a></p>

<p>El Comité Académico creado &#8211; Accesibilidad y Discapacidad (CAAyD) &#8211; busca contribuir a ampliar la comprensión de la temática y promover el desarrollo de acciones&#8230;</p>
