{"id":830,"date":"2018-10-15T19:02:55","date_gmt":"2018-10-15T19:02:55","guid":{"rendered":"http:\/\/grupomontevideo.org\/espo\/?page_id=830"},"modified":"2020-04-29T14:17:38","modified_gmt":"2020-04-29T14:17:38","slug":"coordinacion","status":"publish","type":"page","link":"https:\/\/grupomontevideo.org\/espo\/coordinacion\/","title":{"rendered":"Comisi\u00f3n Permanente de Posgrado"},"content":{"rendered":"\n<p>Este espacio es una propuesta de nuestra <a href=\"http:\/\/grupomontevideo.org\/cp\/cpcomisiondeposgrado\/\">Comisi\u00f3n Permanente de Posgrado<\/a>, que tiene por finalidad principal estudiar, elaborar y desarrollar propuestas y acciones institucionales y acad\u00e9micas, en tem\u00e1ticas de car\u00e1cter estrat\u00e9gico y\u00a0transversal.<\/p>\n\n\n\n<p>El EsPo fue aprobado en la LXXII Reuni\u00f3n del Consejo de Rectores con el objetivo de generar un<strong> <em>espacio intrarregional que genere incentivos para la movilidad de estudiantes y docentes de posgrado<\/em><\/strong>. Para ello, las acciones a proyectar deber\u00e1n orientarse a atender las siguientes cuestiones:<\/p>\n\n\n\n<ul class=\"wp-block-list\"><li>1- <strong>Visibilidad de las carreras y cursos que se dictan en las Instituciones universitarias de AUGM<\/strong>: espacio virtual con la oferta regular y peri\u00f3dica de programas, carreras y cursos\/seminarios de posgrado que se dictan en cada una de las Universidades parte. En el mismo sitio, se podr\u00e1 difundir las convocatorias a becas o programas de movilidad, referir datos de contactos por universidad y\/o actividad, fechas de inscripciones, beneficios para los integrantes del espacio, etc.<\/li><li>2- <strong>Recepci\u00f3n de estudiantes del Grupo en universidades de destino: cada Universidad parte deber\u00e1 informar de manera clara y accesible, toda informaci\u00f3n relativa a inscripci\u00f3n, admisi\u00f3n, uso de infraestructura.<\/strong> Esta informaci\u00f3n debe estar disponible para los estudiantes de otras Universidades del espacio que realicen (o quieran realizar) actividades vinculadas con sus carreras de posgrado en otra Universidad.<\/li><li>3- <strong>Reconocimientos de cr\u00e9ditos acad\u00e9micos: una vez acordada la realizaci\u00f3n de actividades acad\u00e9micas o de investigaci\u00f3n vinculada con una tesis de Maestr\u00eda y\/o Doctorado<\/strong>, la propia Universidad de origen se compromete a reconocer los cr\u00e9ditos acad\u00e9micos del estudiante, siempre que el mismo haya cumplimentado con su plan de actividades conforme lo previsto.<\/li><li>4- <strong>Movilidad<\/strong>: el \u00e9xito del espacio descansa en el aumento de movilidad de estudiantes y el cuerpo acad\u00e9mico de posgrado entre las Universidades parte. En tal sentido, adem\u00e1s de los programas institucionalizados, las Universidades procurar\u00e1n orientar recursos destinados a movilidad de posgrado entre las Universidades partes, ya sea para enviar estudiantes o staff acad\u00e9mico de posgrado a otras Universidades, o para recibir estudiantes (en ambos sentidos). Adicionalmente, la coordinaci\u00f3n del Espacio procurar\u00e1 la gesti\u00f3n de fondos p\u00fablicos orientados a instrumentos que aumenten la movilidad de posgrado entre las universidades parte.<\/li><li>5- <strong>Instrumentos para co-tutelas<\/strong>: con el fin de aumentar la cooperaci\u00f3n internacional entre las Universidades del espacio, se procurar\u00e1 las instancias de co-tutela en el caso de los estudiantes que realicen movilidades. Para ello, se proyecta generar un modelo de co-tutela, que sirva como instrumento reflejo al momento de la gesti\u00f3n administrativa de la co-direcci\u00f3n a los fines de los reconocimientos oficiales en cada Universidad.<\/li><li>6- <strong>Carreras cooperativas<\/strong>: como instancias de cooperaci\u00f3n superior, se procuraran la gesti\u00f3n de carreras conjuntas o doble titulaciones. A partir de la trayectoria recorrida y experiencia adquirida por cada Universidad parte con otras Universidades del mundo, los t\u00edtulos conjuntos o doble titulaciones ser\u00e1n otra de las metas a alcanzar al interior del espacio.<\/li><li>7- <strong>Plataformas de posgrado de AUGM<\/strong>: En este sentido se hace menci\u00f3n a una experiencia en curso que tomar\u00e1 como tem\u00e1ticas la educaci\u00f3n y la cultura, pero se entiende como una experiencia que puede replicarse.<\/li><\/ul>\n\n\n\n<p><\/p>\n\n\n\n<p><\/p>\n","protected":false},"excerpt":{"rendered":"<p>Este espacio es una propuesta de nuestra Comisi\u00f3n Permanente de Posgrado, que tiene por finalidad principal estudiar, elaborar y desarrollar propuestas y acciones institucionales y acad\u00e9micas, en tem\u00e1ticas de car\u00e1cter estrat\u00e9gico y\u00a0transversal. El EsPo fue aprobado en la LXXII Reuni\u00f3n del Consejo de Rectores con el objetivo de generar un espacio intrarregional que genere incentivos [&hellip;]<\/p>\n","protected":false},"author":1,"featured_media":0,"parent":0,"menu_order":0,"comment_status":"closed","ping_status":"closed","template":"","meta":{"footnotes":""},"class_list":["post-830","page","type-page","status-publish","hentry"],"_links":{"self":[{"href":"https:\/\/grupomontevideo.org\/espo\/wp-json\/wp\/v2\/pages\/830","targetHints":{"allow":["GET"]}}],"collection":[{"href":"https:\/\/grupomontevideo.org\/espo\/wp-json\/wp\/v2\/pages"}],"about":[{"href":"https:\/\/grupomontevideo.org\/espo\/wp-json\/wp\/v2\/types\/page"}],"author":[{"embeddable":true,"href":"https:\/\/grupomontevideo.org\/espo\/wp-json\/wp\/v2\/users\/1"}],"replies":[{"embeddable":true,"href":"https:\/\/grupomontevideo.org\/espo\/wp-json\/wp\/v2\/comments?post=830"}],"version-history":[{"count":3,"href":"https:\/\/grupomontevideo.org\/espo\/wp-json\/wp\/v2\/pages\/830\/revisions"}],"predecessor-version":[{"id":906,"href":"https:\/\/grupomontevideo.org\/espo\/wp-json\/wp\/v2\/pages\/830\/revisions\/906"}],"wp:attachment":[{"href":"https:\/\/grupomontevideo.org\/espo\/wp-json\/wp\/v2\/media?parent=830"}],"curies":[{"name":"wp","href":"https:\/\/api.w.org\/{rel}","templated":true}]}}