{"id":13,"date":"2016-06-21T17:32:30","date_gmt":"2016-06-21T17:32:30","guid":{"rendered":"http:\/\/164.73.108.3\/posgrado\/?page_id=13"},"modified":"2023-06-15T15:18:21","modified_gmt":"2023-06-15T15:18:21","slug":"reglamento","status":"publish","type":"page","link":"https:\/\/grupomontevideo.org\/escalaposgrado\/index.php\/reglamento\/","title":{"rendered":"REGLAMENTO"},"content":{"rendered":"<p>Aprobado en la LXIV Reuni\u00f3n del Consejo de Rectores, Universidad Nacional de Asunci\u00f3n, 25 de octubre de 2013. Modificado en la LXVII Reuni\u00f3n del Consejo de Rectores, Universidad de Santiago de Chile, 28 de abril de 2015; con ajustes aprobados por la Resoluci\u00f3n Nro. 77 del Presidente de la AUGM, de fecha 31 de agosto de 2015. Modificado en la LXVIII Reuni\u00f3n del Consejo de Rectores, Universidad Nacional de Cuyo, 6 de noviembre de 2015.<br \/>\nModificado en la LXXXIII Reuni\u00f3n del Consejo de Rectores, Universidad Federal de Minas Gerais, 6 de junio de 2023.<\/p>\n<p>&nbsp;<\/p>\n<p><strong><a href=\"https:\/\/grupomontevideo.org\/escalaposgrado\/wp-content\/uploads\/2023\/06\/Reglamento-ESCALA-Posgrado-Esp.-06.06.23.pdf\">REGLAMENTO ESPA\u00d1OL<\/a><\/strong><\/p>\n<p><strong><a href=\"https:\/\/grupomontevideo.org\/escalaposgrado\/wp-content\/uploads\/2023\/06\/Regulamento-ESCALA-POSGRADO-Port.-06.06.23.pdf\">REGULAMENTO PORTUGU\u00c9S<\/a><\/strong><\/p>\n","protected":false},"excerpt":{"rendered":"<p>Aprobado en la LXIV Reuni\u00f3n del Consejo de Rectores, Universidad Nacional de Asunci\u00f3n, 25 de octubre de 2013. Modificado en la LXVII Reuni\u00f3n del Consejo de Rectores, Universidad de Santiago de Chile, 28 de abril de 2015; con ajustes aprobados por la Resoluci\u00f3n Nro. 77 del Presidente de la AUGM, de fecha 31 de agosto [&hellip;]<\/p>\n","protected":false},"author":1,"featured_media":0,"parent":0,"menu_order":0,"comment_status":"closed","ping_status":"closed","template":"","meta":{"footnotes":""},"class_list":["post-13","page","type-page","status-publish","hentry"],"_links":{"self":[{"href":"https:\/\/grupomontevideo.org\/escalaposgrado\/index.php\/wp-json\/wp\/v2\/pages\/13","targetHints":{"allow":["GET"]}}],"collection":[{"href":"https:\/\/grupomontevideo.org\/escalaposgrado\/index.php\/wp-json\/wp\/v2\/pages"}],"about":[{"href":"https:\/\/grupomontevideo.org\/escalaposgrado\/index.php\/wp-json\/wp\/v2\/types\/page"}],"author":[{"embeddable":true,"href":"https:\/\/grupomontevideo.org\/escalaposgrado\/index.php\/wp-json\/wp\/v2\/users\/1"}],"replies":[{"embeddable":true,"href":"https:\/\/grupomontevideo.org\/escalaposgrado\/index.php\/wp-json\/wp\/v2\/comments?post=13"}],"version-history":[{"count":8,"href":"https:\/\/grupomontevideo.org\/escalaposgrado\/index.php\/wp-json\/wp\/v2\/pages\/13\/revisions"}],"predecessor-version":[{"id":1037,"href":"https:\/\/grupomontevideo.org\/escalaposgrado\/index.php\/wp-json\/wp\/v2\/pages\/13\/revisions\/1037"}],"wp:attachment":[{"href":"https:\/\/grupomontevideo.org\/escalaposgrado\/index.php\/wp-json\/wp\/v2\/media?parent=13"}],"curies":[{"name":"wp","href":"https:\/\/api.w.org\/{rel}","templated":true}]}}