{"id":16,"date":"2015-12-04T19:36:59","date_gmt":"2015-12-04T19:36:59","guid":{"rendered":"http:\/\/grupomontevideo.org\/ndca\/caagroalimentario\/?page_id=16"},"modified":"2026-04-10T16:57:11","modified_gmt":"2026-04-10T16:57:11","slug":"integrantes","status":"publish","type":"page","link":"https:\/\/grupomontevideo.org\/cp\/cpmediosycomunicacionuniversitaria\/?page_id=16","title":{"rendered":"INTEGRANTES"},"content":{"rendered":"<h3><strong>Coordinaci\u00f3n:<br \/>\n<\/strong>UFRJ &#8211; <span style=\"color: #0000ff;\"><a style=\"color: #0000ff;\" href=\"fernando.salis@eco.ufrj.br\">Fernando Salis<\/a><\/span><br \/>\nUNLP &#8211;<span style=\"color: #0000ff;\"> <a style=\"color: #0000ff;\" href=\"mailto:josefinabolis@gmail.com\">Josefina Bolis<\/a><\/span><br \/>\nUChile &#8211; <span style=\"color: #0000ff;\"><a style=\"color: #0000ff;\" href=\"mailto:mariela.ravanal@uchile.cl\">Mariela Ravanal Ponce<\/a><\/span><br \/>\nSecretar\u00eda Ejecutiva<\/h3>\n<hr \/>\n<h3><strong>ARGENTINA:<\/strong><\/h3>\n<h4><strong>UNC:<\/strong><br \/>\n<span style=\"color: #0000ff;\">Romina Ferrero<\/span><br \/>\n<span style=\"color: #0000ff;\"><a style=\"color: #0000ff;\" href=\"mailto:mbomheker@unc.edu.ar\">Manuel Bombheker<\/a><\/span><\/h4>\n<h4><strong>UNCuyo:<\/strong><br \/>\n<span style=\"color: #0000ff;\"><a style=\"color: #0000ff;\" href=\"mailto:magonzalez@uncu.edu.ar\">Mauricio Gonz\u00e1lez<\/a><\/span><br \/>\n<span style=\"color: #0000ff;\"><a style=\"color: #0000ff;\" href=\"mailto:camadeo@uncu.edu.ar\"><span style=\"color: #0000ff;\">Cecilia Amadeo<\/span><\/a><\/span><\/h4>\n<h4><strong>UNER:<\/strong><br \/>\n<a href=\"mailto:sandra.rivaben@uner.edu.ar\"><span style=\"color: #0000ff;\">Sandra Rivaben<\/span><\/a><br \/>\n<span style=\"color: #0000ff;\"><a style=\"color: #0000ff;\" href=\"mailto:romina.imoberdorff@uner.edu.ar\">Romina Imoberdorff<\/a><\/span><\/h4>\n<h4><strong>UNL:<\/strong><br \/>\n<a href=\"mailto:maria.paz.mendoza@gmail.com\"><span style=\"color: #000080;\">Mar\u00eda Paz Mendoza<\/span><\/a><\/h4>\n<h4><strong>UNLP:<\/strong><br \/>\n<a href=\"mailto:josefinabolis@gmail.com\"><span style=\"color: #0000ff;\">Josefina Bolis<\/span><\/a><br \/>\n<span style=\"color: #0000ff;\"><a style=\"color: #0000ff;\" href=\"mailto:gabrielmorini@gmail.com\">Gabriel Morini<\/a><\/span><\/h4>\n<h4><strong>UNMdP:<\/strong><br \/>\n<a href=\"mailto:afrmdp@gmail.com\"><span style=\"color: #0000ff;\">Alberto Fabi\u00e1n Rodr\u00edguez<\/span><\/a><br \/>\n<span style=\"color: #0000ff;\"><a style=\"color: #0000ff;\" href=\"mailto:magalaverna@yahoo.com.ar\">Marcelo Agust\u00edn Galaverna<\/a><\/span><\/h4>\n<h4><strong>UNNE:<br \/>\n<\/strong><a href=\"mailto:gbissaro@unne.edu.ar\"><span style=\"color: #0000ff;\">Gabriela Bissaro<\/span><\/a><\/h4>\n<h4><strong>UNNOBA:<\/strong><br \/>\n<a href=\"mailto:miroernesto@gmail.com\"><span style=\"color: #0000ff;\">Marcelo Mir\u00f3<\/span><\/a><br \/>\n<span style=\"color: #0000ff;\"><a style=\"color: #0000ff;\" href=\"mailto:leticiasayago@unnoba.edu.ar\">Leticia Sayago<\/a><\/span><\/h4>\n<h4><strong>UNQ:<br \/>\n<span style=\"color: #0000ff;\"><a style=\"color: #0000ff;\" href=\"ngonzalez@unq.edu.ar\">Daniel Gonz\u00e1lez<\/a><\/span><br \/>\n<\/strong><span style=\"color: #0000ff;\"><a style=\"color: #0000ff;\" href=\"mailto:lspinelli@unq.edu.ar\">Leticia Spinelli<\/a><\/span><strong><br \/>\n<\/strong><\/h4>\n<h4><strong>UNR:<\/strong><br \/>\n<a href=\"gonzahgarcia@gmail.com\"><span style=\"color: #0000ff;\">Gonzalo Garc\u00eda<\/span><\/a><\/h4>\n<h4><strong>UNS:<\/strong><br \/>\n<a href=\"mailto:pamarina@criba.edu.ar\"><span style=\"color: #0000ff;\">Pablo Marin\u00e1ngeli<\/span><\/a><\/h4>\n<h4><strong>UNSAdA<\/strong><br \/>\n<span style=\"color: #0000ff;\"><a style=\"color: #0000ff;\" href=\"andres.mazzeo@unsada.edu.ar\">Andr\u00e9s Mazzeo<\/a><\/span><\/h4>\n<h4><strong>UNSL:<br \/>\n<\/strong><a href=\"mailto:claudio.t.lobo@gmail.com\"><span style=\"color: #0000ff;\">Claudio Lobo<\/span><\/a><\/h4>\n<h4><strong>UNT:<br \/>\n<\/strong><a href=\"mailto:arturosassi@yahoo.com.ar\"><span style=\"color: #0000ff;\">Arturo Sassi<\/span><\/a><strong><br \/>\n<\/strong><\/h4>\n<h4><strong>\u00a0<\/strong><\/h4>\n<h4><strong>BOLIVIA:<\/strong><\/h4>\n<h4><strong>UMSA:<\/strong><br \/>\n<span style=\"color: #0000ff;\"><a style=\"color: #0000ff;\" href=\"mailto:semperteguiluis@hotmail.com\">Luis Sempertegui Miranda<\/a><\/span><\/h4>\n<h4><strong>UMSS:<\/strong><br \/>\n<span style=\"color: #0000ff;\"><a style=\"color: #0000ff;\" href=\"j.flores@umss.edu\">Jorge Luis Flores Chavarr\u00eda<\/a><\/span><br \/>\n<span style=\"color: #0000ff;\"><a style=\"color: #0000ff;\" href=\"l.panozo@umss.edu\">Lorgio Panozo Moreira<\/a><\/span><\/h4>\n<h4><strong>USFX:<\/strong><br \/>\n<a href=\"mailto:devimariel@gmail.com\"><span style=\"color: #0000ff;\">Devi Mariel Ach\u00e1 Macias<\/span><\/a><\/h4>\n<h3><strong><br \/>\nBRASIL:<\/strong><\/h3>\n<h4><strong>UFABC:<br \/>\n<\/strong><a href=\"mailto:mariella.mian@ufabc.edu.br\"><span style=\"color: #0000ff;\">Mariella Mian<\/span><\/a><br \/>\n<span style=\"color: #0000ff;\"><a style=\"color: #0000ff;\" href=\"mailto:g.maruno@ufabc.edu.br\">Gabriela Maruno<\/a><\/span><\/h4>\n<h4><strong>UFG:<br \/>\n<\/strong><a href=\"mailto:salvio@ufg.br\"><span style=\"color: #0000ff;\">Salvio Peixoto Farias<\/span><\/a><br \/>\n<span style=\"color: #0000ff;\"><a style=\"color: #0000ff;\" href=\"mailto:pablolisboa@ufg.br\">Pablo Fabi\u00e3o Lisboa<\/a><\/span><strong><br \/>\n<\/strong><\/h4>\n<h4><strong>UFMG:<\/strong><br \/>\n<span style=\"color: #0000ff;\"><a style=\"color: #0000ff;\" href=\"mailto:fabialima@gmail.com;dir@cedecom.ufmg.br\">F\u00e1bia Lima<\/a><\/span><\/h4>\n<h4><strong>UFPel<\/strong><br \/>\n<span style=\"color: #0000ff;\"><a style=\"color: #0000ff;\" href=\"ana.bandeira@ufpel.edu.br\">Ana da Rosa Bandeira<\/a><\/span><\/h4>\n<h4><span style=\"color: #000000;\"><strong>UFRJ:<\/strong><\/span><br \/>\n<a href=\"fernando.salis@eco.ufrj.br\"><span style=\"color: #0000ff;\">Fernando Salis<\/span><\/a><\/h4>\n<h4><strong>UFRN<\/strong><br \/>\n<span style=\"color: #0000ff;\"><a style=\"color: #0000ff;\" href=\"sebastiao.faustino@ufrn.br\">Sebastian Faustino Pereira<\/a><\/span><\/h4>\n<h4><strong>UFSM:<\/strong><br \/>\n<span style=\"color: #0000ff;\"><a style=\"color: #0000ff;\" href=\"mailto:elimortari@gmail.com\">Elis\u00e2ngela Mortari<\/a><\/span><br \/>\n<span style=\"color: #0000ff;\"><a style=\"color: #0000ff;\" href=\"mailto:Liliane lilianedb@yahoo.com.br\">Liliane Dutra Brignol<\/a><\/span><\/h4>\n<h4><strong>UNICAMP:<\/strong><br \/>\n<span style=\"color: #0000ff;\"><a style=\"color: #0000ff;\" href=\"mailto:gabriela.villen@reitoria.unicamp.br\">Gabriela Villen<\/a><\/span><br \/>\n<span style=\"color: #0000ff;\">Claudio Moreira Alves<\/span><\/h4>\n<h4><strong>UNIFESP:<br \/>\n<\/strong><span style=\"color: #0000ff;\"><a style=\"color: #0000ff;\" href=\"fabricio.leonardi@unifesp.br\">Fabricio Leonardi<\/a><\/span><\/h4>\n<h4><strong>UNILA:<br \/>\n<\/strong><span style=\"color: #0000ff;\"><a style=\"color: #0000ff;\" href=\"mailto:michele.dacas@unila.edu.br\">Michele Dacas<\/a><\/span><\/h4>\n<h4><strong>USP:<\/strong><br \/>\n<a href=\"mailto:gccs@usp.br\"><span style=\"color: #0000ff;\">Wanderley Messias da Costa<\/span><br \/>\n<\/a><\/h4>\n<h3><\/h3>\n<h3><strong>CHILE:<\/strong><\/h3>\n<h4><strong>USACH:<\/strong><br \/>\n<span style=\"color: #0000ff;\"><a style=\"color: #0000ff;\" href=\"mailto:belen.pellegrini@usach.cl\">Belen Pellegrini<\/a><\/span><\/h4>\n<h4><strong>UCHILE<\/strong><br \/>\n<span style=\"color: #0000ff;\"><a style=\"color: #0000ff;\" href=\"mariela.ravanal@uchile.cl\">Mariela Ravanal Ponce<\/a><\/span><\/h4>\n<h3><\/h3>\n<h3><strong>PARAGUAY:<\/strong><\/h3>\n<h4><strong>UNA:<br \/>\n<\/strong><span style=\"color: #0000ff;\"><a style=\"color: #0000ff;\" href=\"mailto:lidu.vega@pol.una.py\">Liduvina Marina Vega de Urizar<\/a><\/span><br \/>\n<span style=\"color: #0000ff;\"><a style=\"color: #0000ff;\" href=\"mailto:dric@rec.una.py;victoria.ramirez@rec.una.py\">Mar\u00eda Victoria Ram\u00edrez Jou<\/a><\/span><\/h4>\n<h4><strong>UNE:<\/strong><br \/>\n<a href=\"mailto:lily24cde@hotmail.com\"><span style=\"color: #0000ff;\">Liliana Mariel Mart\u00ednez<\/span><\/a><\/h4>\n<h3><strong><br \/>\nURUGUAY:<\/strong><\/h3>\n<h4>Udelar:<br \/>\n<span style=\"color: #0000ff;\">Federico Barreto<\/span><br \/>\n<span style=\"color: #0000ff;\"><a style=\"color: #0000ff;\" href=\"sabrina.martinez@udelar.edu.uy\">Sabrina Mart\u00ednez<\/a><\/span><br \/>\n<span style=\"color: #0000ff;\"><a style=\"color: #0000ff;\" href=\"http:\/\/federico.barreto@udelar.edu.uy; beltramelli@gmail.com\">Federico Beltramelli<\/a><\/span><\/h4>\n<p>&nbsp;<\/p>\n<p>&nbsp;<\/p>\n<p>&nbsp;<\/p>\n<p>&nbsp;<\/p>\n","protected":false},"excerpt":{"rendered":"<p>Coordinaci\u00f3n: UFRJ &#8211; Fernando Salis UNLP &#8211; Josefina Bolis UChile &#8211; Mariela Ravanal Ponce Secretar\u00eda Ejecutiva ARGENTINA: UNC: Romina Ferrero Manuel Bombheker UNCuyo: Mauricio Gonz\u00e1lez&#8230;<\/p>\n","protected":false},"author":1,"featured_media":0,"parent":0,"menu_order":0,"comment_status":"closed","ping_status":"closed","template":"","meta":{"footnotes":""},"class_list":["post-16","page","type-page","status-publish","hentry"],"_links":{"self":[{"href":"https:\/\/grupomontevideo.org\/cp\/cpmediosycomunicacionuniversitaria\/index.php?rest_route=\/wp\/v2\/pages\/16","targetHints":{"allow":["GET"]}}],"collection":[{"href":"https:\/\/grupomontevideo.org\/cp\/cpmediosycomunicacionuniversitaria\/index.php?rest_route=\/wp\/v2\/pages"}],"about":[{"href":"https:\/\/grupomontevideo.org\/cp\/cpmediosycomunicacionuniversitaria\/index.php?rest_route=\/wp\/v2\/types\/page"}],"author":[{"embeddable":true,"href":"https:\/\/grupomontevideo.org\/cp\/cpmediosycomunicacionuniversitaria\/index.php?rest_route=\/wp\/v2\/users\/1"}],"replies":[{"embeddable":true,"href":"https:\/\/grupomontevideo.org\/cp\/cpmediosycomunicacionuniversitaria\/index.php?rest_route=%2Fwp%2Fv2%2Fcomments&post=16"}],"version-history":[{"count":115,"href":"https:\/\/grupomontevideo.org\/cp\/cpmediosycomunicacionuniversitaria\/index.php?rest_route=\/wp\/v2\/pages\/16\/revisions"}],"predecessor-version":[{"id":530,"href":"https:\/\/grupomontevideo.org\/cp\/cpmediosycomunicacionuniversitaria\/index.php?rest_route=\/wp\/v2\/pages\/16\/revisions\/530"}],"wp:attachment":[{"href":"https:\/\/grupomontevideo.org\/cp\/cpmediosycomunicacionuniversitaria\/index.php?rest_route=%2Fwp%2Fv2%2Fmedia&parent=16"}],"curies":[{"name":"wp","href":"https:\/\/api.w.org\/{rel}","templated":true}]}}

<h3><strong>Coordinación:<br />
</strong>UFRJ &#8211; <span style="color: #0000ff;"><a style="color: #0000ff;" href="fernando.salis@eco.ufrj.br">Fernando Salis</a></span><br />
UNLP &#8211;<span style="color: #0000ff;"> <a style="color: #0000ff;" href="mailto:josefinabolis@gmail.com">Josefina Bolis</a></span><br />
UChile &#8211; <span style="color: #0000ff;"><a style="color: #0000ff;" href="mailto:mariela.ravanal@uchile.cl">Mariela Ravanal Ponce</a></span><br />
Secretaría Ejecutiva</h3>
<hr />
<h3><strong>ARGENTINA:</strong></h3>
<h4><strong>UNC:</strong><br />
<span style="color: #0000ff;">Romina Ferrero</span><br />
<span style="color: #0000ff;"><a style="color: #0000ff;" href="mailto:mbomheker@unc.edu.ar">Manuel Bombheker</a></span></h4>
<h4><strong>UNCuyo:</strong><br />
<span style="color: #0000ff;"><a style="color: #0000ff;" href="mailto:magonzalez@uncu.edu.ar">Mauricio González</a></span><br />
<span style="color: #0000ff;"><a style="color: #0000ff;" href="mailto:camadeo@uncu.edu.ar"><span style="color: #0000ff;">Cecilia Amadeo</span></a></span></h4>
<h4><strong>UNER:</strong><br />
<a href="mailto:sandra.rivaben@uner.edu.ar"><span style="color: #0000ff;">Sandra Rivaben</span></a><br />
<span style="color: #0000ff;"><a style="color: #0000ff;" href="mailto:romina.imoberdorff@uner.edu.ar">Romina Imoberdorff</a></span></h4>
<h4><strong>UNL:</strong><br />
<a href="mailto:maria.paz.mendoza@gmail.com"><span style="color: #000080;">María Paz Mendoza</span></a></h4>
<h4><strong>UNLP:</strong><br />
<a href="mailto:josefinabolis@gmail.com"><span style="color: #0000ff;">Josefina Bolis</span></a><br />
<span style="color: #0000ff;"><a style="color: #0000ff;" href="mailto:gabrielmorini@gmail.com">Gabriel Morini</a></span></h4>
<h4><strong>UNMdP:</strong><br />
<a href="mailto:afrmdp@gmail.com"><span style="color: #0000ff;">Alberto Fabián Rodríguez</span></a><br />
<span style="color: #0000ff;"><a style="color: #0000ff;" href="mailto:magalaverna@yahoo.com.ar">Marcelo Agustín Galaverna</a></span></h4>
<h4><strong>UNNE:<br />
</strong><a href="mailto:gbissaro@unne.edu.ar"><span style="color: #0000ff;">Gabriela Bissaro</span></a></h4>
<h4><strong>UNNOBA:</strong><br />
<a href="mailto:miroernesto@gmail.com"><span style="color: #0000ff;">Marcelo Miró</span></a><br />
<span style="color: #0000ff;"><a style="color: #0000ff;" href="mailto:leticiasayago@unnoba.edu.ar">Leticia Sayago</a></span></h4>
<h4><strong>UNQ:<br />
<span style="color: #0000ff;"><a style="color: #0000ff;" href="ngonzalez@unq.edu.ar">Daniel González</a></span><br />
</strong><span style="color: #0000ff;"><a style="color: #0000ff;" href="mailto:lspinelli@unq.edu.ar">Leticia Spinelli</a></span><strong><br />
</strong></h4>
<h4><strong>UNR:</strong><br />
<a href="gonzahgarcia@gmail.com"><span style="color: #0000ff;">Gonzalo García</span></a></h4>
<h4><strong>UNS:</strong><br />
<a href="mailto:pamarina@criba.edu.ar"><span style="color: #0000ff;">Pablo Marinángeli</span></a></h4>
<h4><strong>UNSAdA</strong><br />
<span style="color: #0000ff;"><a style="color: #0000ff;" href="andres.mazzeo@unsada.edu.ar">Andrés Mazzeo</a></span></h4>
<h4><strong>UNSL:<br />
</strong><a href="mailto:claudio.t.lobo@gmail.com"><span style="color: #0000ff;">Claudio Lobo</span></a></h4>
<h4><strong>UNT:<br />
</strong><a href="mailto:arturosassi@yahoo.com.ar"><span style="color: #0000ff;">Arturo Sassi</span></a><strong><br />
</strong></h4>
<h4><strong> </strong></h4>
<h4><strong>BOLIVIA:</strong></h4>
<h4><strong>UMSA:</strong><br />
<span style="color: #0000ff;"><a style="color: #0000ff;" href="mailto:semperteguiluis@hotmail.com">Luis Sempertegui Miranda</a></span></h4>
<h4><strong>UMSS:</strong><br />
<span style="color: #0000ff;"><a style="color: #0000ff;" href="j.flores@umss.edu">Jorge Luis Flores Chavarría</a></span><br />
<span style="color: #0000ff;"><a style="color: #0000ff;" href="l.panozo@umss.edu">Lorgio Panozo Moreira</a></span></h4>
<h4><strong>USFX:</strong><br />
<a href="mailto:devimariel@gmail.com"><span style="color: #0000ff;">Devi Mariel Achá Macias</span></a></h4>
<h3><strong><br />
BRASIL:</strong></h3>
<h4><strong>UFABC:<br />
</strong><a href="mailto:mariella.mian@ufabc.edu.br"><span style="color: #0000ff;">Mariella Mian</span></a><br />
<span style="color: #0000ff;"><a style="color: #0000ff;" href="mailto:g.maruno@ufabc.edu.br">Gabriela Maruno</a></span></h4>
<h4><strong>UFG:<br />
</strong><a href="mailto:salvio@ufg.br"><span style="color: #0000ff;">Salvio Peixoto Farias</span></a><br />
<span style="color: #0000ff;"><a style="color: #0000ff;" href="mailto:pablolisboa@ufg.br">Pablo Fabião Lisboa</a></span><strong><br />
</strong></h4>
<h4><strong>UFMG:</strong><br />
<span style="color: #0000ff;"><a style="color: #0000ff;" href="mailto:fabialima@gmail.com;dir@cedecom.ufmg.br">Fábia Lima</a></span></h4>
<h4><strong>UFPel</strong><br />
<span style="color: #0000ff;"><a style="color: #0000ff;" href="ana.bandeira@ufpel.edu.br">Ana da Rosa Bandeira</a></span></h4>
<h4><span style="color: #000000;"><strong>UFRJ:</strong></span><br />
<a href="fernando.salis@eco.ufrj.br"><span style="color: #0000ff;">Fernando Salis</span></a></h4>
<h4><strong>UFRN</strong><br />
<span style="color: #0000ff;"><a style="color: #0000ff;" href="sebastiao.faustino@ufrn.br">Sebastian Faustino Pereira</a></span></h4>
<h4><strong>UFSM:</strong><br />
<span style="color: #0000ff;"><a style="color: #0000ff;" href="mailto:elimortari@gmail.com">Elisângela Mortari</a></span><br />
<span style="color: #0000ff;"><a style="color: #0000ff;" href="mailto:Liliane lilianedb@yahoo.com.br">Liliane Dutra Brignol</a></span></h4>
<h4><strong>UNICAMP:</strong><br />
<span style="color: #0000ff;"><a style="color: #0000ff;" href="mailto:gabriela.villen@reitoria.unicamp.br">Gabriela Villen</a></span><br />
<span style="color: #0000ff;">Claudio Moreira Alves</span></h4>
<h4><strong>UNIFESP:<br />
</strong><span style="color: #0000ff;"><a style="color: #0000ff;" href="fabricio.leonardi@unifesp.br">Fabricio Leonardi</a></span></h4>
<h4><strong>UNILA:<br />
</strong><span style="color: #0000ff;"><a style="color: #0000ff;" href="mailto:michele.dacas@unila.edu.br">Michele Dacas</a></span></h4>
<h4><strong>USP:</strong><br />
<a href="mailto:gccs@usp.br"><span style="color: #0000ff;">Wanderley Messias da Costa</span><br />
</a></h4>
<h3></h3>
<h3><strong>CHILE:</strong></h3>
<h4><strong>USACH:</strong><br />
<span style="color: #0000ff;"><a style="color: #0000ff;" href="mailto:belen.pellegrini@usach.cl">Belen Pellegrini</a></span></h4>
<h4><strong>UCHILE</strong><br />
<span style="color: #0000ff;"><a style="color: #0000ff;" href="mariela.ravanal@uchile.cl">Mariela Ravanal Ponce</a></span></h4>
<h3></h3>
<h3><strong>PARAGUAY:</strong></h3>
<h4><strong>UNA:<br />
</strong><span style="color: #0000ff;"><a style="color: #0000ff;" href="mailto:lidu.vega@pol.una.py">Liduvina Marina Vega de Urizar</a></span><br />
<span style="color: #0000ff;"><a style="color: #0000ff;" href="mailto:dric@rec.una.py;victoria.ramirez@rec.una.py">María Victoria Ramírez Jou</a></span></h4>
<h4><strong>UNE:</strong><br />
<a href="mailto:lily24cde@hotmail.com"><span style="color: #0000ff;">Liliana Mariel Martínez</span></a></h4>
<h3><strong><br />
URUGUAY:</strong></h3>
<h4>Udelar:<br />
<span style="color: #0000ff;">Federico Barreto</span><br />
<span style="color: #0000ff;"><a style="color: #0000ff;" href="sabrina.martinez@udelar.edu.uy">Sabrina Martínez</a></span><br />
<span style="color: #0000ff;"><a style="color: #0000ff;" href="http://federico.barreto@udelar.edu.uy; beltramelli@gmail.com">Federico Beltramelli</a></span></h4>
<p>&nbsp;</p>
<p>&nbsp;</p>
<p>&nbsp;</p>
<p>&nbsp;</p>

<p>Coordinación: UFRJ &#8211; Fernando Salis UNLP &#8211; Josefina Bolis UChile &#8211; Mariela Ravanal Ponce Secretaría Ejecutiva ARGENTINA: UNC: Romina Ferrero Manuel Bombheker UNCuyo: Mauricio González&#8230;</p>
