{"id":14,"date":"2015-12-04T19:36:50","date_gmt":"2015-12-04T19:36:50","guid":{"rendered":"http:\/\/grupomontevideo.org\/ndca\/caagroalimentario\/?page_id=14"},"modified":"2023-08-17T16:12:27","modified_gmt":"2023-08-17T16:12:27","slug":"actas-de-reunion","status":"publish","type":"page","link":"https:\/\/grupomontevideo.org\/cp\/cpextensionuniversitaria\/?page_id=14","title":{"rendered":"ACTAS DE REUNI\u00d3N"},"content":{"rendered":"<p><a href=\"https:\/\/grupomontevideo.org\/cp\/cpextensionuniversitaria\/wp-content\/uploads\/2023\/08\/ACTA.CP-Extension.-30.06.2023.pdf\">2023 junio 30<\/a><br \/>\n<a href=\"https:\/\/grupomontevideo.org\/cp\/cpextensionuniversitaria\/wp-content\/uploads\/2023\/06\/ACTA.CP-EXTENSION.-2-y-3-de-noviembre-de-2022.-UNER.pdf\">2022 noviembre 2 y 3<\/a><br \/>\n<a href=\"https:\/\/grupomontevideo.org\/cp\/cpextensionuniversitaria\/wp-content\/uploads\/2022\/10\/ACTA.CP-EXTENSION.-7-y-8-de-julio-de-2022.-UPLA.pdf\">2022 julio 7 y 8<\/a><br \/>\n<a href=\"https:\/\/grupomontevideo.org\/cp\/cpextensionuniversitaria\/wp-content\/uploads\/2021\/08\/Acta.-CP-de-Extension.-19.7.2021.pdf\">2021 julio 19<\/a><br \/>\n<a href=\"https:\/\/grupomontevideo.org\/cp\/cpextensionuniversitaria\/wp-content\/uploads\/2021\/06\/Acta.-CP-de-Extension.-26.5.2021.pdf\">2021 mayo 26<\/a><br \/>\n<a href=\"https:\/\/grupomontevideo.org\/cp\/cpextensionuniversitaria\/wp-content\/uploads\/2021\/05\/ACTA-CP-Extension.-24-Marzo-2021.pdf\">2021 marzo 24<\/a><br \/>\n<a href=\"https:\/\/grupomontevideo.org\/cp\/cpextensionuniversitaria\/wp-content\/uploads\/2020\/12\/Acta.-CP-Extension.-30-noviembre-2020.pdf\">2020 noviembre 30<\/a><br \/>\n<a href=\"https:\/\/grupomontevideo.org\/cp\/cpextensionuniversitaria\/wp-content\/uploads\/2020\/10\/ACTA-CP-Extension.-31-Agosto-2020.pdf\">2020 agosto 31<\/a><br \/>\n<a href=\"https:\/\/grupomontevideo.org\/cp\/cpextensionuniversitaria\/wp-content\/uploads\/2020\/05\/CP-DE-EXTENSI\u00d3N.-Reuni\u00f3n-Virtual.-Acta.pdf\">2020 abril 30<\/a><br \/>\n<a href=\"https:\/\/grupomontevideo.org\/cp\/cpextensionuniversitaria\/wp-content\/uploads\/2019\/06\/Acta-CP-Extensi\u00f3n-2019-mayo-Brasilia.pdf\">2019 mayo 27<\/a><br \/>\n<a href=\"https:\/\/grupomontevideo.org\/cp\/cpextensionuniversitaria\/wp-content\/uploads\/2019\/04\/acta-Comisi\u00f3n-Permanente-de-Extensi\u00f3n-IIreuni\u00f3n-2018.pdf\">2018 noviembre 13<\/a><br \/>\n<a href=\"https:\/\/grupomontevideo.org\/cp\/cpextensionuniversitaria\/wp-content\/uploads\/2018\/05\/Acta-CP-Extensi\u00f3n-2018-Abril.pdf\" target=\"_blank\" rel=\"noopener noreferrer\">2018 abril 23<\/a><br \/>\n<a href=\"https:\/\/grupomontevideo.org\/cp\/cpextensionuniversitaria\/wp-content\/uploads\/2015\/12\/ACTA-CP-EXTENSION-SETIEMBRE-2017.pdf\" target=\"_blank\" rel=\"noopener noreferrer\">2017 setiembre 9<\/a><a href=\"https:\/\/grupomontevideo.org\/cp\/cpextensionuniversitaria\/wp-content\/uploads\/2015\/12\/Acta.-CP-de-Extensi\u00f3n.-Abril-2017..pdf\" target=\"_blank\" rel=\"noopener noreferrer\"><br \/>\n2017 abril 10-11<\/a><a href=\"https:\/\/grupomontevideo.org\/cp\/cpextensionuniversitaria\/wp-content\/uploads\/2015\/12\/CP-Extensi\u00f3n.-Acta-UPLA.Noviembre-2016.pdf\" target=\"_blank\" rel=\"noopener noreferrer\"><br \/>\n2016 noviembre 10<\/a><a href=\"https:\/\/grupomontevideo.org\/cp\/cpextensionuniversitaria\/wp-content\/uploads\/2015\/12\/Dist.-17.4.-ACTA.-CP-EXTENSION-UNIVERSITARIA.-UFMG.pdf\" target=\"_blank\" rel=\"noopener noreferrer\"><br \/>\n2016 abril 15<\/a><br \/>\n<a href=\"https:\/\/grupomontevideo.org\/cp\/cpextensionuniversitaria\/wp-content\/uploads\/2015\/12\/Acta-CP-Extensi\u00f3n-2015-Octubre-11.pdf\">2015 octubre 11<\/a><br \/>\n<a href=\"https:\/\/grupomontevideo.org\/cp\/cpextensionuniversitaria\/wp-content\/uploads\/2015\/12\/Acta-CP-Extensi\u00f3n-2015-Mayo.pdf\">2015 mayo 25-26<\/a><br \/>\n<a href=\"https:\/\/grupomontevideo.org\/cp\/cpextensionuniversitaria\/wp-content\/uploads\/2015\/12\/Acta-CP-Extensi\u00f3n-2014-setiembre.pdf\">2014 setiembre 18<\/a><br \/>\n<a href=\"https:\/\/grupomontevideo.org\/cp\/cpextensionuniversitaria\/wp-content\/uploads\/2015\/12\/Acta-CP-Extensi\u00f3n-2013-Noviembre.pdf\">2013 noviembre 6<\/a><br \/>\n<a href=\"https:\/\/grupomontevideo.org\/cp\/cpextensionuniversitaria\/wp-content\/uploads\/2015\/12\/Acta-CP-Extension-2012-junio.pdf\">2012 junio 28-29<\/a><br \/>\n<a href=\"https:\/\/grupomontevideo.org\/cp\/cpextensionuniversitaria\/wp-content\/uploads\/2015\/12\/Acta-CP-Extension-2012-Abril.pdf\">2012 abril 17-18<\/a><br \/>\n<a href=\"https:\/\/grupomontevideo.org\/cp\/cpextensionuniversitaria\/wp-content\/uploads\/2015\/12\/Acta-CP-Extension-2011-noviembre.pdf\">2011 noviembre 23<\/a><br \/>\n<a href=\"https:\/\/grupomontevideo.org\/cp\/cpextensionuniversitaria\/wp-content\/uploads\/2015\/12\/ACta-CA-Extension-2010-agosto-4-y-5.pdf\">2010 agosto 4-5<\/a><\/p>\n<p>&nbsp;<\/p>\n<p>&nbsp;<\/p>\n","protected":false},"excerpt":{"rendered":"<p>2023 junio 30 2022 noviembre 2 y 3 2022 julio 7 y 8 2021 julio 19 2021 mayo 26 2021 marzo 24 2020 noviembre 30&#8230;<\/p>\n","protected":false},"author":1,"featured_media":0,"parent":0,"menu_order":0,"comment_status":"closed","ping_status":"closed","template":"","meta":{"footnotes":""},"class_list":["post-14","page","type-page","status-publish","hentry"],"_links":{"self":[{"href":"https:\/\/grupomontevideo.org\/cp\/cpextensionuniversitaria\/index.php?rest_route=\/wp\/v2\/pages\/14","targetHints":{"allow":["GET"]}}],"collection":[{"href":"https:\/\/grupomontevideo.org\/cp\/cpextensionuniversitaria\/index.php?rest_route=\/wp\/v2\/pages"}],"about":[{"href":"https:\/\/grupomontevideo.org\/cp\/cpextensionuniversitaria\/index.php?rest_route=\/wp\/v2\/types\/page"}],"author":[{"embeddable":true,"href":"https:\/\/grupomontevideo.org\/cp\/cpextensionuniversitaria\/index.php?rest_route=\/wp\/v2\/users\/1"}],"replies":[{"embeddable":true,"href":"https:\/\/grupomontevideo.org\/cp\/cpextensionuniversitaria\/index.php?rest_route=%2Fwp%2Fv2%2Fcomments&post=14"}],"version-history":[{"count":28,"href":"https:\/\/grupomontevideo.org\/cp\/cpextensionuniversitaria\/index.php?rest_route=\/wp\/v2\/pages\/14\/revisions"}],"predecessor-version":[{"id":524,"href":"https:\/\/grupomontevideo.org\/cp\/cpextensionuniversitaria\/index.php?rest_route=\/wp\/v2\/pages\/14\/revisions\/524"}],"wp:attachment":[{"href":"https:\/\/grupomontevideo.org\/cp\/cpextensionuniversitaria\/index.php?rest_route=%2Fwp%2Fv2%2Fmedia&parent=14"}],"curies":[{"name":"wp","href":"https:\/\/api.w.org\/{rel}","templated":true}]}}