{"id":259,"date":"2020-10-21T11:11:11","date_gmt":"2020-10-21T11:11:11","guid":{"rendered":"http:\/\/grupomontevideo.org\/cp\/cpcatedraderechoshumanos\/?page_id=259"},"modified":"2022-09-05T16:32:04","modified_gmt":"2022-09-05T16:32:04","slug":"actividades","status":"publish","type":"page","link":"https:\/\/grupomontevideo.org\/cp\/cpcatedraguarani\/?page_id=259","title":{"rendered":"ACTIVIDADES"},"content":{"rendered":"<div class=\"gmail_default\">En la fecha 5 de septiembre 2022 se realiz\u00f3 la tercera Reuni\u00f3n del Consejo Acad\u00e9mico de la C\u00e1tedra Guaran\u00ed.<\/div>\n<div><\/div>\n<div class=\"gmail_default\">El pr\u00f3ximo 12 de septiembre se realizar\u00e1 la reuni\u00f3n con todos los integrantes de la C\u00e1tedra. (<a href=\"https:\/\/grupomontevideo.org\/cp\/cpcatedraguarani\/wp-content\/uploads\/2022\/09\/Agenda-Reunion_Integrantes.pdf\">ver agenda<\/a>)<\/div>\n<div><\/div>\n<div class=\"gmail_default\">El pr\u00f3ximo 26 de septiembre se dar\u00e1 inicio al Curso de Guaran\u00ed con m\u00e1s de 140 inscriptos de varios pa\u00edses.<\/div>\n<div><\/div>\n<div>\n<hr \/>\n<\/div>\n<p><strong>Ver Informe <a href=\"https:\/\/grupomontevideo.org\/cp\/cpcatedraguarani\/wp-content\/uploads\/2021\/12\/Informe_Catedra-Guarani-2021.pdf\">Resumen de Actividades 2021<\/a><\/strong><\/p>\n<hr \/>\n<p>&nbsp;<\/p>\n<p><strong>Primera Reuni\u00f3n de la C\u00e1tedra Guaran\u00ed de AUGM<\/strong><\/p>\n<p><img loading=\"lazy\" decoding=\"async\" class=\"wp-image-299 aligncenter\" src=\"https:\/\/grupomontevideo.org\/cp\/cpcatedraguarani\/wp-content\/uploads\/2021\/02\/20210223_145558_0000.png\" alt=\"\" width=\"565\" height=\"318\" \/><\/p>\n<p>En el marco de celebraciones del D\u00eda Internacional de la Lengua Materna se realiz\u00f3 el d\u00eda <strong>Jueves 25 de Febrero de 2021<\/strong>, a las 08:45hs<\/p>\n<p>Ver <a href=\"https:\/\/grupomontevideo.org\/cp\/cpcatedraguarani\/wp-content\/uploads\/2021\/02\/Programa-CATEDRA-GUANI.png\">programa<\/a><\/p>\n<p>&nbsp;<\/p>\n","protected":false},"excerpt":{"rendered":"<p>En la fecha 5 de septiembre 2022 se realiz\u00f3 la tercera Reuni\u00f3n del Consejo Acad\u00e9mico de la C\u00e1tedra Guaran\u00ed. El pr\u00f3ximo 12 de septiembre se&#8230;<\/p>\n","protected":false},"author":1,"featured_media":0,"parent":0,"menu_order":0,"comment_status":"closed","ping_status":"closed","template":"","meta":{"footnotes":""},"class_list":["post-259","page","type-page","status-publish","hentry"],"_links":{"self":[{"href":"https:\/\/grupomontevideo.org\/cp\/cpcatedraguarani\/index.php?rest_route=\/wp\/v2\/pages\/259","targetHints":{"allow":["GET"]}}],"collection":[{"href":"https:\/\/grupomontevideo.org\/cp\/cpcatedraguarani\/index.php?rest_route=\/wp\/v2\/pages"}],"about":[{"href":"https:\/\/grupomontevideo.org\/cp\/cpcatedraguarani\/index.php?rest_route=\/wp\/v2\/types\/page"}],"author":[{"embeddable":true,"href":"https:\/\/grupomontevideo.org\/cp\/cpcatedraguarani\/index.php?rest_route=\/wp\/v2\/users\/1"}],"replies":[{"embeddable":true,"href":"https:\/\/grupomontevideo.org\/cp\/cpcatedraguarani\/index.php?rest_route=%2Fwp%2Fv2%2Fcomments&post=259"}],"version-history":[{"count":18,"href":"https:\/\/grupomontevideo.org\/cp\/cpcatedraguarani\/index.php?rest_route=\/wp\/v2\/pages\/259\/revisions"}],"predecessor-version":[{"id":396,"href":"https:\/\/grupomontevideo.org\/cp\/cpcatedraguarani\/index.php?rest_route=\/wp\/v2\/pages\/259\/revisions\/396"}],"wp:attachment":[{"href":"https:\/\/grupomontevideo.org\/cp\/cpcatedraguarani\/index.php?rest_route=%2Fwp%2Fv2%2Fmedia&parent=259"}],"curies":[{"name":"wp","href":"https:\/\/api.w.org\/{rel}","templated":true}]}}

<div class="gmail_default">En la fecha 5 de septiembre 2022 se realizó la tercera Reunión del Consejo Académico de la Cátedra Guaraní.</div>
<div></div>
<div class="gmail_default">El próximo 12 de septiembre se realizará la reunión con todos los integrantes de la Cátedra. (<a href="https://grupomontevideo.org/cp/cpcatedraguarani/wp-content/uploads/2022/09/Agenda-Reunion_Integrantes.pdf">ver agenda</a>)</div>
<div></div>
<div class="gmail_default">El próximo 26 de septiembre se dará inicio al Curso de Guaraní con más de 140 inscriptos de varios países.</div>
<div></div>
<div>
<hr />
</div>
<p><strong>Ver Informe <a href="https://grupomontevideo.org/cp/cpcatedraguarani/wp-content/uploads/2021/12/Informe_Catedra-Guarani-2021.pdf">Resumen de Actividades 2021</a></strong></p>
<hr />
<p>&nbsp;</p>
<p><strong>Primera Reunión de la Cátedra Guaraní de AUGM</strong></p>
<p><img loading="lazy" decoding="async" class="wp-image-299 aligncenter" src="https://grupomontevideo.org/cp/cpcatedraguarani/wp-content/uploads/2021/02/20210223_145558_0000.png" alt="" width="565" height="318" /></p>
<p>En el marco de celebraciones del Día Internacional de la Lengua Materna se realizó el día <strong>Jueves 25 de Febrero de 2021</strong>, a las 08:45hs</p>
<p>Ver <a href="https://grupomontevideo.org/cp/cpcatedraguarani/wp-content/uploads/2021/02/Programa-CATEDRA-GUANI.png">programa</a></p>
<p>&nbsp;</p>

<p>En la fecha 5 de septiembre 2022 se realizó la tercera Reunión del Consejo Académico de la Cátedra Guaraní. El próximo 12 de septiembre se&#8230;</p>
